{"id":962,"date":"2012-05-27T14:25:06","date_gmt":"2012-05-27T13:25:06","guid":{"rendered":"http:\/\/flieg.fr\/?page_id=962"},"modified":"2023-03-21T11:17:23","modified_gmt":"2023-03-21T10:17:23","slug":"jour-61-etape-57-de-carrion-de-los-condes-a-calzadilla-de-la-cueza-168-km-dimanche-27-mai","status":"publish","type":"page","link":"https:\/\/www.flieg.fr\/?page_id=962","title":{"rendered":"jour 61 \u00e9tape 57 : de Carrion de los Condes \u00e0 Calzadilla de la Cueza : 16,8 km Dimanche 27 Mai"},"content":{"rendered":"<p>dimanche 27 Mai 2012<\/p>\n<p>Pentec\u00f4te : pour nous ce sera sans pente ni c\u00f4te, mais avec flamme.<\/p>\n<p>Les photos des jours 53 a 59 sont enfin charg\u00e9es!<\/p>\n<p>Le guide nous avait pr\u00e9venus: \u00e9tape longue et monotone m\u00eame si elle ne fait que 16,8 km. Et en effet, il n&rsquo;y a rien que le chemin sur toute la distance. Pas \u00e2me qui vive, sauf quelques p\u00e8lerins.<\/p>\n<p><a href=\"http:\/\/flieg.fr\/wordpress\/wp-content\/uploads\/2012\/05\/P5271002.jpg\"><img loading=\"lazy\" decoding=\"async\" class=\"alignnone size-medium wp-image-1046\" title=\"OLYMPUS DIGITAL CAMERA\" src=\"http:\/\/flieg.fr\/wordpress\/wp-content\/uploads\/2012\/05\/P5271002-300x225.jpg\" alt=\"\" width=\"300\" height=\"225\" srcset=\"https:\/\/www.flieg.fr\/wordpress\/wp-content\/uploads\/2012\/05\/P5271002-300x225.jpg 300w, https:\/\/www.flieg.fr\/wordpress\/wp-content\/uploads\/2012\/05\/P5271002-1024x768.jpg 1024w, https:\/\/www.flieg.fr\/wordpress\/wp-content\/uploads\/2012\/05\/P5271002-624x468.jpg 624w, https:\/\/www.flieg.fr\/wordpress\/wp-content\/uploads\/2012\/05\/P5271002.jpg 2048w\" sizes=\"auto, (max-width: 300px) 100vw, 300px\" \/><\/a><\/p>\n<p>Par deux fois seulement, quelqu&rsquo;un nous a d\u00e9passe. \u00c7a d\u00e9range d&rsquo;ailleurs terriblement. Car, quand on est a deux, on accorde naturellement ses pas et le balancement des b\u00e2tons. Cela rythme la marche 1,2,3,4;1,2,3,4. Puis on entend le rythme de celui qui va d\u00e9passer et on a tendance a se calquer dessus et on s&rsquo;enm\u00eale les pinceaux et rien ne va plus. Puis quand il s&rsquo;\u00e9loigne, on reprend le rythme normal.<\/p>\n<p><a href=\"http:\/\/flieg.fr\/wordpress\/wp-content\/uploads\/2012\/05\/P5271001.jpg\"><img loading=\"lazy\" decoding=\"async\" class=\"alignnone size-medium wp-image-1049\" title=\"OLYMPUS DIGITAL CAMERA\" src=\"http:\/\/flieg.fr\/wordpress\/wp-content\/uploads\/2012\/05\/P5271001-300x225.jpg\" alt=\"\" width=\"300\" height=\"225\" srcset=\"https:\/\/www.flieg.fr\/wordpress\/wp-content\/uploads\/2012\/05\/P5271001-300x225.jpg 300w, https:\/\/www.flieg.fr\/wordpress\/wp-content\/uploads\/2012\/05\/P5271001-1024x768.jpg 1024w, https:\/\/www.flieg.fr\/wordpress\/wp-content\/uploads\/2012\/05\/P5271001-624x468.jpg 624w, https:\/\/www.flieg.fr\/wordpress\/wp-content\/uploads\/2012\/05\/P5271001.jpg 2048w\" sizes=\"auto, (max-width: 300px) 100vw, 300px\" \/><\/a><\/p>\n<p>Sur cette page, il y a TOUTES les photos du jour, parce qu&rsquo;il n&rsquo;y avait rien d&rsquo;autre \u00e0 prendre!<\/p>\n<p>Depuis quelques jours on marche parall\u00e8lement a la cordillera cantabrica, l&rsquo;ourlet montagneux qui borde le Nord de l&rsquo;Espagne d&rsquo;Ouest en Est. Nous devrons la franchir au moment ou elle fera un coude vers le Sud, nous barrant l&rsquo;acc\u00e8s a Compostelle.<\/p>\n<div id=\"attachment_1047\" style=\"width: 310px\" class=\"wp-caption alignnone\"><a href=\"http:\/\/flieg.fr\/wordpress\/wp-content\/uploads\/2012\/05\/P5271003.jpg\"><img loading=\"lazy\" decoding=\"async\" aria-describedby=\"caption-attachment-1047\" class=\"size-medium wp-image-1047\" title=\"OLYMPUS DIGITAL CAMERA\" src=\"http:\/\/flieg.fr\/wordpress\/wp-content\/uploads\/2012\/05\/P5271003-300x225.jpg\" alt=\"\" width=\"300\" height=\"225\" srcset=\"https:\/\/www.flieg.fr\/wordpress\/wp-content\/uploads\/2012\/05\/P5271003-300x225.jpg 300w, https:\/\/www.flieg.fr\/wordpress\/wp-content\/uploads\/2012\/05\/P5271003-1024x768.jpg 1024w, https:\/\/www.flieg.fr\/wordpress\/wp-content\/uploads\/2012\/05\/P5271003-624x468.jpg 624w, https:\/\/www.flieg.fr\/wordpress\/wp-content\/uploads\/2012\/05\/P5271003.jpg 2048w\" sizes=\"auto, (max-width: 300px) 100vw, 300px\" \/><\/a><p id=\"caption-attachment-1047\" class=\"wp-caption-text\">au loin, la Cordillera Cantabrica<\/p><\/div>\n<p>Nos chaussures commencent a fatiguer. Au talon, la premi\u00e8re couche est partie tant chez Michelle que chez moi. Mais \u00e7a devrait tenir.<\/p>\n<div id=\"attachment_1048\" style=\"width: 310px\" class=\"wp-caption alignnone\"><a href=\"http:\/\/flieg.fr\/wordpress\/wp-content\/uploads\/2012\/05\/P5271004.jpg\"><img loading=\"lazy\" decoding=\"async\" aria-describedby=\"caption-attachment-1048\" class=\"size-medium wp-image-1048\" title=\"OLYMPUS DIGITAL CAMERA\" src=\"http:\/\/flieg.fr\/wordpress\/wp-content\/uploads\/2012\/05\/P5271004-300x225.jpg\" alt=\"\" width=\"300\" height=\"225\" srcset=\"https:\/\/www.flieg.fr\/wordpress\/wp-content\/uploads\/2012\/05\/P5271004-300x225.jpg 300w, https:\/\/www.flieg.fr\/wordpress\/wp-content\/uploads\/2012\/05\/P5271004-1024x768.jpg 1024w, https:\/\/www.flieg.fr\/wordpress\/wp-content\/uploads\/2012\/05\/P5271004-624x468.jpg 624w, https:\/\/www.flieg.fr\/wordpress\/wp-content\/uploads\/2012\/05\/P5271004.jpg 2048w\" sizes=\"auto, (max-width: 300px) 100vw, 300px\" \/><\/a><p id=\"caption-attachment-1048\" class=\"wp-caption-text\">apr\u00e8s 1120 km, l'usure est bien sym\u00e9trique; pas besoin de consulter le podologue en rentrant, mais peut-\u00eatre Leclerc-Sports...<\/p><\/div>\n","protected":false},"excerpt":{"rendered":"<p>dimanche 27 Mai 2012 Pentec\u00f4te : pour nous ce sera sans pente ni c\u00f4te, mais avec flamme. Les photos des jours 53 a 59 sont enfin charg\u00e9es! Le guide nous avait pr\u00e9venus: \u00e9tape longue et monotone m\u00eame si elle ne fait que 16,8 km. Et en effet, il n&rsquo;y a rien que le chemin sur [&hellip;]<\/p>\n","protected":false},"author":3,"featured_media":0,"parent":0,"menu_order":0,"comment_status":"open","ping_status":"open","template":"","meta":{"footnotes":""},"class_list":["post-962","page","type-page","status-publish","hentry"],"_links":{"self":[{"href":"https:\/\/www.flieg.fr\/index.php?rest_route=\/wp\/v2\/pages\/962","targetHints":{"allow":["GET"]}}],"collection":[{"href":"https:\/\/www.flieg.fr\/index.php?rest_route=\/wp\/v2\/pages"}],"about":[{"href":"https:\/\/www.flieg.fr\/index.php?rest_route=\/wp\/v2\/types\/page"}],"author":[{"embeddable":true,"href":"https:\/\/www.flieg.fr\/index.php?rest_route=\/wp\/v2\/users\/3"}],"replies":[{"embeddable":true,"href":"https:\/\/www.flieg.fr\/index.php?rest_route=%2Fwp%2Fv2%2Fcomments&post=962"}],"version-history":[{"count":8,"href":"https:\/\/www.flieg.fr\/index.php?rest_route=\/wp\/v2\/pages\/962\/revisions"}],"predecessor-version":[{"id":2451,"href":"https:\/\/www.flieg.fr\/index.php?rest_route=\/wp\/v2\/pages\/962\/revisions\/2451"}],"wp:attachment":[{"href":"https:\/\/www.flieg.fr\/index.php?rest_route=%2Fwp%2Fv2%2Fmedia&parent=962"}],"curies":[{"name":"wp","href":"https:\/\/api.w.org\/{rel}","templated":true}]}}

jour 61 étape 57 : de Carrion de los Condes à Calzadilla de la Cueza : 16,8 km Dimanche 27 Mai

<p>dimanche 27 Mai 2012</p>
<p>Pentecôte : pour nous ce sera sans pente ni côte, mais avec flamme.</p>
<p>Les photos des jours 53 a 59 sont enfin chargées!</p>
<p>Le guide nous avait prévenus: étape longue et monotone même si elle ne fait que 16,8 km. Et en effet, il n&rsquo;y a rien que le chemin sur toute la distance. Pas âme qui vive, sauf quelques pèlerins.</p>
<p><a href="http://flieg.fr/wordpress/wp-content/uploads/2012/05/P5271002.jpg"><img loading="lazy" decoding="async" class="alignnone size-medium wp-image-1046" title="OLYMPUS DIGITAL CAMERA" src="http://flieg.fr/wordpress/wp-content/uploads/2012/05/P5271002-300x225.jpg" alt="" width="300" height="225" srcset="https://www.flieg.fr/wordpress/wp-content/uploads/2012/05/P5271002-300x225.jpg 300w, https://www.flieg.fr/wordpress/wp-content/uploads/2012/05/P5271002-1024x768.jpg 1024w, https://www.flieg.fr/wordpress/wp-content/uploads/2012/05/P5271002-624x468.jpg 624w, https://www.flieg.fr/wordpress/wp-content/uploads/2012/05/P5271002.jpg 2048w" sizes="auto, (max-width: 300px) 100vw, 300px" /></a></p>
<p>Par deux fois seulement, quelqu&rsquo;un nous a dépasse. Ça dérange d&rsquo;ailleurs terriblement. Car, quand on est a deux, on accorde naturellement ses pas et le balancement des bâtons. Cela rythme la marche 1,2,3,4;1,2,3,4. Puis on entend le rythme de celui qui va dépasser et on a tendance a se calquer dessus et on s&rsquo;enmêle les pinceaux et rien ne va plus. Puis quand il s&rsquo;éloigne, on reprend le rythme normal.</p>
<p><a href="http://flieg.fr/wordpress/wp-content/uploads/2012/05/P5271001.jpg"><img loading="lazy" decoding="async" class="alignnone size-medium wp-image-1049" title="OLYMPUS DIGITAL CAMERA" src="http://flieg.fr/wordpress/wp-content/uploads/2012/05/P5271001-300x225.jpg" alt="" width="300" height="225" srcset="https://www.flieg.fr/wordpress/wp-content/uploads/2012/05/P5271001-300x225.jpg 300w, https://www.flieg.fr/wordpress/wp-content/uploads/2012/05/P5271001-1024x768.jpg 1024w, https://www.flieg.fr/wordpress/wp-content/uploads/2012/05/P5271001-624x468.jpg 624w, https://www.flieg.fr/wordpress/wp-content/uploads/2012/05/P5271001.jpg 2048w" sizes="auto, (max-width: 300px) 100vw, 300px" /></a></p>
<p>Sur cette page, il y a TOUTES les photos du jour, parce qu&rsquo;il n&rsquo;y avait rien d&rsquo;autre à prendre!</p>
<p>Depuis quelques jours on marche parallèlement a la cordillera cantabrica, l&rsquo;ourlet montagneux qui borde le Nord de l&rsquo;Espagne d&rsquo;Ouest en Est. Nous devrons la franchir au moment ou elle fera un coude vers le Sud, nous barrant l&rsquo;accès a Compostelle.</p>
<div id="attachment_1047" style="width: 310px" class="wp-caption alignnone"><a href="http://flieg.fr/wordpress/wp-content/uploads/2012/05/P5271003.jpg"><img loading="lazy" decoding="async" aria-describedby="caption-attachment-1047" class="size-medium wp-image-1047" title="OLYMPUS DIGITAL CAMERA" src="http://flieg.fr/wordpress/wp-content/uploads/2012/05/P5271003-300x225.jpg" alt="" width="300" height="225" srcset="https://www.flieg.fr/wordpress/wp-content/uploads/2012/05/P5271003-300x225.jpg 300w, https://www.flieg.fr/wordpress/wp-content/uploads/2012/05/P5271003-1024x768.jpg 1024w, https://www.flieg.fr/wordpress/wp-content/uploads/2012/05/P5271003-624x468.jpg 624w, https://www.flieg.fr/wordpress/wp-content/uploads/2012/05/P5271003.jpg 2048w" sizes="auto, (max-width: 300px) 100vw, 300px" /></a><p id="caption-attachment-1047" class="wp-caption-text">au loin, la Cordillera Cantabrica</p></div>
<p>Nos chaussures commencent a fatiguer. Au talon, la première couche est partie tant chez Michelle que chez moi. Mais ça devrait tenir.</p>
<div id="attachment_1048" style="width: 310px" class="wp-caption alignnone"><a href="http://flieg.fr/wordpress/wp-content/uploads/2012/05/P5271004.jpg"><img loading="lazy" decoding="async" aria-describedby="caption-attachment-1048" class="size-medium wp-image-1048" title="OLYMPUS DIGITAL CAMERA" src="http://flieg.fr/wordpress/wp-content/uploads/2012/05/P5271004-300x225.jpg" alt="" width="300" height="225" srcset="https://www.flieg.fr/wordpress/wp-content/uploads/2012/05/P5271004-300x225.jpg 300w, https://www.flieg.fr/wordpress/wp-content/uploads/2012/05/P5271004-1024x768.jpg 1024w, https://www.flieg.fr/wordpress/wp-content/uploads/2012/05/P5271004-624x468.jpg 624w, https://www.flieg.fr/wordpress/wp-content/uploads/2012/05/P5271004.jpg 2048w" sizes="auto, (max-width: 300px) 100vw, 300px" /></a><p id="caption-attachment-1048" class="wp-caption-text">après 1120 km, l'usure est bien symétrique; pas besoin de consulter le podologue en rentrant, mais peut-être Leclerc-Sports...</p></div>

<p>dimanche 27 Mai 2012 Pentecôte : pour nous ce sera sans pente ni côte, mais avec flamme. Les photos des jours 53 a 59 sont enfin chargées! Le guide nous avait prévenus: étape longue et monotone même si elle ne fait que 16,8 km. Et en effet, il n&rsquo;y a rien que le chemin sur [&hellip;]</p>
