{"id":951,"date":"2012-05-23T20:34:42","date_gmt":"2012-05-23T19:34:42","guid":{"rendered":"http:\/\/flieg.fr\/?page_id=951"},"modified":"2023-03-21T11:14:50","modified_gmt":"2023-03-21T10:14:50","slug":"jour-57-etape-53-de-burgos-a-hornillos-del-camino-189-km-mercredi-23-maim","status":"publish","type":"page","link":"https:\/\/www.flieg.fr\/?page_id=951","title":{"rendered":"jour 57 \u00e9tape 53 : de Burgos \u00e0 Hornillos del Camino : 18,9 km Mercredi 23 Maim"},"content":{"rendered":"<p>mercredi 23 Mai 2012<\/p>\n<p>Petit d\u00e9jeuner luxueux ce matin dans la salle \u00e0 manger ensoleill\u00e9e de notre 4 \u00e9toiles. Mais bient\u00f4t, c&rsquo;est la reprise du chemin, sac au dos et sous le soleil. Apr\u00e8s quelques immeubles et quelques clochers o\u00f9 nichent des cigognes, le paysage redevient agricole avec de grands champs vallonn\u00e9s. Des sillons sont model\u00e9s avec soin pour la culture d&rsquo;asperges.<\/p>\n<div id=\"attachment_1004\" style=\"width: 310px\" class=\"wp-caption alignnone\"><a href=\"http:\/\/flieg.fr\/wordpress\/wp-content\/uploads\/2012\/05\/P5230870.jpg\"><img loading=\"lazy\" decoding=\"async\" aria-describedby=\"caption-attachment-1004\" class=\"size-medium wp-image-1004\" title=\"OLYMPUS DIGITAL CAMERA\" src=\"http:\/\/flieg.fr\/wordpress\/wp-content\/uploads\/2012\/05\/P5230870-300x225.jpg\" alt=\"\" width=\"300\" height=\"225\" srcset=\"https:\/\/www.flieg.fr\/wordpress\/wp-content\/uploads\/2012\/05\/P5230870-300x225.jpg 300w, https:\/\/www.flieg.fr\/wordpress\/wp-content\/uploads\/2012\/05\/P5230870-1024x768.jpg 1024w, https:\/\/www.flieg.fr\/wordpress\/wp-content\/uploads\/2012\/05\/P5230870-624x468.jpg 624w, https:\/\/www.flieg.fr\/wordpress\/wp-content\/uploads\/2012\/05\/P5230870.jpg 2048w\" sizes=\"auto, (max-width: 300px) 100vw, 300px\" \/><\/a><p id=\"caption-attachment-1004\" class=\"wp-caption-text\">pour des asperges rectangulaires?<\/p><\/div>\n<p>Nous rencontrons (et d\u00e9passons, ce qui est rare) un groupe de Fran\u00e7ais qui viennent de d\u00e9marrer \u00e0 Burgos.<\/p>\n<p>A Rab\u00e9 de las Calzadas, dernier village avant notre \u00e9tape du soir, nous achetons de quoi grignoter pour midi : deux d\u00e9licieuses parts de tortillas \u00e0 la pomme de terre.<\/p>\n<p>Le patron du bar nous offre deux m\u00e9dailles. Une cigogne claque du bec en haut du clocher de l&rsquo;\u00e9glise.<\/p>\n<p>On est bien accueillis partout.<\/p>\n<p><a href=\"http:\/\/flieg.fr\/wordpress\/wp-content\/uploads\/2012\/05\/P5230869.jpg\"><img loading=\"lazy\" decoding=\"async\" class=\"alignnone size-medium wp-image-1006\" title=\"OLYMPUS DIGITAL CAMERA\" src=\"http:\/\/flieg.fr\/wordpress\/wp-content\/uploads\/2012\/05\/P5230869-300x225.jpg\" alt=\"\" width=\"300\" height=\"225\" srcset=\"https:\/\/www.flieg.fr\/wordpress\/wp-content\/uploads\/2012\/05\/P5230869-300x225.jpg 300w, https:\/\/www.flieg.fr\/wordpress\/wp-content\/uploads\/2012\/05\/P5230869-1024x768.jpg 1024w, https:\/\/www.flieg.fr\/wordpress\/wp-content\/uploads\/2012\/05\/P5230869-624x468.jpg 624w, https:\/\/www.flieg.fr\/wordpress\/wp-content\/uploads\/2012\/05\/P5230869.jpg 2048w\" sizes=\"auto, (max-width: 300px) 100vw, 300px\" \/><\/a><\/p>\n<p>A 13h, une oasis bienvenue nous ouvre les bras. Nous pouvons faire s\u00e9cher les v\u00eatements et nous installer confortablement \u00e0 l&rsquo;ombre.<a href=\"http:\/\/flieg.fr\/wordpress\/wp-content\/uploads\/2012\/05\/P5230879.jpg\"><img loading=\"lazy\" decoding=\"async\" class=\"alignnone size-medium wp-image-1007\" title=\"OLYMPUS DIGITAL CAMERA\" src=\"http:\/\/flieg.fr\/wordpress\/wp-content\/uploads\/2012\/05\/P5230879-300x225.jpg\" alt=\"\" width=\"300\" height=\"225\" srcset=\"https:\/\/www.flieg.fr\/wordpress\/wp-content\/uploads\/2012\/05\/P5230879-300x225.jpg 300w, https:\/\/www.flieg.fr\/wordpress\/wp-content\/uploads\/2012\/05\/P5230879-1024x768.jpg 1024w, https:\/\/www.flieg.fr\/wordpress\/wp-content\/uploads\/2012\/05\/P5230879-624x468.jpg 624w, https:\/\/www.flieg.fr\/wordpress\/wp-content\/uploads\/2012\/05\/P5230879.jpg 2048w\" sizes=\"auto, (max-width: 300px) 100vw, 300px\" \/><\/a><\/p>\n<p>A 14h30, les toits d&rsquo;Hornillos del Camino apparaissent d\u00e9j\u00e0 et bient\u00f4t, nous int\u00e9grons notre chambre dans la casa rural. Il y a m\u00eame la t\u00e9l\u00e9 et la musique dans la douche !<\/p>\n<p><a href=\"http:\/\/flieg.fr\/wordpress\/wp-content\/uploads\/2012\/05\/P5230881.jpg\"><img loading=\"lazy\" decoding=\"async\" class=\"alignnone size-medium wp-image-1008\" title=\"OLYMPUS DIGITAL CAMERA\" src=\"http:\/\/flieg.fr\/wordpress\/wp-content\/uploads\/2012\/05\/P5230881-300x225.jpg\" alt=\"\" width=\"300\" height=\"225\" srcset=\"https:\/\/www.flieg.fr\/wordpress\/wp-content\/uploads\/2012\/05\/P5230881-300x225.jpg 300w, https:\/\/www.flieg.fr\/wordpress\/wp-content\/uploads\/2012\/05\/P5230881-1024x768.jpg 1024w, https:\/\/www.flieg.fr\/wordpress\/wp-content\/uploads\/2012\/05\/P5230881-624x468.jpg 624w, https:\/\/www.flieg.fr\/wordpress\/wp-content\/uploads\/2012\/05\/P5230881.jpg 2048w\" sizes=\"auto, (max-width: 300px) 100vw, 300px\" \/><\/a><\/p>\n<p>Comme il &nbsp;manque toujours un cybercaf\u00e9 et aussi un fil \u00e0 linge, on se d\u00e9brouille avec ce qu&rsquo;on a.<\/p>\n<p><a href=\"http:\/\/flieg.fr\/wordpress\/wp-content\/uploads\/2012\/05\/P5230884.jpg\"><img loading=\"lazy\" decoding=\"async\" class=\"alignnone size-medium wp-image-1009\" title=\"OLYMPUS DIGITAL CAMERA\" src=\"http:\/\/flieg.fr\/wordpress\/wp-content\/uploads\/2012\/05\/P5230884-225x300.jpg\" alt=\"\" width=\"225\" height=\"300\" srcset=\"https:\/\/www.flieg.fr\/wordpress\/wp-content\/uploads\/2012\/05\/P5230884-225x300.jpg 225w, https:\/\/www.flieg.fr\/wordpress\/wp-content\/uploads\/2012\/05\/P5230884-768x1024.jpg 768w, https:\/\/www.flieg.fr\/wordpress\/wp-content\/uploads\/2012\/05\/P5230884-624x832.jpg 624w, https:\/\/www.flieg.fr\/wordpress\/wp-content\/uploads\/2012\/05\/P5230884.jpg 1536w\" sizes=\"auto, (max-width: 225px) 100vw, 225px\" \/><\/a><\/p>\n<p>&nbsp;<\/p>\n","protected":false},"excerpt":{"rendered":"<p>mercredi 23 Mai 2012 Petit d\u00e9jeuner luxueux ce matin dans la salle \u00e0 manger ensoleill\u00e9e de notre 4 \u00e9toiles. Mais bient\u00f4t, c&rsquo;est la reprise du chemin, sac au dos et sous le soleil. Apr\u00e8s quelques immeubles et quelques clochers o\u00f9 nichent des cigognes, le paysage redevient agricole avec de grands champs vallonn\u00e9s. Des sillons sont [&hellip;]<\/p>\n","protected":false},"author":3,"featured_media":0,"parent":0,"menu_order":0,"comment_status":"open","ping_status":"open","template":"","meta":{"footnotes":""},"class_list":["post-951","page","type-page","status-publish","hentry"],"_links":{"self":[{"href":"https:\/\/www.flieg.fr\/index.php?rest_route=\/wp\/v2\/pages\/951","targetHints":{"allow":["GET"]}}],"collection":[{"href":"https:\/\/www.flieg.fr\/index.php?rest_route=\/wp\/v2\/pages"}],"about":[{"href":"https:\/\/www.flieg.fr\/index.php?rest_route=\/wp\/v2\/types\/page"}],"author":[{"embeddable":true,"href":"https:\/\/www.flieg.fr\/index.php?rest_route=\/wp\/v2\/users\/3"}],"replies":[{"embeddable":true,"href":"https:\/\/www.flieg.fr\/index.php?rest_route=%2Fwp%2Fv2%2Fcomments&post=951"}],"version-history":[{"count":4,"href":"https:\/\/www.flieg.fr\/index.php?rest_route=\/wp\/v2\/pages\/951\/revisions"}],"predecessor-version":[{"id":2446,"href":"https:\/\/www.flieg.fr\/index.php?rest_route=\/wp\/v2\/pages\/951\/revisions\/2446"}],"wp:attachment":[{"href":"https:\/\/www.flieg.fr\/index.php?rest_route=%2Fwp%2Fv2%2Fmedia&parent=951"}],"curies":[{"name":"wp","href":"https:\/\/api.w.org\/{rel}","templated":true}]}}

jour 57 étape 53 : de Burgos à Hornillos del Camino : 18,9 km Mercredi 23 Maim

<p>mercredi 23 Mai 2012</p>
<p>Petit déjeuner luxueux ce matin dans la salle à manger ensoleillée de notre 4 étoiles. Mais bientôt, c&rsquo;est la reprise du chemin, sac au dos et sous le soleil. Après quelques immeubles et quelques clochers où nichent des cigognes, le paysage redevient agricole avec de grands champs vallonnés. Des sillons sont modelés avec soin pour la culture d&rsquo;asperges.</p>
<div id="attachment_1004" style="width: 310px" class="wp-caption alignnone"><a href="http://flieg.fr/wordpress/wp-content/uploads/2012/05/P5230870.jpg"><img loading="lazy" decoding="async" aria-describedby="caption-attachment-1004" class="size-medium wp-image-1004" title="OLYMPUS DIGITAL CAMERA" src="http://flieg.fr/wordpress/wp-content/uploads/2012/05/P5230870-300x225.jpg" alt="" width="300" height="225" srcset="https://www.flieg.fr/wordpress/wp-content/uploads/2012/05/P5230870-300x225.jpg 300w, https://www.flieg.fr/wordpress/wp-content/uploads/2012/05/P5230870-1024x768.jpg 1024w, https://www.flieg.fr/wordpress/wp-content/uploads/2012/05/P5230870-624x468.jpg 624w, https://www.flieg.fr/wordpress/wp-content/uploads/2012/05/P5230870.jpg 2048w" sizes="auto, (max-width: 300px) 100vw, 300px" /></a><p id="caption-attachment-1004" class="wp-caption-text">pour des asperges rectangulaires?</p></div>
<p>Nous rencontrons (et dépassons, ce qui est rare) un groupe de Français qui viennent de démarrer à Burgos.</p>
<p>A Rabé de las Calzadas, dernier village avant notre étape du soir, nous achetons de quoi grignoter pour midi : deux délicieuses parts de tortillas à la pomme de terre.</p>
<p>Le patron du bar nous offre deux médailles. Une cigogne claque du bec en haut du clocher de l&rsquo;église.</p>
<p>On est bien accueillis partout.</p>
<p><a href="http://flieg.fr/wordpress/wp-content/uploads/2012/05/P5230869.jpg"><img loading="lazy" decoding="async" class="alignnone size-medium wp-image-1006" title="OLYMPUS DIGITAL CAMERA" src="http://flieg.fr/wordpress/wp-content/uploads/2012/05/P5230869-300x225.jpg" alt="" width="300" height="225" srcset="https://www.flieg.fr/wordpress/wp-content/uploads/2012/05/P5230869-300x225.jpg 300w, https://www.flieg.fr/wordpress/wp-content/uploads/2012/05/P5230869-1024x768.jpg 1024w, https://www.flieg.fr/wordpress/wp-content/uploads/2012/05/P5230869-624x468.jpg 624w, https://www.flieg.fr/wordpress/wp-content/uploads/2012/05/P5230869.jpg 2048w" sizes="auto, (max-width: 300px) 100vw, 300px" /></a></p>
<p>A 13h, une oasis bienvenue nous ouvre les bras. Nous pouvons faire sécher les vêtements et nous installer confortablement à l&rsquo;ombre.<a href="http://flieg.fr/wordpress/wp-content/uploads/2012/05/P5230879.jpg"><img loading="lazy" decoding="async" class="alignnone size-medium wp-image-1007" title="OLYMPUS DIGITAL CAMERA" src="http://flieg.fr/wordpress/wp-content/uploads/2012/05/P5230879-300x225.jpg" alt="" width="300" height="225" srcset="https://www.flieg.fr/wordpress/wp-content/uploads/2012/05/P5230879-300x225.jpg 300w, https://www.flieg.fr/wordpress/wp-content/uploads/2012/05/P5230879-1024x768.jpg 1024w, https://www.flieg.fr/wordpress/wp-content/uploads/2012/05/P5230879-624x468.jpg 624w, https://www.flieg.fr/wordpress/wp-content/uploads/2012/05/P5230879.jpg 2048w" sizes="auto, (max-width: 300px) 100vw, 300px" /></a></p>
<p>A 14h30, les toits d&rsquo;Hornillos del Camino apparaissent déjà et bientôt, nous intégrons notre chambre dans la casa rural. Il y a même la télé et la musique dans la douche !</p>
<p><a href="http://flieg.fr/wordpress/wp-content/uploads/2012/05/P5230881.jpg"><img loading="lazy" decoding="async" class="alignnone size-medium wp-image-1008" title="OLYMPUS DIGITAL CAMERA" src="http://flieg.fr/wordpress/wp-content/uploads/2012/05/P5230881-300x225.jpg" alt="" width="300" height="225" srcset="https://www.flieg.fr/wordpress/wp-content/uploads/2012/05/P5230881-300x225.jpg 300w, https://www.flieg.fr/wordpress/wp-content/uploads/2012/05/P5230881-1024x768.jpg 1024w, https://www.flieg.fr/wordpress/wp-content/uploads/2012/05/P5230881-624x468.jpg 624w, https://www.flieg.fr/wordpress/wp-content/uploads/2012/05/P5230881.jpg 2048w" sizes="auto, (max-width: 300px) 100vw, 300px" /></a></p>
<p>Comme il &nbsp;manque toujours un cybercafé et aussi un fil à linge, on se débrouille avec ce qu&rsquo;on a.</p>
<p><a href="http://flieg.fr/wordpress/wp-content/uploads/2012/05/P5230884.jpg"><img loading="lazy" decoding="async" class="alignnone size-medium wp-image-1009" title="OLYMPUS DIGITAL CAMERA" src="http://flieg.fr/wordpress/wp-content/uploads/2012/05/P5230884-225x300.jpg" alt="" width="225" height="300" srcset="https://www.flieg.fr/wordpress/wp-content/uploads/2012/05/P5230884-225x300.jpg 225w, https://www.flieg.fr/wordpress/wp-content/uploads/2012/05/P5230884-768x1024.jpg 768w, https://www.flieg.fr/wordpress/wp-content/uploads/2012/05/P5230884-624x832.jpg 624w, https://www.flieg.fr/wordpress/wp-content/uploads/2012/05/P5230884.jpg 1536w" sizes="auto, (max-width: 225px) 100vw, 225px" /></a></p>
<p>&nbsp;</p>

<p>mercredi 23 Mai 2012 Petit déjeuner luxueux ce matin dans la salle à manger ensoleillée de notre 4 étoiles. Mais bientôt, c&rsquo;est la reprise du chemin, sac au dos et sous le soleil. Après quelques immeubles et quelques clochers où nichent des cigognes, le paysage redevient agricole avec de grands champs vallonnés. Des sillons sont [&hellip;]</p>
