{"id":939,"date":"2012-05-21T20:09:26","date_gmt":"2012-05-21T19:09:26","guid":{"rendered":"http:\/\/flieg.fr\/?page_id=939"},"modified":"2023-03-21T11:13:01","modified_gmt":"2023-03-21T10:13:01","slug":"jour-54-etape-50-de-viiloria-de-rioja-a-villafranca-montes-de-oca-205-km-dimanche-20-maice-matin-le-ciel-est-si-bas-que-nous-ne-nous-faisons-aucune-illusion-sur-ce-qui-va-nous-tomber-dessus-l","status":"publish","type":"page","link":"https:\/\/www.flieg.fr\/?page_id=939","title":{"rendered":"jour 54 \u00e9tape 50 : de Viloria de Rioja a Villafranca Montes de Oca : 18,8 km Dimanche 20 Mai"},"content":{"rendered":"<p>Dimanche 20 Mai<\/p>\n<p>Ce matin, le ciel est si bas que nous ne nous faisons aucune illusion sur ce qui va nous tomber dessus. Le temps de l&rsquo;esquive est r\u00e9volu. Mais nous partons d&rsquo;un bon pas.<\/p>\n<p><a href=\"http:\/\/flieg.fr\/wordpress\/wp-content\/uploads\/2012\/05\/P5200754.jpg\"><img loading=\"lazy\" decoding=\"async\" class=\"alignnone size-medium wp-image-972\" title=\"OLYMPUS DIGITAL CAMERA\" src=\"http:\/\/flieg.fr\/wordpress\/wp-content\/uploads\/2012\/05\/P5200754-300x225.jpg\" alt=\"\" width=\"300\" height=\"225\" srcset=\"https:\/\/www.flieg.fr\/wordpress\/wp-content\/uploads\/2012\/05\/P5200754-300x225.jpg 300w, https:\/\/www.flieg.fr\/wordpress\/wp-content\/uploads\/2012\/05\/P5200754-1024x768.jpg 1024w, https:\/\/www.flieg.fr\/wordpress\/wp-content\/uploads\/2012\/05\/P5200754-624x468.jpg 624w, https:\/\/www.flieg.fr\/wordpress\/wp-content\/uploads\/2012\/05\/P5200754.jpg 2048w\" sizes=\"auto, (max-width: 300px) 100vw, 300px\" \/><\/a><\/p>\n<p>A l&rsquo;approche d&rsquo;un carrefour, il y a un dr\u00f4le de panneau. Laissez passer les rats ( sans doute parce que les rats-passent).<\/p>\n<p><a href=\"http:\/\/flieg.fr\/wordpress\/wp-content\/uploads\/2012\/05\/P5200753.jpg\"><img loading=\"lazy\" decoding=\"async\" class=\"alignnone size-medium wp-image-970\" title=\"OLYMPUS DIGITAL CAMERA\" src=\"http:\/\/flieg.fr\/wordpress\/wp-content\/uploads\/2012\/05\/P5200753-300x225.jpg\" alt=\"\" width=\"300\" height=\"225\" srcset=\"https:\/\/www.flieg.fr\/wordpress\/wp-content\/uploads\/2012\/05\/P5200753-300x225.jpg 300w, https:\/\/www.flieg.fr\/wordpress\/wp-content\/uploads\/2012\/05\/P5200753-1024x768.jpg 1024w, https:\/\/www.flieg.fr\/wordpress\/wp-content\/uploads\/2012\/05\/P5200753-624x468.jpg 624w, https:\/\/www.flieg.fr\/wordpress\/wp-content\/uploads\/2012\/05\/P5200753.jpg 2048w\" sizes=\"auto, (max-width: 300px) 100vw, 300px\" \/><\/a><\/p>\n<p>Et de fait, il n&rsquo;y a plus de rapaces (ils sont pass\u00e9s aussi). Du coup les alouettes s&rsquo;\u00e9poumonent sans crainte. Elles viennent m\u00eame braver les p\u00e8lerins et se laissent tirer le portrait de tr\u00e8s pr\u00e8s.<\/p>\n<p><a href=\"http:\/\/flieg.fr\/wordpress\/wp-content\/uploads\/2012\/05\/P5200769.jpg\"><img loading=\"lazy\" decoding=\"async\" class=\"alignnone size-medium wp-image-973\" title=\"OLYMPUS DIGITAL CAMERA\" src=\"http:\/\/flieg.fr\/wordpress\/wp-content\/uploads\/2012\/05\/P5200769-300x225.jpg\" alt=\"\" width=\"300\" height=\"225\" srcset=\"https:\/\/www.flieg.fr\/wordpress\/wp-content\/uploads\/2012\/05\/P5200769-300x225.jpg 300w, https:\/\/www.flieg.fr\/wordpress\/wp-content\/uploads\/2012\/05\/P5200769-1024x768.jpg 1024w, https:\/\/www.flieg.fr\/wordpress\/wp-content\/uploads\/2012\/05\/P5200769-624x468.jpg 624w, https:\/\/www.flieg.fr\/wordpress\/wp-content\/uploads\/2012\/05\/P5200769.jpg 2048w\" sizes=\"auto, (max-width: 300px) 100vw, 300px\" \/><\/a><\/p>\n<p>Au passage \u00e0 Belorado, nous voyons l&rsquo;int\u00e9rieur d&rsquo;une albergue vid\u00e9e de ses occupants d\u00e8s 6h du matin (les pauvres).<\/p>\n<p><a href=\"http:\/\/flieg.fr\/wordpress\/wp-content\/uploads\/2012\/05\/P5200757.jpg\"><img loading=\"lazy\" decoding=\"async\" class=\"alignnone size-medium wp-image-974\" title=\"OLYMPUS DIGITAL CAMERA\" src=\"http:\/\/flieg.fr\/wordpress\/wp-content\/uploads\/2012\/05\/P5200757-300x225.jpg\" alt=\"\" width=\"300\" height=\"225\" srcset=\"https:\/\/www.flieg.fr\/wordpress\/wp-content\/uploads\/2012\/05\/P5200757-300x225.jpg 300w, https:\/\/www.flieg.fr\/wordpress\/wp-content\/uploads\/2012\/05\/P5200757-1024x768.jpg 1024w, https:\/\/www.flieg.fr\/wordpress\/wp-content\/uploads\/2012\/05\/P5200757-624x468.jpg 624w, https:\/\/www.flieg.fr\/wordpress\/wp-content\/uploads\/2012\/05\/P5200757.jpg 2048w\" sizes=\"auto, (max-width: 300px) 100vw, 300px\" \/><\/a><\/p>\n<p>Le chemin du jour est tagg\u00e9 sur le mur.<\/p>\n<p><a href=\"http:\/\/flieg.fr\/wordpress\/wp-content\/uploads\/2012\/05\/P5200758.jpg\"><img loading=\"lazy\" decoding=\"async\" class=\"alignnone size-medium wp-image-975\" title=\"OLYMPUS DIGITAL CAMERA\" src=\"http:\/\/flieg.fr\/wordpress\/wp-content\/uploads\/2012\/05\/P5200758-300x225.jpg\" alt=\"\" width=\"300\" height=\"225\" srcset=\"https:\/\/www.flieg.fr\/wordpress\/wp-content\/uploads\/2012\/05\/P5200758-300x225.jpg 300w, https:\/\/www.flieg.fr\/wordpress\/wp-content\/uploads\/2012\/05\/P5200758-1024x768.jpg 1024w, https:\/\/www.flieg.fr\/wordpress\/wp-content\/uploads\/2012\/05\/P5200758-624x468.jpg 624w, https:\/\/www.flieg.fr\/wordpress\/wp-content\/uploads\/2012\/05\/P5200758.jpg 2048w\" sizes=\"auto, (max-width: 300px) 100vw, 300px\" \/><\/a><\/p>\n<p>Sur le clocher de l&rsquo;\u00e9glise, les cigognes se sont install\u00e9es.<\/p>\n<p><a href=\"http:\/\/flieg.fr\/wordpress\/wp-content\/uploads\/2012\/05\/P5200755.jpg\"><img loading=\"lazy\" decoding=\"async\" class=\"alignnone size-medium wp-image-977\" title=\"OLYMPUS DIGITAL CAMERA\" src=\"http:\/\/flieg.fr\/wordpress\/wp-content\/uploads\/2012\/05\/P5200755-300x225.jpg\" alt=\"\" width=\"300\" height=\"225\" srcset=\"https:\/\/www.flieg.fr\/wordpress\/wp-content\/uploads\/2012\/05\/P5200755-300x225.jpg 300w, https:\/\/www.flieg.fr\/wordpress\/wp-content\/uploads\/2012\/05\/P5200755-1024x768.jpg 1024w, https:\/\/www.flieg.fr\/wordpress\/wp-content\/uploads\/2012\/05\/P5200755-624x468.jpg 624w, https:\/\/www.flieg.fr\/wordpress\/wp-content\/uploads\/2012\/05\/P5200755.jpg 2048w\" sizes=\"auto, (max-width: 300px) 100vw, 300px\" \/><\/a><\/p>\n<p>Le paysage s&rsquo;est modifi\u00e9 \u00e0 nouveau : plus de vignes mais des cultures.<\/p>\n<p><a href=\"http:\/\/flieg.fr\/wordpress\/wp-content\/uploads\/2012\/05\/P5200762.jpg\"><img loading=\"lazy\" decoding=\"async\" class=\"alignnone size-medium wp-image-978\" title=\"OLYMPUS DIGITAL CAMERA\" src=\"http:\/\/flieg.fr\/wordpress\/wp-content\/uploads\/2012\/05\/P5200762-300x225.jpg\" alt=\"\" width=\"300\" height=\"225\" srcset=\"https:\/\/www.flieg.fr\/wordpress\/wp-content\/uploads\/2012\/05\/P5200762-300x225.jpg 300w, https:\/\/www.flieg.fr\/wordpress\/wp-content\/uploads\/2012\/05\/P5200762-1024x768.jpg 1024w, https:\/\/www.flieg.fr\/wordpress\/wp-content\/uploads\/2012\/05\/P5200762-624x468.jpg 624w, https:\/\/www.flieg.fr\/wordpress\/wp-content\/uploads\/2012\/05\/P5200762.jpg 2048w\" sizes=\"auto, (max-width: 300px) 100vw, 300px\" \/><\/a><\/p>\n<p>Peu apr\u00e8s, vers 14h c&rsquo;est la pluie fine et drue. On doit sortir les capes et on force le pas pour couvrir les 3km restants et manger au sec dans notre h\u00f4tel 3 \u00e9toiles locales.<\/p>\n<p>En arrivant, on d\u00e9tonne un peu par rapport \u00e0 la client\u00e8le ambiante, bIen que nous ayons repli\u00e9 nos capes. Nous sommes accueillis par un \u00ab\u00a0vous \u00eates s\u00fbrs que vous avez une r\u00e9servation \u00e0 l&rsquo;h\u00f4tel?\u00a0\u00bb.<\/p>\n<p><a href=\"http:\/\/flieg.fr\/wordpress\/wp-content\/uploads\/2012\/05\/P5200772.jpg\"><img loading=\"lazy\" decoding=\"async\" class=\"alignnone size-medium wp-image-979\" title=\"OLYMPUS DIGITAL CAMERA\" src=\"http:\/\/flieg.fr\/wordpress\/wp-content\/uploads\/2012\/05\/P5200772-300x225.jpg\" alt=\"\" width=\"300\" height=\"225\" srcset=\"https:\/\/www.flieg.fr\/wordpress\/wp-content\/uploads\/2012\/05\/P5200772-300x225.jpg 300w, https:\/\/www.flieg.fr\/wordpress\/wp-content\/uploads\/2012\/05\/P5200772-1024x768.jpg 1024w, https:\/\/www.flieg.fr\/wordpress\/wp-content\/uploads\/2012\/05\/P5200772-624x468.jpg 624w, https:\/\/www.flieg.fr\/wordpress\/wp-content\/uploads\/2012\/05\/P5200772.jpg 2048w\" sizes=\"auto, (max-width: 300px) 100vw, 300px\" \/><\/a><\/p>\n<p>Mais 10mn plus tard on est attabl\u00e9s dans notre chambre.<\/p>\n<p>Apr\u00e8s ce repas de 15h, je ressens soudain comme une attaque grippale. Grosse fatigue. Apr\u00e8s la douche, \u00e7a ne l\u00e2che pas. C&rsquo;est le lit imm\u00e9diat. Apr\u00e8s un petit somme, pareil. A 20h, nous ne descendons pas manger. Je fais le rapport de la journ\u00e9e, mais nous ne descendons pas pour le mettre sur internet. Nous ne passons pas une bonne nuit. La perspective d&rsquo;une grippe n&rsquo;est pas une nouvelle r\u00e9jouissante.<\/p>\n","protected":false},"excerpt":{"rendered":"<p>Dimanche 20 Mai Ce matin, le ciel est si bas que nous ne nous faisons aucune illusion sur ce qui va nous tomber dessus. Le temps de l&rsquo;esquive est r\u00e9volu. Mais nous partons d&rsquo;un bon pas. A l&rsquo;approche d&rsquo;un carrefour, il y a un dr\u00f4le de panneau. Laissez passer les rats ( sans doute parce [&hellip;]<\/p>\n","protected":false},"author":3,"featured_media":0,"parent":0,"menu_order":0,"comment_status":"open","ping_status":"open","template":"","meta":{"footnotes":""},"class_list":["post-939","page","type-page","status-publish","hentry"],"_links":{"self":[{"href":"https:\/\/www.flieg.fr\/index.php?rest_route=\/wp\/v2\/pages\/939","targetHints":{"allow":["GET"]}}],"collection":[{"href":"https:\/\/www.flieg.fr\/index.php?rest_route=\/wp\/v2\/pages"}],"about":[{"href":"https:\/\/www.flieg.fr\/index.php?rest_route=\/wp\/v2\/types\/page"}],"author":[{"embeddable":true,"href":"https:\/\/www.flieg.fr\/index.php?rest_route=\/wp\/v2\/users\/3"}],"replies":[{"embeddable":true,"href":"https:\/\/www.flieg.fr\/index.php?rest_route=%2Fwp%2Fv2%2Fcomments&post=939"}],"version-history":[{"count":7,"href":"https:\/\/www.flieg.fr\/index.php?rest_route=\/wp\/v2\/pages\/939\/revisions"}],"predecessor-version":[{"id":2443,"href":"https:\/\/www.flieg.fr\/index.php?rest_route=\/wp\/v2\/pages\/939\/revisions\/2443"}],"wp:attachment":[{"href":"https:\/\/www.flieg.fr\/index.php?rest_route=%2Fwp%2Fv2%2Fmedia&parent=939"}],"curies":[{"name":"wp","href":"https:\/\/api.w.org\/{rel}","templated":true}]}}

jour 54 étape 50 : de Viloria de Rioja a Villafranca Montes de Oca : 18,8 km Dimanche 20 Mai

<p>Dimanche 20 Mai</p>
<p>Ce matin, le ciel est si bas que nous ne nous faisons aucune illusion sur ce qui va nous tomber dessus. Le temps de l&rsquo;esquive est révolu. Mais nous partons d&rsquo;un bon pas.</p>
<p><a href="http://flieg.fr/wordpress/wp-content/uploads/2012/05/P5200754.jpg"><img loading="lazy" decoding="async" class="alignnone size-medium wp-image-972" title="OLYMPUS DIGITAL CAMERA" src="http://flieg.fr/wordpress/wp-content/uploads/2012/05/P5200754-300x225.jpg" alt="" width="300" height="225" srcset="https://www.flieg.fr/wordpress/wp-content/uploads/2012/05/P5200754-300x225.jpg 300w, https://www.flieg.fr/wordpress/wp-content/uploads/2012/05/P5200754-1024x768.jpg 1024w, https://www.flieg.fr/wordpress/wp-content/uploads/2012/05/P5200754-624x468.jpg 624w, https://www.flieg.fr/wordpress/wp-content/uploads/2012/05/P5200754.jpg 2048w" sizes="auto, (max-width: 300px) 100vw, 300px" /></a></p>
<p>A l&rsquo;approche d&rsquo;un carrefour, il y a un drôle de panneau. Laissez passer les rats ( sans doute parce que les rats-passent).</p>
<p><a href="http://flieg.fr/wordpress/wp-content/uploads/2012/05/P5200753.jpg"><img loading="lazy" decoding="async" class="alignnone size-medium wp-image-970" title="OLYMPUS DIGITAL CAMERA" src="http://flieg.fr/wordpress/wp-content/uploads/2012/05/P5200753-300x225.jpg" alt="" width="300" height="225" srcset="https://www.flieg.fr/wordpress/wp-content/uploads/2012/05/P5200753-300x225.jpg 300w, https://www.flieg.fr/wordpress/wp-content/uploads/2012/05/P5200753-1024x768.jpg 1024w, https://www.flieg.fr/wordpress/wp-content/uploads/2012/05/P5200753-624x468.jpg 624w, https://www.flieg.fr/wordpress/wp-content/uploads/2012/05/P5200753.jpg 2048w" sizes="auto, (max-width: 300px) 100vw, 300px" /></a></p>
<p>Et de fait, il n&rsquo;y a plus de rapaces (ils sont passés aussi). Du coup les alouettes s&rsquo;époumonent sans crainte. Elles viennent même braver les pèlerins et se laissent tirer le portrait de très près.</p>
<p><a href="http://flieg.fr/wordpress/wp-content/uploads/2012/05/P5200769.jpg"><img loading="lazy" decoding="async" class="alignnone size-medium wp-image-973" title="OLYMPUS DIGITAL CAMERA" src="http://flieg.fr/wordpress/wp-content/uploads/2012/05/P5200769-300x225.jpg" alt="" width="300" height="225" srcset="https://www.flieg.fr/wordpress/wp-content/uploads/2012/05/P5200769-300x225.jpg 300w, https://www.flieg.fr/wordpress/wp-content/uploads/2012/05/P5200769-1024x768.jpg 1024w, https://www.flieg.fr/wordpress/wp-content/uploads/2012/05/P5200769-624x468.jpg 624w, https://www.flieg.fr/wordpress/wp-content/uploads/2012/05/P5200769.jpg 2048w" sizes="auto, (max-width: 300px) 100vw, 300px" /></a></p>
<p>Au passage à Belorado, nous voyons l&rsquo;intérieur d&rsquo;une albergue vidée de ses occupants dès 6h du matin (les pauvres).</p>
<p><a href="http://flieg.fr/wordpress/wp-content/uploads/2012/05/P5200757.jpg"><img loading="lazy" decoding="async" class="alignnone size-medium wp-image-974" title="OLYMPUS DIGITAL CAMERA" src="http://flieg.fr/wordpress/wp-content/uploads/2012/05/P5200757-300x225.jpg" alt="" width="300" height="225" srcset="https://www.flieg.fr/wordpress/wp-content/uploads/2012/05/P5200757-300x225.jpg 300w, https://www.flieg.fr/wordpress/wp-content/uploads/2012/05/P5200757-1024x768.jpg 1024w, https://www.flieg.fr/wordpress/wp-content/uploads/2012/05/P5200757-624x468.jpg 624w, https://www.flieg.fr/wordpress/wp-content/uploads/2012/05/P5200757.jpg 2048w" sizes="auto, (max-width: 300px) 100vw, 300px" /></a></p>
<p>Le chemin du jour est taggé sur le mur.</p>
<p><a href="http://flieg.fr/wordpress/wp-content/uploads/2012/05/P5200758.jpg"><img loading="lazy" decoding="async" class="alignnone size-medium wp-image-975" title="OLYMPUS DIGITAL CAMERA" src="http://flieg.fr/wordpress/wp-content/uploads/2012/05/P5200758-300x225.jpg" alt="" width="300" height="225" srcset="https://www.flieg.fr/wordpress/wp-content/uploads/2012/05/P5200758-300x225.jpg 300w, https://www.flieg.fr/wordpress/wp-content/uploads/2012/05/P5200758-1024x768.jpg 1024w, https://www.flieg.fr/wordpress/wp-content/uploads/2012/05/P5200758-624x468.jpg 624w, https://www.flieg.fr/wordpress/wp-content/uploads/2012/05/P5200758.jpg 2048w" sizes="auto, (max-width: 300px) 100vw, 300px" /></a></p>
<p>Sur le clocher de l&rsquo;église, les cigognes se sont installées.</p>
<p><a href="http://flieg.fr/wordpress/wp-content/uploads/2012/05/P5200755.jpg"><img loading="lazy" decoding="async" class="alignnone size-medium wp-image-977" title="OLYMPUS DIGITAL CAMERA" src="http://flieg.fr/wordpress/wp-content/uploads/2012/05/P5200755-300x225.jpg" alt="" width="300" height="225" srcset="https://www.flieg.fr/wordpress/wp-content/uploads/2012/05/P5200755-300x225.jpg 300w, https://www.flieg.fr/wordpress/wp-content/uploads/2012/05/P5200755-1024x768.jpg 1024w, https://www.flieg.fr/wordpress/wp-content/uploads/2012/05/P5200755-624x468.jpg 624w, https://www.flieg.fr/wordpress/wp-content/uploads/2012/05/P5200755.jpg 2048w" sizes="auto, (max-width: 300px) 100vw, 300px" /></a></p>
<p>Le paysage s&rsquo;est modifié à nouveau : plus de vignes mais des cultures.</p>
<p><a href="http://flieg.fr/wordpress/wp-content/uploads/2012/05/P5200762.jpg"><img loading="lazy" decoding="async" class="alignnone size-medium wp-image-978" title="OLYMPUS DIGITAL CAMERA" src="http://flieg.fr/wordpress/wp-content/uploads/2012/05/P5200762-300x225.jpg" alt="" width="300" height="225" srcset="https://www.flieg.fr/wordpress/wp-content/uploads/2012/05/P5200762-300x225.jpg 300w, https://www.flieg.fr/wordpress/wp-content/uploads/2012/05/P5200762-1024x768.jpg 1024w, https://www.flieg.fr/wordpress/wp-content/uploads/2012/05/P5200762-624x468.jpg 624w, https://www.flieg.fr/wordpress/wp-content/uploads/2012/05/P5200762.jpg 2048w" sizes="auto, (max-width: 300px) 100vw, 300px" /></a></p>
<p>Peu après, vers 14h c&rsquo;est la pluie fine et drue. On doit sortir les capes et on force le pas pour couvrir les 3km restants et manger au sec dans notre hôtel 3 étoiles locales.</p>
<p>En arrivant, on détonne un peu par rapport à la clientèle ambiante, bIen que nous ayons replié nos capes. Nous sommes accueillis par un « vous êtes sûrs que vous avez une réservation à l&rsquo;hôtel? ».</p>
<p><a href="http://flieg.fr/wordpress/wp-content/uploads/2012/05/P5200772.jpg"><img loading="lazy" decoding="async" class="alignnone size-medium wp-image-979" title="OLYMPUS DIGITAL CAMERA" src="http://flieg.fr/wordpress/wp-content/uploads/2012/05/P5200772-300x225.jpg" alt="" width="300" height="225" srcset="https://www.flieg.fr/wordpress/wp-content/uploads/2012/05/P5200772-300x225.jpg 300w, https://www.flieg.fr/wordpress/wp-content/uploads/2012/05/P5200772-1024x768.jpg 1024w, https://www.flieg.fr/wordpress/wp-content/uploads/2012/05/P5200772-624x468.jpg 624w, https://www.flieg.fr/wordpress/wp-content/uploads/2012/05/P5200772.jpg 2048w" sizes="auto, (max-width: 300px) 100vw, 300px" /></a></p>
<p>Mais 10mn plus tard on est attablés dans notre chambre.</p>
<p>Après ce repas de 15h, je ressens soudain comme une attaque grippale. Grosse fatigue. Après la douche, ça ne lâche pas. C&rsquo;est le lit immédiat. Après un petit somme, pareil. A 20h, nous ne descendons pas manger. Je fais le rapport de la journée, mais nous ne descendons pas pour le mettre sur internet. Nous ne passons pas une bonne nuit. La perspective d&rsquo;une grippe n&rsquo;est pas une nouvelle réjouissante.</p>

<p>Dimanche 20 Mai Ce matin, le ciel est si bas que nous ne nous faisons aucune illusion sur ce qui va nous tomber dessus. Le temps de l&rsquo;esquive est révolu. Mais nous partons d&rsquo;un bon pas. A l&rsquo;approche d&rsquo;un carrefour, il y a un drôle de panneau. Laissez passer les rats ( sans doute parce [&hellip;]</p>
