{"id":933,"date":"2012-05-18T20:45:16","date_gmt":"2012-05-18T19:45:16","guid":{"rendered":"http:\/\/flieg.fr\/?page_id=933"},"modified":"2023-03-21T11:11:52","modified_gmt":"2023-03-21T10:11:52","slug":"jour-53-etape-49-de-santo-domingo-a-vioria-de-rioja-16-km-samedi-19-mai","status":"publish","type":"page","link":"https:\/\/www.flieg.fr\/?page_id=933","title":{"rendered":"jour 53 \u00e9tape 49 : de Santo Domingo \u00e0 Viloria de Rioja : 16 km  Samedi 19 Mai"},"content":{"rendered":"<p>Samedi 19 mai 2012<\/p>\n<p>Petite \u00e9tape pour tester les nouvelles semelles int\u00e9rieures que nous avons achet\u00e9es hier soir. Apr\u00e8s 970km les premi\u00e8res sont un peu raplapla (nous pas encore).Nous sommes partis tard ce matin, vers 10h. Le temps est incertain, apr\u00e8s le gros orage de la nuit. Nous sommes en vue du premier village \u00ab\u00a0Gra\u00f1on\u00a0\u00bb qui se d\u00e9coupe sur un ciel noir.<\/p>\n<div id=\"attachment_964\" style=\"width: 310px\" class=\"wp-caption alignnone\"><a href=\"http:\/\/flieg.fr\/wordpress\/wp-content\/uploads\/2012\/05\/P5190739.jpg\"><img loading=\"lazy\" decoding=\"async\" aria-describedby=\"caption-attachment-964\" class=\"size-medium wp-image-964\" title=\"OLYMPUS DIGITAL CAMERA\" src=\"http:\/\/flieg.fr\/wordpress\/wp-content\/uploads\/2012\/05\/P5190739-300x225.jpg\" alt=\"\" width=\"300\" height=\"225\" srcset=\"https:\/\/www.flieg.fr\/wordpress\/wp-content\/uploads\/2012\/05\/P5190739-300x225.jpg 300w, https:\/\/www.flieg.fr\/wordpress\/wp-content\/uploads\/2012\/05\/P5190739-1024x768.jpg 1024w, https:\/\/www.flieg.fr\/wordpress\/wp-content\/uploads\/2012\/05\/P5190739-624x468.jpg 624w, https:\/\/www.flieg.fr\/wordpress\/wp-content\/uploads\/2012\/05\/P5190739.jpg 2048w\" sizes=\"auto, (max-width: 300px) 100vw, 300px\" \/><\/a><p id=\"caption-attachment-964\" class=\"wp-caption-text\">un grain se pr\u00e9pare sur Gra\u00f1on<\/p><\/div>\n<p>Nous pressons le pas en esp\u00e9rant pouvoir arriver avant la douche pr\u00e9visible. Un hangar providentiel \u00e0 l&rsquo;entr\u00e9e du village nous semble atteignable. Mais le proprietaire en a barr\u00e9 l&rsquo;acc\u00e8s. Nous avons tout juste le temps d&rsquo;arriver et de nous engouffrer dans le caf\u00e9 du village et c&rsquo;est le d\u00e9luge.<\/p>\n<p><a href=\"http:\/\/flieg.fr\/wordpress\/wp-content\/uploads\/2012\/05\/P5190741.jpg\"><img loading=\"lazy\" decoding=\"async\" class=\"alignnone size-medium wp-image-965\" title=\"OLYMPUS DIGITAL CAMERA\" src=\"http:\/\/flieg.fr\/wordpress\/wp-content\/uploads\/2012\/05\/P5190741-225x300.jpg\" alt=\"\" width=\"225\" height=\"300\" srcset=\"https:\/\/www.flieg.fr\/wordpress\/wp-content\/uploads\/2012\/05\/P5190741-225x300.jpg 225w, https:\/\/www.flieg.fr\/wordpress\/wp-content\/uploads\/2012\/05\/P5190741-768x1024.jpg 768w, https:\/\/www.flieg.fr\/wordpress\/wp-content\/uploads\/2012\/05\/P5190741-624x832.jpg 624w, https:\/\/www.flieg.fr\/wordpress\/wp-content\/uploads\/2012\/05\/P5190741.jpg 1536w\" sizes=\"auto, (max-width: 225px) 100vw, 225px\" \/><\/a><\/p>\n<p>Il est midi et le caf\u00e9 propose des bocadillos (des sandwiches). Parfait: on mange pendant la pluie et on repart sous le soleil. 8km plus loin, m\u00eame sc\u00e9nario. Cette fois le premier hangar du village est accessible. Red\u00e9luge. On voit passer une dizaine de pelerins moins heureux que nous, parce que tremp\u00e9s jusqu&rsquo;aux os.<\/p>\n<p><a href=\"http:\/\/flieg.fr\/wordpress\/wp-content\/uploads\/2012\/05\/P5190747.jpg\"><img loading=\"lazy\" decoding=\"async\" class=\"alignnone size-medium wp-image-966\" title=\"OLYMPUS DIGITAL CAMERA\" src=\"http:\/\/flieg.fr\/wordpress\/wp-content\/uploads\/2012\/05\/P5190747-300x225.jpg\" alt=\"\" width=\"300\" height=\"225\" srcset=\"https:\/\/www.flieg.fr\/wordpress\/wp-content\/uploads\/2012\/05\/P5190747-300x225.jpg 300w, https:\/\/www.flieg.fr\/wordpress\/wp-content\/uploads\/2012\/05\/P5190747-1024x768.jpg 1024w, https:\/\/www.flieg.fr\/wordpress\/wp-content\/uploads\/2012\/05\/P5190747-624x468.jpg 624w, https:\/\/www.flieg.fr\/wordpress\/wp-content\/uploads\/2012\/05\/P5190747.jpg 2048w\" sizes=\"auto, (max-width: 300px) 100vw, 300px\" \/><\/a><a href=\"http:\/\/flieg.fr\/wordpress\/wp-content\/uploads\/2012\/05\/P5190749.jpg\"><img loading=\"lazy\" decoding=\"async\" class=\"alignnone size-medium wp-image-967\" title=\"OLYMPUS DIGITAL CAMERA\" src=\"http:\/\/flieg.fr\/wordpress\/wp-content\/uploads\/2012\/05\/P5190749-300x225.jpg\" alt=\"\" width=\"300\" height=\"225\" srcset=\"https:\/\/www.flieg.fr\/wordpress\/wp-content\/uploads\/2012\/05\/P5190749-300x225.jpg 300w, https:\/\/www.flieg.fr\/wordpress\/wp-content\/uploads\/2012\/05\/P5190749-1024x768.jpg 1024w, https:\/\/www.flieg.fr\/wordpress\/wp-content\/uploads\/2012\/05\/P5190749-624x468.jpg 624w, https:\/\/www.flieg.fr\/wordpress\/wp-content\/uploads\/2012\/05\/P5190749.jpg 2048w\" sizes=\"auto, (max-width: 300px) 100vw, 300px\" \/><\/a><\/p>\n<p>Finalement nous atteindrons notre hostelito juste avant le troisi\u00e8me d\u00e9luge. Et la premi\u00e8re chose qu&rsquo;on a faite, c&rsquo;est de nous doucher!<\/p>\n","protected":false},"excerpt":{"rendered":"<p>Samedi 19 mai 2012 Petite \u00e9tape pour tester les nouvelles semelles int\u00e9rieures que nous avons achet\u00e9es hier soir. Apr\u00e8s 970km les premi\u00e8res sont un peu raplapla (nous pas encore).Nous sommes partis tard ce matin, vers 10h. Le temps est incertain, apr\u00e8s le gros orage de la nuit. Nous sommes en vue du premier village \u00ab\u00a0Gra\u00f1on\u00a0\u00bb [&hellip;]<\/p>\n","protected":false},"author":3,"featured_media":0,"parent":0,"menu_order":0,"comment_status":"open","ping_status":"open","template":"","meta":{"footnotes":""},"class_list":["post-933","page","type-page","status-publish","hentry"],"_links":{"self":[{"href":"https:\/\/www.flieg.fr\/index.php?rest_route=\/wp\/v2\/pages\/933","targetHints":{"allow":["GET"]}}],"collection":[{"href":"https:\/\/www.flieg.fr\/index.php?rest_route=\/wp\/v2\/pages"}],"about":[{"href":"https:\/\/www.flieg.fr\/index.php?rest_route=\/wp\/v2\/types\/page"}],"author":[{"embeddable":true,"href":"https:\/\/www.flieg.fr\/index.php?rest_route=\/wp\/v2\/users\/3"}],"replies":[{"embeddable":true,"href":"https:\/\/www.flieg.fr\/index.php?rest_route=%2Fwp%2Fv2%2Fcomments&post=933"}],"version-history":[{"count":9,"href":"https:\/\/www.flieg.fr\/index.php?rest_route=\/wp\/v2\/pages\/933\/revisions"}],"predecessor-version":[{"id":2441,"href":"https:\/\/www.flieg.fr\/index.php?rest_route=\/wp\/v2\/pages\/933\/revisions\/2441"}],"wp:attachment":[{"href":"https:\/\/www.flieg.fr\/index.php?rest_route=%2Fwp%2Fv2%2Fmedia&parent=933"}],"curies":[{"name":"wp","href":"https:\/\/api.w.org\/{rel}","templated":true}]}}

jour 53 étape 49 : de Santo Domingo à Viloria de Rioja : 16 km  Samedi 19 Mai

<p>Samedi 19 mai 2012</p>
<p>Petite étape pour tester les nouvelles semelles intérieures que nous avons achetées hier soir. Après 970km les premières sont un peu raplapla (nous pas encore).Nous sommes partis tard ce matin, vers 10h. Le temps est incertain, après le gros orage de la nuit. Nous sommes en vue du premier village « Grañon » qui se découpe sur un ciel noir.</p>
<div id="attachment_964" style="width: 310px" class="wp-caption alignnone"><a href="http://flieg.fr/wordpress/wp-content/uploads/2012/05/P5190739.jpg"><img loading="lazy" decoding="async" aria-describedby="caption-attachment-964" class="size-medium wp-image-964" title="OLYMPUS DIGITAL CAMERA" src="http://flieg.fr/wordpress/wp-content/uploads/2012/05/P5190739-300x225.jpg" alt="" width="300" height="225" srcset="https://www.flieg.fr/wordpress/wp-content/uploads/2012/05/P5190739-300x225.jpg 300w, https://www.flieg.fr/wordpress/wp-content/uploads/2012/05/P5190739-1024x768.jpg 1024w, https://www.flieg.fr/wordpress/wp-content/uploads/2012/05/P5190739-624x468.jpg 624w, https://www.flieg.fr/wordpress/wp-content/uploads/2012/05/P5190739.jpg 2048w" sizes="auto, (max-width: 300px) 100vw, 300px" /></a><p id="caption-attachment-964" class="wp-caption-text">un grain se prépare sur Grañon</p></div>
<p>Nous pressons le pas en espérant pouvoir arriver avant la douche prévisible. Un hangar providentiel à l&rsquo;entrée du village nous semble atteignable. Mais le proprietaire en a barré l&rsquo;accès. Nous avons tout juste le temps d&rsquo;arriver et de nous engouffrer dans le café du village et c&rsquo;est le déluge.</p>
<p><a href="http://flieg.fr/wordpress/wp-content/uploads/2012/05/P5190741.jpg"><img loading="lazy" decoding="async" class="alignnone size-medium wp-image-965" title="OLYMPUS DIGITAL CAMERA" src="http://flieg.fr/wordpress/wp-content/uploads/2012/05/P5190741-225x300.jpg" alt="" width="225" height="300" srcset="https://www.flieg.fr/wordpress/wp-content/uploads/2012/05/P5190741-225x300.jpg 225w, https://www.flieg.fr/wordpress/wp-content/uploads/2012/05/P5190741-768x1024.jpg 768w, https://www.flieg.fr/wordpress/wp-content/uploads/2012/05/P5190741-624x832.jpg 624w, https://www.flieg.fr/wordpress/wp-content/uploads/2012/05/P5190741.jpg 1536w" sizes="auto, (max-width: 225px) 100vw, 225px" /></a></p>
<p>Il est midi et le café propose des bocadillos (des sandwiches). Parfait: on mange pendant la pluie et on repart sous le soleil. 8km plus loin, même scénario. Cette fois le premier hangar du village est accessible. Redéluge. On voit passer une dizaine de pelerins moins heureux que nous, parce que trempés jusqu&rsquo;aux os.</p>
<p><a href="http://flieg.fr/wordpress/wp-content/uploads/2012/05/P5190747.jpg"><img loading="lazy" decoding="async" class="alignnone size-medium wp-image-966" title="OLYMPUS DIGITAL CAMERA" src="http://flieg.fr/wordpress/wp-content/uploads/2012/05/P5190747-300x225.jpg" alt="" width="300" height="225" srcset="https://www.flieg.fr/wordpress/wp-content/uploads/2012/05/P5190747-300x225.jpg 300w, https://www.flieg.fr/wordpress/wp-content/uploads/2012/05/P5190747-1024x768.jpg 1024w, https://www.flieg.fr/wordpress/wp-content/uploads/2012/05/P5190747-624x468.jpg 624w, https://www.flieg.fr/wordpress/wp-content/uploads/2012/05/P5190747.jpg 2048w" sizes="auto, (max-width: 300px) 100vw, 300px" /></a><a href="http://flieg.fr/wordpress/wp-content/uploads/2012/05/P5190749.jpg"><img loading="lazy" decoding="async" class="alignnone size-medium wp-image-967" title="OLYMPUS DIGITAL CAMERA" src="http://flieg.fr/wordpress/wp-content/uploads/2012/05/P5190749-300x225.jpg" alt="" width="300" height="225" srcset="https://www.flieg.fr/wordpress/wp-content/uploads/2012/05/P5190749-300x225.jpg 300w, https://www.flieg.fr/wordpress/wp-content/uploads/2012/05/P5190749-1024x768.jpg 1024w, https://www.flieg.fr/wordpress/wp-content/uploads/2012/05/P5190749-624x468.jpg 624w, https://www.flieg.fr/wordpress/wp-content/uploads/2012/05/P5190749.jpg 2048w" sizes="auto, (max-width: 300px) 100vw, 300px" /></a></p>
<p>Finalement nous atteindrons notre hostelito juste avant le troisième déluge. Et la première chose qu&rsquo;on a faite, c&rsquo;est de nous doucher!</p>

<p>Samedi 19 mai 2012 Petite étape pour tester les nouvelles semelles intérieures que nous avons achetées hier soir. Après 970km les premières sont un peu raplapla (nous pas encore).Nous sommes partis tard ce matin, vers 10h. Le temps est incertain, après le gros orage de la nuit. Nous sommes en vue du premier village « Grañon » [&hellip;]</p>
