{"id":905,"date":"2012-05-17T14:24:57","date_gmt":"2012-05-17T13:24:57","guid":{"rendered":"http:\/\/flieg.fr\/?page_id=905"},"modified":"2023-03-21T11:11:24","modified_gmt":"2023-03-21T10:11:24","slug":"jour-51-etape-47-de-navarette-a-najera-18-km-jeudi-17-mai-2012","status":"publish","type":"page","link":"https:\/\/www.flieg.fr\/?page_id=905","title":{"rendered":"Jour 51 etape 47 : de Navarette \u00e0 Najera : 18 km jeudi 17 Mai 2012"},"content":{"rendered":"<p>jeudi 17 Mai 2012<\/p>\n<p>Ce matin, il fait \u00e0 peine 12 degr\u00e9s. Il y a des nuages bas et un vent froid. Nous ressortons les blousons.<br \/>\nUn bouquet pour Michelle \u00e0 la demande de Josiane : Josiane qui nous suit assid\u00fbment sur notre blog l&rsquo;avait sugg\u00e9r\u00e9, voil\u00e0 qui est fait.<\/p>\n<p><a href=\"http:\/\/flieg.fr\/wordpress\/wp-content\/uploads\/2012\/05\/P5170674.jpg\"><img loading=\"lazy\" decoding=\"async\" class=\"alignnone size-medium wp-image-908\" title=\"OLYMPUS DIGITAL CAMERA\" src=\"http:\/\/flieg.fr\/wordpress\/wp-content\/uploads\/2012\/05\/P5170674-300x225.jpg\" alt=\"\" width=\"300\" height=\"225\" srcset=\"https:\/\/www.flieg.fr\/wordpress\/wp-content\/uploads\/2012\/05\/P5170674-300x225.jpg 300w, https:\/\/www.flieg.fr\/wordpress\/wp-content\/uploads\/2012\/05\/P5170674-1024x768.jpg 1024w, https:\/\/www.flieg.fr\/wordpress\/wp-content\/uploads\/2012\/05\/P5170674-624x468.jpg 624w, https:\/\/www.flieg.fr\/wordpress\/wp-content\/uploads\/2012\/05\/P5170674.jpg 2048w\" sizes=\"auto, (max-width: 300px) 100vw, 300px\" \/><\/a><br \/>\nLa Japan Santiago Line est toujours pr\u00e9sente: le car \u00ab\u00a0Allegria\u00a0\u00bb beige et rouge que nous voyons depuis Roncevaux a de nouveau d\u00e9vers\u00e9 le groupes de japonais sur le chemin.<\/p>\n<p><a href=\"http:\/\/flieg.fr\/wordpress\/wp-content\/uploads\/2012\/05\/P5150636.jpg\"><img loading=\"lazy\" decoding=\"async\" class=\"alignnone size-medium wp-image-909\" title=\"OLYMPUS DIGITAL CAMERA\" src=\"http:\/\/flieg.fr\/wordpress\/wp-content\/uploads\/2012\/05\/P5150636-300x225.jpg\" alt=\"\" width=\"300\" height=\"225\" srcset=\"https:\/\/www.flieg.fr\/wordpress\/wp-content\/uploads\/2012\/05\/P5150636-300x225.jpg 300w, https:\/\/www.flieg.fr\/wordpress\/wp-content\/uploads\/2012\/05\/P5150636-1024x768.jpg 1024w, https:\/\/www.flieg.fr\/wordpress\/wp-content\/uploads\/2012\/05\/P5150636-624x468.jpg 624w, https:\/\/www.flieg.fr\/wordpress\/wp-content\/uploads\/2012\/05\/P5150636.jpg 2048w\" sizes=\"auto, (max-width: 300px) 100vw, 300px\" \/><\/a><a href=\"http:\/\/flieg.fr\/wordpress\/wp-content\/uploads\/2012\/05\/P5170677.jpg\"><img loading=\"lazy\" decoding=\"async\" class=\"alignnone size-medium wp-image-916\" title=\"OLYMPUS DIGITAL CAMERA\" src=\"http:\/\/flieg.fr\/wordpress\/wp-content\/uploads\/2012\/05\/P5170677-300x225.jpg\" alt=\"\" width=\"300\" height=\"225\" srcset=\"https:\/\/www.flieg.fr\/wordpress\/wp-content\/uploads\/2012\/05\/P5170677-300x225.jpg 300w, https:\/\/www.flieg.fr\/wordpress\/wp-content\/uploads\/2012\/05\/P5170677-1024x768.jpg 1024w, https:\/\/www.flieg.fr\/wordpress\/wp-content\/uploads\/2012\/05\/P5170677-624x468.jpg 624w, https:\/\/www.flieg.fr\/wordpress\/wp-content\/uploads\/2012\/05\/P5170677.jpg 2048w\" sizes=\"auto, (max-width: 300px) 100vw, 300px\" \/><\/a><\/p>\n<p>Salutations r\u00e9ciproques comme chaque jour. A ce propos, il faut signaler que 9 personnes sur 10 qui nous croisent, nous saluent d&rsquo;un \u00ab\u00a0Buen Camino!\u00a0\u00bb<br \/>\nLes noces de Cana version 2012: nous remarquons que les vignes b\u00e9n\u00e9ficient ici d&rsquo;un arrosage t\u00e9l\u00e9command\u00e9 par radio.<\/p>\n<p><a href=\"http:\/\/flieg.fr\/wordpress\/wp-content\/uploads\/2012\/05\/P5170676.jpg\"><img loading=\"lazy\" decoding=\"async\" class=\"alignnone size-medium wp-image-910\" title=\"OLYMPUS DIGITAL CAMERA\" src=\"http:\/\/flieg.fr\/wordpress\/wp-content\/uploads\/2012\/05\/P5170676-300x225.jpg\" alt=\"\" width=\"300\" height=\"225\" srcset=\"https:\/\/www.flieg.fr\/wordpress\/wp-content\/uploads\/2012\/05\/P5170676-300x225.jpg 300w, https:\/\/www.flieg.fr\/wordpress\/wp-content\/uploads\/2012\/05\/P5170676-1024x768.jpg 1024w, https:\/\/www.flieg.fr\/wordpress\/wp-content\/uploads\/2012\/05\/P5170676-624x468.jpg 624w, https:\/\/www.flieg.fr\/wordpress\/wp-content\/uploads\/2012\/05\/P5170676.jpg 2048w\" sizes=\"auto, (max-width: 300px) 100vw, 300px\" \/><\/a><a href=\"http:\/\/flieg.fr\/wordpress\/wp-content\/uploads\/2012\/05\/P5170678.jpg\"><img loading=\"lazy\" decoding=\"async\" class=\"alignnone size-medium wp-image-911\" title=\"OLYMPUS DIGITAL CAMERA\" src=\"http:\/\/flieg.fr\/wordpress\/wp-content\/uploads\/2012\/05\/P5170678-225x300.jpg\" alt=\"\" width=\"225\" height=\"300\" srcset=\"https:\/\/www.flieg.fr\/wordpress\/wp-content\/uploads\/2012\/05\/P5170678-225x300.jpg 225w, https:\/\/www.flieg.fr\/wordpress\/wp-content\/uploads\/2012\/05\/P5170678-768x1024.jpg 768w, https:\/\/www.flieg.fr\/wordpress\/wp-content\/uploads\/2012\/05\/P5170678-624x832.jpg 624w, https:\/\/www.flieg.fr\/wordpress\/wp-content\/uploads\/2012\/05\/P5170678.jpg 1536w\" sizes=\"auto, (max-width: 225px) 100vw, 225px\" \/><\/a><\/p>\n<p>De fait, les vignerons ont tout simplement trouve le moyen de changer l&rsquo;eau en vin!<\/p>\n<p>Ce qui frappe quand on arrive en d\u00e9but d&rsquo;apr\u00e8s-midi, dans un village, c&rsquo;est que tout a l&rsquo;air mort. Les volets sont ferm\u00e9s, les magasins ont baiss\u00e9 leurs grilles qu&rsquo;\u00ecls ne rouvriront qu&rsquo;apr\u00e8s 17h. A Najera, il y a juste un Simply Market ouvert.<\/p>\n<p><a href=\"http:\/\/flieg.fr\/wordpress\/wp-content\/uploads\/2012\/05\/P5170679.jpg\"><img loading=\"lazy\" decoding=\"async\" class=\"alignnone size-medium wp-image-912\" title=\"OLYMPUS DIGITAL CAMERA\" src=\"http:\/\/flieg.fr\/wordpress\/wp-content\/uploads\/2012\/05\/P5170679-300x225.jpg\" alt=\"\" width=\"300\" height=\"225\" srcset=\"https:\/\/www.flieg.fr\/wordpress\/wp-content\/uploads\/2012\/05\/P5170679-300x225.jpg 300w, https:\/\/www.flieg.fr\/wordpress\/wp-content\/uploads\/2012\/05\/P5170679-1024x768.jpg 1024w, https:\/\/www.flieg.fr\/wordpress\/wp-content\/uploads\/2012\/05\/P5170679-624x468.jpg 624w, https:\/\/www.flieg.fr\/wordpress\/wp-content\/uploads\/2012\/05\/P5170679.jpg 2048w\" sizes=\"auto, (max-width: 300px) 100vw, 300px\" \/><\/a><\/p>\n<p>Nous y achetons tout de suite de quoi faire le pique nique pour le lendemain. Comme l&rsquo;affiche l&rsquo;indique, nous recevons une bouteille d&rsquo;eau gratuite en montrant notre cr\u00e9anciale.<br \/>\nD&rsquo;ailleurs, l&rsquo;autre jour, alors que nous mangions sur la place d&rsquo;un village, le boulanger \u00e9tait venu nous offrir deux pains!<\/p>\n<p>Nous sommes arriv\u00e9s dans notre hotel \u00ab\u00a0Ciudad de Najera\u00a0\u00bb vers 15h30.<\/p>\n<p>Apr\u00e8s les ablutions d&rsquo;usage et un peu de repos, nous sommes all\u00e9s visiter le panth\u00e9on de Santa Maria la Real contenant une trentaine de s\u00e9pulcres avec gisants, dont celui de la Reine Blanche de Navarre. Les b\u00e2timents du XV\u00e8me et XVI\u00e8me si\u00e8cle ont \u00e9t\u00e9 pr\u00e9serv\u00e9s, restaur\u00e9s avec soin et contiennent encore de nombreuses pi\u00e8ces de patrimoine d&rsquo;\u00e9poque.<\/p>\n<div id=\"attachment_913\" style=\"width: 310px\" class=\"wp-caption alignnone\"><a href=\"http:\/\/flieg.fr\/wordpress\/wp-content\/uploads\/2012\/05\/P5170698.jpg\"><img loading=\"lazy\" decoding=\"async\" aria-describedby=\"caption-attachment-913\" class=\"size-medium wp-image-913\" title=\"OLYMPUS DIGITAL CAMERA\" src=\"http:\/\/flieg.fr\/wordpress\/wp-content\/uploads\/2012\/05\/P5170698-300x225.jpg\" alt=\"\" width=\"300\" height=\"225\" srcset=\"https:\/\/www.flieg.fr\/wordpress\/wp-content\/uploads\/2012\/05\/P5170698-300x225.jpg 300w, https:\/\/www.flieg.fr\/wordpress\/wp-content\/uploads\/2012\/05\/P5170698-1024x768.jpg 1024w, https:\/\/www.flieg.fr\/wordpress\/wp-content\/uploads\/2012\/05\/P5170698-624x468.jpg 624w, https:\/\/www.flieg.fr\/wordpress\/wp-content\/uploads\/2012\/05\/P5170698.jpg 2048w\" sizes=\"auto, (max-width: 300px) 100vw, 300px\" \/><\/a><p id=\"caption-attachment-913\" class=\"wp-caption-text\">le tombeau de Blanche de Navarre m\u00e8re d'Alphonse VIII roi de Castille<\/p><\/div>\n<div id=\"attachment_914\" style=\"width: 310px\" class=\"wp-caption alignnone\"><a href=\"http:\/\/flieg.fr\/wordpress\/wp-content\/uploads\/2012\/05\/P5170699.jpg\"><img loading=\"lazy\" decoding=\"async\" aria-describedby=\"caption-attachment-914\" class=\"size-medium wp-image-914\" title=\"OLYMPUS DIGITAL CAMERA\" src=\"http:\/\/flieg.fr\/wordpress\/wp-content\/uploads\/2012\/05\/P5170699-300x225.jpg\" alt=\"\" width=\"300\" height=\"225\" srcset=\"https:\/\/www.flieg.fr\/wordpress\/wp-content\/uploads\/2012\/05\/P5170699-300x225.jpg 300w, https:\/\/www.flieg.fr\/wordpress\/wp-content\/uploads\/2012\/05\/P5170699-1024x768.jpg 1024w, https:\/\/www.flieg.fr\/wordpress\/wp-content\/uploads\/2012\/05\/P5170699-624x468.jpg 624w, https:\/\/www.flieg.fr\/wordpress\/wp-content\/uploads\/2012\/05\/P5170699.jpg 2048w\" sizes=\"auto, (max-width: 300px) 100vw, 300px\" \/><\/a><p id=\"caption-attachment-914\" class=\"wp-caption-text\">arche de la porte du bien et du mal, donnant acc\u00e8s au jardin du clo\u00eetre<\/p><\/div>\n<p>Les 1000km dans 4 jours : c&rsquo;est pr\u00e9vu<br \/>\nSantiago dans 30 jours : c&rsquo;est probable.<\/p>\n","protected":false},"excerpt":{"rendered":"<p>jeudi 17 Mai 2012 Ce matin, il fait \u00e0 peine 12 degr\u00e9s. Il y a des nuages bas et un vent froid. Nous ressortons les blousons. Un bouquet pour Michelle \u00e0 la demande de Josiane : Josiane qui nous suit assid\u00fbment sur notre blog l&rsquo;avait sugg\u00e9r\u00e9, voil\u00e0 qui est fait. La Japan Santiago Line est [&hellip;]<\/p>\n","protected":false},"author":3,"featured_media":0,"parent":0,"menu_order":0,"comment_status":"open","ping_status":"open","template":"","meta":{"footnotes":""},"class_list":["post-905","page","type-page","status-publish","hentry"],"_links":{"self":[{"href":"https:\/\/www.flieg.fr\/index.php?rest_route=\/wp\/v2\/pages\/905","targetHints":{"allow":["GET"]}}],"collection":[{"href":"https:\/\/www.flieg.fr\/index.php?rest_route=\/wp\/v2\/pages"}],"about":[{"href":"https:\/\/www.flieg.fr\/index.php?rest_route=\/wp\/v2\/types\/page"}],"author":[{"embeddable":true,"href":"https:\/\/www.flieg.fr\/index.php?rest_route=\/wp\/v2\/users\/3"}],"replies":[{"embeddable":true,"href":"https:\/\/www.flieg.fr\/index.php?rest_route=%2Fwp%2Fv2%2Fcomments&post=905"}],"version-history":[{"count":6,"href":"https:\/\/www.flieg.fr\/index.php?rest_route=\/wp\/v2\/pages\/905\/revisions"}],"predecessor-version":[{"id":2440,"href":"https:\/\/www.flieg.fr\/index.php?rest_route=\/wp\/v2\/pages\/905\/revisions\/2440"}],"wp:attachment":[{"href":"https:\/\/www.flieg.fr\/index.php?rest_route=%2Fwp%2Fv2%2Fmedia&parent=905"}],"curies":[{"name":"wp","href":"https:\/\/api.w.org\/{rel}","templated":true}]}}

Jour 51 etape 47 : de Navarette à Najera : 18 km jeudi 17 Mai 2012

<p>jeudi 17 Mai 2012</p>
<p>Ce matin, il fait à peine 12 degrés. Il y a des nuages bas et un vent froid. Nous ressortons les blousons.<br />
Un bouquet pour Michelle à la demande de Josiane : Josiane qui nous suit assidûment sur notre blog l&rsquo;avait suggéré, voilà qui est fait.</p>
<p><a href="http://flieg.fr/wordpress/wp-content/uploads/2012/05/P5170674.jpg"><img loading="lazy" decoding="async" class="alignnone size-medium wp-image-908" title="OLYMPUS DIGITAL CAMERA" src="http://flieg.fr/wordpress/wp-content/uploads/2012/05/P5170674-300x225.jpg" alt="" width="300" height="225" srcset="https://www.flieg.fr/wordpress/wp-content/uploads/2012/05/P5170674-300x225.jpg 300w, https://www.flieg.fr/wordpress/wp-content/uploads/2012/05/P5170674-1024x768.jpg 1024w, https://www.flieg.fr/wordpress/wp-content/uploads/2012/05/P5170674-624x468.jpg 624w, https://www.flieg.fr/wordpress/wp-content/uploads/2012/05/P5170674.jpg 2048w" sizes="auto, (max-width: 300px) 100vw, 300px" /></a><br />
La Japan Santiago Line est toujours présente: le car « Allegria » beige et rouge que nous voyons depuis Roncevaux a de nouveau déversé le groupes de japonais sur le chemin.</p>
<p><a href="http://flieg.fr/wordpress/wp-content/uploads/2012/05/P5150636.jpg"><img loading="lazy" decoding="async" class="alignnone size-medium wp-image-909" title="OLYMPUS DIGITAL CAMERA" src="http://flieg.fr/wordpress/wp-content/uploads/2012/05/P5150636-300x225.jpg" alt="" width="300" height="225" srcset="https://www.flieg.fr/wordpress/wp-content/uploads/2012/05/P5150636-300x225.jpg 300w, https://www.flieg.fr/wordpress/wp-content/uploads/2012/05/P5150636-1024x768.jpg 1024w, https://www.flieg.fr/wordpress/wp-content/uploads/2012/05/P5150636-624x468.jpg 624w, https://www.flieg.fr/wordpress/wp-content/uploads/2012/05/P5150636.jpg 2048w" sizes="auto, (max-width: 300px) 100vw, 300px" /></a><a href="http://flieg.fr/wordpress/wp-content/uploads/2012/05/P5170677.jpg"><img loading="lazy" decoding="async" class="alignnone size-medium wp-image-916" title="OLYMPUS DIGITAL CAMERA" src="http://flieg.fr/wordpress/wp-content/uploads/2012/05/P5170677-300x225.jpg" alt="" width="300" height="225" srcset="https://www.flieg.fr/wordpress/wp-content/uploads/2012/05/P5170677-300x225.jpg 300w, https://www.flieg.fr/wordpress/wp-content/uploads/2012/05/P5170677-1024x768.jpg 1024w, https://www.flieg.fr/wordpress/wp-content/uploads/2012/05/P5170677-624x468.jpg 624w, https://www.flieg.fr/wordpress/wp-content/uploads/2012/05/P5170677.jpg 2048w" sizes="auto, (max-width: 300px) 100vw, 300px" /></a></p>
<p>Salutations réciproques comme chaque jour. A ce propos, il faut signaler que 9 personnes sur 10 qui nous croisent, nous saluent d&rsquo;un « Buen Camino! »<br />
Les noces de Cana version 2012: nous remarquons que les vignes bénéficient ici d&rsquo;un arrosage télécommandé par radio.</p>
<p><a href="http://flieg.fr/wordpress/wp-content/uploads/2012/05/P5170676.jpg"><img loading="lazy" decoding="async" class="alignnone size-medium wp-image-910" title="OLYMPUS DIGITAL CAMERA" src="http://flieg.fr/wordpress/wp-content/uploads/2012/05/P5170676-300x225.jpg" alt="" width="300" height="225" srcset="https://www.flieg.fr/wordpress/wp-content/uploads/2012/05/P5170676-300x225.jpg 300w, https://www.flieg.fr/wordpress/wp-content/uploads/2012/05/P5170676-1024x768.jpg 1024w, https://www.flieg.fr/wordpress/wp-content/uploads/2012/05/P5170676-624x468.jpg 624w, https://www.flieg.fr/wordpress/wp-content/uploads/2012/05/P5170676.jpg 2048w" sizes="auto, (max-width: 300px) 100vw, 300px" /></a><a href="http://flieg.fr/wordpress/wp-content/uploads/2012/05/P5170678.jpg"><img loading="lazy" decoding="async" class="alignnone size-medium wp-image-911" title="OLYMPUS DIGITAL CAMERA" src="http://flieg.fr/wordpress/wp-content/uploads/2012/05/P5170678-225x300.jpg" alt="" width="225" height="300" srcset="https://www.flieg.fr/wordpress/wp-content/uploads/2012/05/P5170678-225x300.jpg 225w, https://www.flieg.fr/wordpress/wp-content/uploads/2012/05/P5170678-768x1024.jpg 768w, https://www.flieg.fr/wordpress/wp-content/uploads/2012/05/P5170678-624x832.jpg 624w, https://www.flieg.fr/wordpress/wp-content/uploads/2012/05/P5170678.jpg 1536w" sizes="auto, (max-width: 225px) 100vw, 225px" /></a></p>
<p>De fait, les vignerons ont tout simplement trouve le moyen de changer l&rsquo;eau en vin!</p>
<p>Ce qui frappe quand on arrive en début d&rsquo;après-midi, dans un village, c&rsquo;est que tout a l&rsquo;air mort. Les volets sont fermés, les magasins ont baissé leurs grilles qu&rsquo;ìls ne rouvriront qu&rsquo;après 17h. A Najera, il y a juste un Simply Market ouvert.</p>
<p><a href="http://flieg.fr/wordpress/wp-content/uploads/2012/05/P5170679.jpg"><img loading="lazy" decoding="async" class="alignnone size-medium wp-image-912" title="OLYMPUS DIGITAL CAMERA" src="http://flieg.fr/wordpress/wp-content/uploads/2012/05/P5170679-300x225.jpg" alt="" width="300" height="225" srcset="https://www.flieg.fr/wordpress/wp-content/uploads/2012/05/P5170679-300x225.jpg 300w, https://www.flieg.fr/wordpress/wp-content/uploads/2012/05/P5170679-1024x768.jpg 1024w, https://www.flieg.fr/wordpress/wp-content/uploads/2012/05/P5170679-624x468.jpg 624w, https://www.flieg.fr/wordpress/wp-content/uploads/2012/05/P5170679.jpg 2048w" sizes="auto, (max-width: 300px) 100vw, 300px" /></a></p>
<p>Nous y achetons tout de suite de quoi faire le pique nique pour le lendemain. Comme l&rsquo;affiche l&rsquo;indique, nous recevons une bouteille d&rsquo;eau gratuite en montrant notre créanciale.<br />
D&rsquo;ailleurs, l&rsquo;autre jour, alors que nous mangions sur la place d&rsquo;un village, le boulanger était venu nous offrir deux pains!</p>
<p>Nous sommes arrivés dans notre hotel « Ciudad de Najera » vers 15h30.</p>
<p>Après les ablutions d&rsquo;usage et un peu de repos, nous sommes allés visiter le panthéon de Santa Maria la Real contenant une trentaine de sépulcres avec gisants, dont celui de la Reine Blanche de Navarre. Les bâtiments du XVème et XVIème siècle ont été préservés, restaurés avec soin et contiennent encore de nombreuses pièces de patrimoine d&rsquo;époque.</p>
<div id="attachment_913" style="width: 310px" class="wp-caption alignnone"><a href="http://flieg.fr/wordpress/wp-content/uploads/2012/05/P5170698.jpg"><img loading="lazy" decoding="async" aria-describedby="caption-attachment-913" class="size-medium wp-image-913" title="OLYMPUS DIGITAL CAMERA" src="http://flieg.fr/wordpress/wp-content/uploads/2012/05/P5170698-300x225.jpg" alt="" width="300" height="225" srcset="https://www.flieg.fr/wordpress/wp-content/uploads/2012/05/P5170698-300x225.jpg 300w, https://www.flieg.fr/wordpress/wp-content/uploads/2012/05/P5170698-1024x768.jpg 1024w, https://www.flieg.fr/wordpress/wp-content/uploads/2012/05/P5170698-624x468.jpg 624w, https://www.flieg.fr/wordpress/wp-content/uploads/2012/05/P5170698.jpg 2048w" sizes="auto, (max-width: 300px) 100vw, 300px" /></a><p id="caption-attachment-913" class="wp-caption-text">le tombeau de Blanche de Navarre mère d'Alphonse VIII roi de Castille</p></div>
<div id="attachment_914" style="width: 310px" class="wp-caption alignnone"><a href="http://flieg.fr/wordpress/wp-content/uploads/2012/05/P5170699.jpg"><img loading="lazy" decoding="async" aria-describedby="caption-attachment-914" class="size-medium wp-image-914" title="OLYMPUS DIGITAL CAMERA" src="http://flieg.fr/wordpress/wp-content/uploads/2012/05/P5170699-300x225.jpg" alt="" width="300" height="225" srcset="https://www.flieg.fr/wordpress/wp-content/uploads/2012/05/P5170699-300x225.jpg 300w, https://www.flieg.fr/wordpress/wp-content/uploads/2012/05/P5170699-1024x768.jpg 1024w, https://www.flieg.fr/wordpress/wp-content/uploads/2012/05/P5170699-624x468.jpg 624w, https://www.flieg.fr/wordpress/wp-content/uploads/2012/05/P5170699.jpg 2048w" sizes="auto, (max-width: 300px) 100vw, 300px" /></a><p id="caption-attachment-914" class="wp-caption-text">arche de la porte du bien et du mal, donnant accès au jardin du cloître</p></div>
<p>Les 1000km dans 4 jours : c&rsquo;est prévu<br />
Santiago dans 30 jours : c&rsquo;est probable.</p>

<p>jeudi 17 Mai 2012 Ce matin, il fait à peine 12 degrés. Il y a des nuages bas et un vent froid. Nous ressortons les blousons. Un bouquet pour Michelle à la demande de Josiane : Josiane qui nous suit assidûment sur notre blog l&rsquo;avait suggéré, voilà qui est fait. La Japan Santiago Line est [&hellip;]</p>
