{"id":879,"date":"2012-05-16T21:31:25","date_gmt":"2012-05-16T20:31:25","guid":{"rendered":"http:\/\/flieg.fr\/?page_id=879"},"modified":"2023-03-21T11:10:55","modified_gmt":"2023-03-21T10:10:55","slug":"jour-50-etape-46-de-viana-a-navarrete-222-km-mercredi-16-mai-2012","status":"publish","type":"page","link":"https:\/\/www.flieg.fr\/?page_id=879","title":{"rendered":"jour 50 etape 46 : de Viana \u00e0 Navarrete : 22,2 km mercredi 16 mai 2012"},"content":{"rendered":"<p>Mercredi 16 Mai 2012<\/p>\n<p>Journ\u00e9e fra\u00eeche et ensoleill\u00e9e a pr\u00e9voir aujourd&rsquo;hui. Nous nous rendons d&rsquo;abord&nbsp;\u00e0 Logro\u00f1o, capitale de la Rioja. Comme souvent, un pont permet d&rsquo;acc\u00e9der \u00e0 la ville.<\/p>\n<div id=\"attachment_893\" style=\"width: 310px\" class=\"wp-caption alignnone\"><a href=\"http:\/\/flieg.fr\/wordpress\/wp-content\/uploads\/2012\/05\/P5160657.jpg\"><img loading=\"lazy\" decoding=\"async\" aria-describedby=\"caption-attachment-893\" class=\"size-medium wp-image-893\" title=\"OLYMPUS DIGITAL CAMERA\" src=\"http:\/\/flieg.fr\/wordpress\/wp-content\/uploads\/2012\/05\/P5160657-300x225.jpg\" alt=\"\" width=\"300\" height=\"225\" srcset=\"https:\/\/www.flieg.fr\/wordpress\/wp-content\/uploads\/2012\/05\/P5160657-300x225.jpg 300w, https:\/\/www.flieg.fr\/wordpress\/wp-content\/uploads\/2012\/05\/P5160657-1024x768.jpg 1024w, https:\/\/www.flieg.fr\/wordpress\/wp-content\/uploads\/2012\/05\/P5160657-624x468.jpg 624w, https:\/\/www.flieg.fr\/wordpress\/wp-content\/uploads\/2012\/05\/P5160657.jpg 2048w\" sizes=\"auto, (max-width: 300px) 100vw, 300px\" \/><\/a><p id=\"caption-attachment-893\" class=\"wp-caption-text\">le pont sur l'Ebre \u00e0 l'entr\u00e9e de Logro\u00f1o<\/p><\/div>\n<p>Tous les clochers de la r\u00e9gion sont constitu\u00e9s d&rsquo;une tour carr\u00e9e surmont\u00e9e d&rsquo;une lanterne.<\/p>\n<p>On nous avait pr\u00e9venus: nous verrons des cigognes en Rioja (prononcez riz au rat). Elles font des nids dans les clochers (les cigognes).<\/p>\n<div id=\"attachment_896\" style=\"width: 235px\" class=\"wp-caption alignnone\"><a href=\"http:\/\/flieg.fr\/wordpress\/wp-content\/uploads\/2012\/05\/P5160656.jpg\"><img loading=\"lazy\" decoding=\"async\" aria-describedby=\"caption-attachment-896\" class=\"size-medium wp-image-896\" title=\"OLYMPUS DIGITAL CAMERA\" src=\"http:\/\/flieg.fr\/wordpress\/wp-content\/uploads\/2012\/05\/P5160656-225x300.jpg\" alt=\"\" width=\"225\" height=\"300\" srcset=\"https:\/\/www.flieg.fr\/wordpress\/wp-content\/uploads\/2012\/05\/P5160656-225x300.jpg 225w, https:\/\/www.flieg.fr\/wordpress\/wp-content\/uploads\/2012\/05\/P5160656-768x1024.jpg 768w, https:\/\/www.flieg.fr\/wordpress\/wp-content\/uploads\/2012\/05\/P5160656-624x832.jpg 624w, https:\/\/www.flieg.fr\/wordpress\/wp-content\/uploads\/2012\/05\/P5160656.jpg 1536w\" sizes=\"auto, (max-width: 225px) 100vw, 225px\" \/><\/a><p id=\"caption-attachment-896\" class=\"wp-caption-text\">les cigognes de la Rioja: il y en a dessus, dedans et \u00e0 c\u00f4t\u00e9<\/p><\/div>\n<div id=\"attachment_891\" style=\"width: 310px\" class=\"wp-caption alignnone\"><a href=\"http:\/\/flieg.fr\/wordpress\/wp-content\/uploads\/2012\/05\/P5160653.jpg\"><img loading=\"lazy\" decoding=\"async\" aria-describedby=\"caption-attachment-891\" class=\"size-medium wp-image-891\" title=\"OLYMPUS DIGITAL CAMERA\" src=\"http:\/\/flieg.fr\/wordpress\/wp-content\/uploads\/2012\/05\/P5160653-300x225.jpg\" alt=\"\" width=\"300\" height=\"225\" srcset=\"https:\/\/www.flieg.fr\/wordpress\/wp-content\/uploads\/2012\/05\/P5160653-300x225.jpg 300w, https:\/\/www.flieg.fr\/wordpress\/wp-content\/uploads\/2012\/05\/P5160653-1024x768.jpg 1024w, https:\/\/www.flieg.fr\/wordpress\/wp-content\/uploads\/2012\/05\/P5160653-624x468.jpg 624w, https:\/\/www.flieg.fr\/wordpress\/wp-content\/uploads\/2012\/05\/P5160653.jpg 2048w\" sizes=\"auto, (max-width: 300px) 100vw, 300px\" \/><\/a><p id=\"caption-attachment-891\" class=\"wp-caption-text\">la cath\u00e9drale de Logro\u00f1o Santa Maria La Redonda<\/p><\/div>\n<div class=\"mceTemp\">Nous prenons le temps de fl\u00e2ner dans la ville et d&rsquo;y faire nos provisions pour la route. La sortie de la ville se fait par un parc de plusieurs kilom\u00e8tres de long, une sorte de Rives de la Thur en 20 fois plus grand. Marche sereine entre les arbres sur un chemin balis\u00e9 de coquilles stylis\u00e9es.<\/div>\n<div class=\"mceTemp\"><a href=\"http:\/\/flieg.fr\/wordpress\/wp-content\/uploads\/2012\/05\/P5160662.jpg\"><img loading=\"lazy\" decoding=\"async\" class=\"alignnone size-medium wp-image-894\" title=\"OLYMPUS DIGITAL CAMERA\" src=\"http:\/\/flieg.fr\/wordpress\/wp-content\/uploads\/2012\/05\/P5160662-300x225.jpg\" alt=\"\" width=\"300\" height=\"225\" srcset=\"https:\/\/www.flieg.fr\/wordpress\/wp-content\/uploads\/2012\/05\/P5160662-300x225.jpg 300w, https:\/\/www.flieg.fr\/wordpress\/wp-content\/uploads\/2012\/05\/P5160662-1024x768.jpg 1024w, https:\/\/www.flieg.fr\/wordpress\/wp-content\/uploads\/2012\/05\/P5160662-624x468.jpg 624w, https:\/\/www.flieg.fr\/wordpress\/wp-content\/uploads\/2012\/05\/P5160662.jpg 2048w\" sizes=\"auto, (max-width: 300px) 100vw, 300px\" \/><\/a><\/div>\n<div class=\"mceTemp\">Nous jetons un coup d&rsquo;oeil en arri\u00e8re sur Logro\u00f1o et son parc.<\/div>\n<div class=\"mceTemp\">\n<div id=\"attachment_895\" style=\"width: 310px\" class=\"wp-caption alignnone\"><a href=\"http:\/\/flieg.fr\/wordpress\/wp-content\/uploads\/2012\/05\/P5160664.jpg\"><img loading=\"lazy\" decoding=\"async\" aria-describedby=\"caption-attachment-895\" class=\"size-medium wp-image-895\" title=\"OLYMPUS DIGITAL CAMERA\" src=\"http:\/\/flieg.fr\/wordpress\/wp-content\/uploads\/2012\/05\/P5160664-300x225.jpg\" alt=\"\" width=\"300\" height=\"225\" srcset=\"https:\/\/www.flieg.fr\/wordpress\/wp-content\/uploads\/2012\/05\/P5160664-300x225.jpg 300w, https:\/\/www.flieg.fr\/wordpress\/wp-content\/uploads\/2012\/05\/P5160664-1024x768.jpg 1024w, https:\/\/www.flieg.fr\/wordpress\/wp-content\/uploads\/2012\/05\/P5160664-624x468.jpg 624w, https:\/\/www.flieg.fr\/wordpress\/wp-content\/uploads\/2012\/05\/P5160664.jpg 2048w\" sizes=\"auto, (max-width: 300px) 100vw, 300px\" \/><\/a><p id=\"caption-attachment-895\" class=\"wp-caption-text\">Logro\u00f1o, son parc et son plan d'eau<\/p><\/div>\n<\/div>\n<div class=\"mceTemp\">&nbsp;La Rioja est aussi connue pour ses vignes souvent bord\u00e9e d&rsquo;amandiers.&nbsp;<\/div>\n<div class=\"mceTemp\"><a href=\"http:\/\/flieg.fr\/wordpress\/wp-content\/uploads\/2012\/05\/P5160663.jpg\"><img loading=\"lazy\" decoding=\"async\" class=\"alignnone size-medium wp-image-897\" title=\"OLYMPUS DIGITAL CAMERA\" src=\"http:\/\/flieg.fr\/wordpress\/wp-content\/uploads\/2012\/05\/P5160663-300x225.jpg\" alt=\"\" width=\"300\" height=\"225\" srcset=\"https:\/\/www.flieg.fr\/wordpress\/wp-content\/uploads\/2012\/05\/P5160663-300x225.jpg 300w, https:\/\/www.flieg.fr\/wordpress\/wp-content\/uploads\/2012\/05\/P5160663-1024x768.jpg 1024w, https:\/\/www.flieg.fr\/wordpress\/wp-content\/uploads\/2012\/05\/P5160663-624x468.jpg 624w, https:\/\/www.flieg.fr\/wordpress\/wp-content\/uploads\/2012\/05\/P5160663.jpg 2048w\" sizes=\"auto, (max-width: 300px) 100vw, 300px\" \/><\/a><\/div>\n<div class=\"mceTemp\">&nbsp;<\/div>\n<div class=\"mceTemp\">\n<div id=\"attachment_898\" style=\"width: 310px\" class=\"wp-caption alignnone\"><a href=\"http:\/\/flieg.fr\/wordpress\/wp-content\/uploads\/2012\/05\/P5160667.jpg\"><img loading=\"lazy\" decoding=\"async\" aria-describedby=\"caption-attachment-898\" class=\"size-medium wp-image-898\" title=\"OLYMPUS DIGITAL CAMERA\" src=\"http:\/\/flieg.fr\/wordpress\/wp-content\/uploads\/2012\/05\/P5160667-300x225.jpg\" alt=\"\" width=\"300\" height=\"225\" srcset=\"https:\/\/www.flieg.fr\/wordpress\/wp-content\/uploads\/2012\/05\/P5160667-300x225.jpg 300w, https:\/\/www.flieg.fr\/wordpress\/wp-content\/uploads\/2012\/05\/P5160667-1024x768.jpg 1024w, https:\/\/www.flieg.fr\/wordpress\/wp-content\/uploads\/2012\/05\/P5160667-624x468.jpg 624w, https:\/\/www.flieg.fr\/wordpress\/wp-content\/uploads\/2012\/05\/P5160667.jpg 2048w\" sizes=\"auto, (max-width: 300px) 100vw, 300px\" \/><\/a><p id=\"caption-attachment-898\" class=\"wp-caption-text\">Navarrete sur son piton rocheux<\/p><\/div>\n<\/div>\n<div class=\"mceTemp\">&nbsp;<\/div>\n<div class=\"mceTemp\">&nbsp;<\/div>\n<div class=\"mceTemp\">Nous arrivons \u00e0 Navarrete, vers 16h dans un h\u00f4tel charmant du nom de San Camillo ( Don Camillo a \u00e9t\u00e9 canonis\u00e9, ne le saviez vous pas?<\/div>\n<p>&nbsp;<\/p>\n<div id=\"attachment_899\" style=\"width: 310px\" class=\"wp-caption alignnone\"><a href=\"http:\/\/flieg.fr\/wordpress\/wp-content\/uploads\/2012\/05\/P5160670.jpg\"><img loading=\"lazy\" decoding=\"async\" aria-describedby=\"caption-attachment-899\" class=\"size-medium wp-image-899\" title=\"OLYMPUS DIGITAL CAMERA\" src=\"http:\/\/flieg.fr\/wordpress\/wp-content\/uploads\/2012\/05\/P5160670-300x225.jpg\" alt=\"\" width=\"300\" height=\"225\" srcset=\"https:\/\/www.flieg.fr\/wordpress\/wp-content\/uploads\/2012\/05\/P5160670-300x225.jpg 300w, https:\/\/www.flieg.fr\/wordpress\/wp-content\/uploads\/2012\/05\/P5160670-1024x768.jpg 1024w, https:\/\/www.flieg.fr\/wordpress\/wp-content\/uploads\/2012\/05\/P5160670-624x468.jpg 624w, https:\/\/www.flieg.fr\/wordpress\/wp-content\/uploads\/2012\/05\/P5160670.jpg 2048w\" sizes=\"auto, (max-width: 300px) 100vw, 300px\" \/><\/a><p id=\"caption-attachment-899\" class=\"wp-caption-text\">entr\u00e9e magistrale au San Camillo<\/p><\/div>\n","protected":false},"excerpt":{"rendered":"<p>Mercredi 16 Mai 2012 Journ\u00e9e fra\u00eeche et ensoleill\u00e9e a pr\u00e9voir aujourd&rsquo;hui. Nous nous rendons d&rsquo;abord&nbsp;\u00e0 Logro\u00f1o, capitale de la Rioja. Comme souvent, un pont permet d&rsquo;acc\u00e9der \u00e0 la ville. Tous les clochers de la r\u00e9gion sont constitu\u00e9s d&rsquo;une tour carr\u00e9e surmont\u00e9e d&rsquo;une lanterne. On nous avait pr\u00e9venus: nous verrons des cigognes en Rioja (prononcez riz [&hellip;]<\/p>\n","protected":false},"author":3,"featured_media":0,"parent":0,"menu_order":0,"comment_status":"open","ping_status":"open","template":"","meta":{"footnotes":""},"class_list":["post-879","page","type-page","status-publish","hentry"],"_links":{"self":[{"href":"https:\/\/www.flieg.fr\/index.php?rest_route=\/wp\/v2\/pages\/879","targetHints":{"allow":["GET"]}}],"collection":[{"href":"https:\/\/www.flieg.fr\/index.php?rest_route=\/wp\/v2\/pages"}],"about":[{"href":"https:\/\/www.flieg.fr\/index.php?rest_route=\/wp\/v2\/types\/page"}],"author":[{"embeddable":true,"href":"https:\/\/www.flieg.fr\/index.php?rest_route=\/wp\/v2\/users\/3"}],"replies":[{"embeddable":true,"href":"https:\/\/www.flieg.fr\/index.php?rest_route=%2Fwp%2Fv2%2Fcomments&post=879"}],"version-history":[{"count":8,"href":"https:\/\/www.flieg.fr\/index.php?rest_route=\/wp\/v2\/pages\/879\/revisions"}],"predecessor-version":[{"id":2439,"href":"https:\/\/www.flieg.fr\/index.php?rest_route=\/wp\/v2\/pages\/879\/revisions\/2439"}],"wp:attachment":[{"href":"https:\/\/www.flieg.fr\/index.php?rest_route=%2Fwp%2Fv2%2Fmedia&parent=879"}],"curies":[{"name":"wp","href":"https:\/\/api.w.org\/{rel}","templated":true}]}}

jour 50 etape 46 : de Viana à Navarrete : 22,2 km mercredi 16 mai 2012

<p>Mercredi 16 Mai 2012</p>
<p>Journée fraîche et ensoleillée a prévoir aujourd&rsquo;hui. Nous nous rendons d&rsquo;abord&nbsp;à Logroño, capitale de la Rioja. Comme souvent, un pont permet d&rsquo;accéder à la ville.</p>
<div id="attachment_893" style="width: 310px" class="wp-caption alignnone"><a href="http://flieg.fr/wordpress/wp-content/uploads/2012/05/P5160657.jpg"><img loading="lazy" decoding="async" aria-describedby="caption-attachment-893" class="size-medium wp-image-893" title="OLYMPUS DIGITAL CAMERA" src="http://flieg.fr/wordpress/wp-content/uploads/2012/05/P5160657-300x225.jpg" alt="" width="300" height="225" srcset="https://www.flieg.fr/wordpress/wp-content/uploads/2012/05/P5160657-300x225.jpg 300w, https://www.flieg.fr/wordpress/wp-content/uploads/2012/05/P5160657-1024x768.jpg 1024w, https://www.flieg.fr/wordpress/wp-content/uploads/2012/05/P5160657-624x468.jpg 624w, https://www.flieg.fr/wordpress/wp-content/uploads/2012/05/P5160657.jpg 2048w" sizes="auto, (max-width: 300px) 100vw, 300px" /></a><p id="caption-attachment-893" class="wp-caption-text">le pont sur l'Ebre à l'entrée de Logroño</p></div>
<p>Tous les clochers de la région sont constitués d&rsquo;une tour carrée surmontée d&rsquo;une lanterne.</p>
<p>On nous avait prévenus: nous verrons des cigognes en Rioja (prononcez riz au rat). Elles font des nids dans les clochers (les cigognes).</p>
<div id="attachment_896" style="width: 235px" class="wp-caption alignnone"><a href="http://flieg.fr/wordpress/wp-content/uploads/2012/05/P5160656.jpg"><img loading="lazy" decoding="async" aria-describedby="caption-attachment-896" class="size-medium wp-image-896" title="OLYMPUS DIGITAL CAMERA" src="http://flieg.fr/wordpress/wp-content/uploads/2012/05/P5160656-225x300.jpg" alt="" width="225" height="300" srcset="https://www.flieg.fr/wordpress/wp-content/uploads/2012/05/P5160656-225x300.jpg 225w, https://www.flieg.fr/wordpress/wp-content/uploads/2012/05/P5160656-768x1024.jpg 768w, https://www.flieg.fr/wordpress/wp-content/uploads/2012/05/P5160656-624x832.jpg 624w, https://www.flieg.fr/wordpress/wp-content/uploads/2012/05/P5160656.jpg 1536w" sizes="auto, (max-width: 225px) 100vw, 225px" /></a><p id="caption-attachment-896" class="wp-caption-text">les cigognes de la Rioja: il y en a dessus, dedans et à côté</p></div>
<div id="attachment_891" style="width: 310px" class="wp-caption alignnone"><a href="http://flieg.fr/wordpress/wp-content/uploads/2012/05/P5160653.jpg"><img loading="lazy" decoding="async" aria-describedby="caption-attachment-891" class="size-medium wp-image-891" title="OLYMPUS DIGITAL CAMERA" src="http://flieg.fr/wordpress/wp-content/uploads/2012/05/P5160653-300x225.jpg" alt="" width="300" height="225" srcset="https://www.flieg.fr/wordpress/wp-content/uploads/2012/05/P5160653-300x225.jpg 300w, https://www.flieg.fr/wordpress/wp-content/uploads/2012/05/P5160653-1024x768.jpg 1024w, https://www.flieg.fr/wordpress/wp-content/uploads/2012/05/P5160653-624x468.jpg 624w, https://www.flieg.fr/wordpress/wp-content/uploads/2012/05/P5160653.jpg 2048w" sizes="auto, (max-width: 300px) 100vw, 300px" /></a><p id="caption-attachment-891" class="wp-caption-text">la cathédrale de Logroño Santa Maria La Redonda</p></div>
<div class="mceTemp">Nous prenons le temps de flâner dans la ville et d&rsquo;y faire nos provisions pour la route. La sortie de la ville se fait par un parc de plusieurs kilomètres de long, une sorte de Rives de la Thur en 20 fois plus grand. Marche sereine entre les arbres sur un chemin balisé de coquilles stylisées.</div>
<div class="mceTemp"><a href="http://flieg.fr/wordpress/wp-content/uploads/2012/05/P5160662.jpg"><img loading="lazy" decoding="async" class="alignnone size-medium wp-image-894" title="OLYMPUS DIGITAL CAMERA" src="http://flieg.fr/wordpress/wp-content/uploads/2012/05/P5160662-300x225.jpg" alt="" width="300" height="225" srcset="https://www.flieg.fr/wordpress/wp-content/uploads/2012/05/P5160662-300x225.jpg 300w, https://www.flieg.fr/wordpress/wp-content/uploads/2012/05/P5160662-1024x768.jpg 1024w, https://www.flieg.fr/wordpress/wp-content/uploads/2012/05/P5160662-624x468.jpg 624w, https://www.flieg.fr/wordpress/wp-content/uploads/2012/05/P5160662.jpg 2048w" sizes="auto, (max-width: 300px) 100vw, 300px" /></a></div>
<div class="mceTemp">Nous jetons un coup d&rsquo;oeil en arrière sur Logroño et son parc.</div>
<div class="mceTemp">
<div id="attachment_895" style="width: 310px" class="wp-caption alignnone"><a href="http://flieg.fr/wordpress/wp-content/uploads/2012/05/P5160664.jpg"><img loading="lazy" decoding="async" aria-describedby="caption-attachment-895" class="size-medium wp-image-895" title="OLYMPUS DIGITAL CAMERA" src="http://flieg.fr/wordpress/wp-content/uploads/2012/05/P5160664-300x225.jpg" alt="" width="300" height="225" srcset="https://www.flieg.fr/wordpress/wp-content/uploads/2012/05/P5160664-300x225.jpg 300w, https://www.flieg.fr/wordpress/wp-content/uploads/2012/05/P5160664-1024x768.jpg 1024w, https://www.flieg.fr/wordpress/wp-content/uploads/2012/05/P5160664-624x468.jpg 624w, https://www.flieg.fr/wordpress/wp-content/uploads/2012/05/P5160664.jpg 2048w" sizes="auto, (max-width: 300px) 100vw, 300px" /></a><p id="caption-attachment-895" class="wp-caption-text">Logroño, son parc et son plan d'eau</p></div>
</div>
<div class="mceTemp">&nbsp;La Rioja est aussi connue pour ses vignes souvent bordée d&rsquo;amandiers.&nbsp;</div>
<div class="mceTemp"><a href="http://flieg.fr/wordpress/wp-content/uploads/2012/05/P5160663.jpg"><img loading="lazy" decoding="async" class="alignnone size-medium wp-image-897" title="OLYMPUS DIGITAL CAMERA" src="http://flieg.fr/wordpress/wp-content/uploads/2012/05/P5160663-300x225.jpg" alt="" width="300" height="225" srcset="https://www.flieg.fr/wordpress/wp-content/uploads/2012/05/P5160663-300x225.jpg 300w, https://www.flieg.fr/wordpress/wp-content/uploads/2012/05/P5160663-1024x768.jpg 1024w, https://www.flieg.fr/wordpress/wp-content/uploads/2012/05/P5160663-624x468.jpg 624w, https://www.flieg.fr/wordpress/wp-content/uploads/2012/05/P5160663.jpg 2048w" sizes="auto, (max-width: 300px) 100vw, 300px" /></a></div>
<div class="mceTemp">&nbsp;</div>
<div class="mceTemp">
<div id="attachment_898" style="width: 310px" class="wp-caption alignnone"><a href="http://flieg.fr/wordpress/wp-content/uploads/2012/05/P5160667.jpg"><img loading="lazy" decoding="async" aria-describedby="caption-attachment-898" class="size-medium wp-image-898" title="OLYMPUS DIGITAL CAMERA" src="http://flieg.fr/wordpress/wp-content/uploads/2012/05/P5160667-300x225.jpg" alt="" width="300" height="225" srcset="https://www.flieg.fr/wordpress/wp-content/uploads/2012/05/P5160667-300x225.jpg 300w, https://www.flieg.fr/wordpress/wp-content/uploads/2012/05/P5160667-1024x768.jpg 1024w, https://www.flieg.fr/wordpress/wp-content/uploads/2012/05/P5160667-624x468.jpg 624w, https://www.flieg.fr/wordpress/wp-content/uploads/2012/05/P5160667.jpg 2048w" sizes="auto, (max-width: 300px) 100vw, 300px" /></a><p id="caption-attachment-898" class="wp-caption-text">Navarrete sur son piton rocheux</p></div>
</div>
<div class="mceTemp">&nbsp;</div>
<div class="mceTemp">&nbsp;</div>
<div class="mceTemp">Nous arrivons à Navarrete, vers 16h dans un hôtel charmant du nom de San Camillo ( Don Camillo a été canonisé, ne le saviez vous pas?</div>
<p>&nbsp;</p>
<div id="attachment_899" style="width: 310px" class="wp-caption alignnone"><a href="http://flieg.fr/wordpress/wp-content/uploads/2012/05/P5160670.jpg"><img loading="lazy" decoding="async" aria-describedby="caption-attachment-899" class="size-medium wp-image-899" title="OLYMPUS DIGITAL CAMERA" src="http://flieg.fr/wordpress/wp-content/uploads/2012/05/P5160670-300x225.jpg" alt="" width="300" height="225" srcset="https://www.flieg.fr/wordpress/wp-content/uploads/2012/05/P5160670-300x225.jpg 300w, https://www.flieg.fr/wordpress/wp-content/uploads/2012/05/P5160670-1024x768.jpg 1024w, https://www.flieg.fr/wordpress/wp-content/uploads/2012/05/P5160670-624x468.jpg 624w, https://www.flieg.fr/wordpress/wp-content/uploads/2012/05/P5160670.jpg 2048w" sizes="auto, (max-width: 300px) 100vw, 300px" /></a><p id="caption-attachment-899" class="wp-caption-text">entrée magistrale au San Camillo</p></div>

<p>Mercredi 16 Mai 2012 Journée fraîche et ensoleillée a prévoir aujourd&rsquo;hui. Nous nous rendons d&rsquo;abord&nbsp;à Logroño, capitale de la Rioja. Comme souvent, un pont permet d&rsquo;accéder à la ville. Tous les clochers de la région sont constitués d&rsquo;une tour carrée surmontée d&rsquo;une lanterne. On nous avait prévenus: nous verrons des cigognes en Rioja (prononcez riz [&hellip;]</p>
