{"id":87,"date":"2012-03-20T13:25:10","date_gmt":"2012-03-20T12:25:10","guid":{"rendered":"http:\/\/flieg.fr\/?page_id=87"},"modified":"2023-03-21T10:19:50","modified_gmt":"2023-03-21T09:19:50","slug":"jour-2-du-puy-en-velay-a-chier-208-km","status":"publish","type":"page","link":"https:\/\/www.flieg.fr\/?page_id=87","title":{"rendered":"jour 1 : du Puy en Velay \u00e0 Chier 21 km"},"content":{"rendered":"<p>Objectif du jour : La Remise Le Chier 43580 Saint Didier d&rsquo;Allier<br \/>\nchambre +pdj \u00e0 50\u20ac d\u00eener \u00e0 36\u20ac g\u00eete labellis\u00e9 3 \u00e9pis. arrhes de 20 euros<br \/>\n04 71 57 29 37 ou 06 60 38 25 34<br \/>\nR\u00e9servation faite le 20 mars pour la nuit du mercredi 28 mars.<br \/>\nNotre objectif \u00e0 moyen terme est d&rsquo;arriver \u00e0 Conques (200km) en 10 jours, c&rsquo;est \u00e0 dire pour P\u00e2ques. Nous avons fait une r\u00e9servation ferme d&rsquo;une chambre d&rsquo;h\u00f4tel \u00e0 Conques pour une halte de deux jours en ce haut lieu que nous connaissons pour y \u00eatre pass\u00e9s en voiture en 2005. Il faut donc trouver un h\u00e9bergement tous les 20km. L&rsquo;affaire n&rsquo;est pas si simple. Les \u00e9tapes feront entre 15 et 25km en fonction de la localisation des h\u00e9bergements acceptables. Car en plus, nous tenons \u00e0 \u00e9viter les \u00ab\u00a0dortoirs et abris de p\u00e8lerins\u00a0\u00bb, leur pr\u00e9f\u00e9rant le confort intimiste et douillet de chambres avec cabinet de toilette individuel. Alors forc\u00e9ment, \u00e7a complique les choses.Ce mercredi matin, nous avons particip\u00e9 \u00e0 la messe des p\u00e8lerins \u00e0 7h et nous \u00e9tions 6 p\u00e8lerins \u00e0 recevoir la b\u00e9n\u00e9diction pour accomplir le chemin jusqu&rsquo;\u00e0 Saint Jacques.<\/p>\n<div id=\"attachment_329\" style=\"width: 235px\" class=\"wp-caption alignnone\"><a href=\"http:\/\/flieg.fr\/wordpress\/wp-content\/uploads\/2012\/03\/P3280051.jpg\"><img loading=\"lazy\" decoding=\"async\" aria-describedby=\"caption-attachment-329\" class=\"size-medium wp-image-329\" title=\"OLYMPUS DIGITAL CAMERA\" src=\"http:\/\/flieg.fr\/wordpress\/wp-content\/uploads\/2012\/03\/P3280051-225x300.jpg\" alt=\"\" width=\"225\" height=\"300\" srcset=\"https:\/\/www.flieg.fr\/wordpress\/wp-content\/uploads\/2012\/03\/P3280051-225x300.jpg 225w, https:\/\/www.flieg.fr\/wordpress\/wp-content\/uploads\/2012\/03\/P3280051-768x1024.jpg 768w, https:\/\/www.flieg.fr\/wordpress\/wp-content\/uploads\/2012\/03\/P3280051-624x832.jpg 624w, https:\/\/www.flieg.fr\/wordpress\/wp-content\/uploads\/2012\/03\/P3280051.jpg 1536w\" sizes=\"auto, (max-width: 225px) 100vw, 225px\" \/><\/a><p id=\"caption-attachment-329\" class=\"wp-caption-text\">au pied du grand escalier vers le chemin de Saint Jacques<\/p><\/div>\n<p>Puis, d&rsquo;un pas encore alerte, nous avons quitt\u00e9 le Puy par un chemin montant.<a href=\"http:\/\/flieg.fr\/wordpress\/wp-content\/uploads\/2012\/03\/P3280057.jpg\"><img loading=\"lazy\" decoding=\"async\" title=\"OLYMPUS DIGITAL CAMERA\" src=\"http:\/\/flieg.fr\/wordpress\/wp-content\/uploads\/2012\/03\/P3280057-225x300.jpg\" alt=\"\" width=\"225\" height=\"300\"><\/a><\/p>\n<dl id=\"attachment_332\">\n<dd>Compostelle \u00e0 1521 km ! Le chemin sera tout du long, balis\u00e9 par un rectangle blanc et rouge. M\u00eame les fausses pistes sont indiqu\u00e9es par une croix blanche et rouge. On essaie la fonction GPS d&rsquo;Orange. Oh surprise, voici la r\u00e9ponse : le chemin demand\u00e9 est trop long pour pouvoir indiquer une direction \u00e0 suivre&#8230; Ben, tiens!<br \/>\nOn est tout seuls sur le chemin pendant des kilom\u00e8tres. Il fait chaud et beau. On est en&nbsp;t-shirt et les pas d\u00e9filent. Un p\u00e8lerin solitaire nous d\u00e9passe une heure plus tard.<\/dd>\n<dd>Vers 13h, on arrive \u00e0 Saint Christophe sur Domaison. On cherche un endroit pour s&rsquo;asseoir et on avise un petit calvaire dans un pr\u00e9 avec du mat\u00e9riel de construction \u00e0 proximit\u00e9. Je d\u00e9croche le fil de fer \u00e9lectrique pour y entrer et je le raccroche derri\u00e8re nous. Je construis une table avec des parpaings et une planche de bois et on s&rsquo;installe. On enl\u00e8ve les chaussures et on met les chaussettes \u00e0 s\u00e9cher au soleil. Et on mange de bon app\u00e9tit les sandwichs achet\u00e9s au Puy.&nbsp;<\/dd>\n<dd>\n<p><div id=\"attachment_334\" style=\"width: 310px\" class=\"wp-caption alignnone\"><a href=\"http:\/\/flieg.fr\/wordpress\/wp-content\/uploads\/2012\/03\/P3280063.jpg\"><img loading=\"lazy\" decoding=\"async\" aria-describedby=\"caption-attachment-334\" class=\"size-medium wp-image-334\" title=\"OLYMPUS DIGITAL CAMERA\" src=\"http:\/\/flieg.fr\/wordpress\/wp-content\/uploads\/2012\/03\/P3280063-300x225.jpg\" alt=\"\" width=\"300\" height=\"225\" srcset=\"https:\/\/www.flieg.fr\/wordpress\/wp-content\/uploads\/2012\/03\/P3280063-300x225.jpg 300w, https:\/\/www.flieg.fr\/wordpress\/wp-content\/uploads\/2012\/03\/P3280063-1024x768.jpg 1024w, https:\/\/www.flieg.fr\/wordpress\/wp-content\/uploads\/2012\/03\/P3280063-624x468.jpg 624w, https:\/\/www.flieg.fr\/wordpress\/wp-content\/uploads\/2012\/03\/P3280063.jpg 2048w\" sizes=\"auto, (max-width: 300px) 100vw, 300px\" \/><\/a><p id=\"caption-attachment-334\" class=\"wp-caption-text\">pause d\u00e9jeuner \u00e0 Saint Christophe sur Domaison<\/p><\/div><\/dd>\n<dd>On est tranquillement en train de croquer dans une pomme quand Michelle sent un souffle chaud sur son \u00e9paule : deux pique-assiettes sont arriv\u00e9s sans crier gare. Il faut plier bagages en toute h\u00e2te en surveillant \u00e0 la fois, les pommes, les papiers gras, les sacs, les chaussettes. Ils ne sont pas farouches du tout. Je n&rsquo;arrive pas \u00e0 les \u00e9loigner. M\u00eame un coup de chaussette sur le museau ne donne pas de r\u00e9sultat. En plus, il faut ranger les parpaings et la planche. Quelle bagarre!<\/p>\n<div>\n<dl id=\"attachment_335\">\n<dt><a href=\"http:\/\/flieg.fr\/wordpress\/wp-content\/uploads\/2012\/03\/P3280065.jpg\"><img loading=\"lazy\" decoding=\"async\" title=\"OLYMPUS DIGITAL CAMERA\" src=\"http:\/\/flieg.fr\/wordpress\/wp-content\/uploads\/2012\/03\/P3280065-300x225.jpg\" alt=\"\" width=\"300\" height=\"225\"><\/a><\/dt>\n<dd>les pique-assiettes<\/dd>\n<\/dl>\n<\/div>\n<p>On reprend la route et vers 16h45, nous sommes en vue du village du Chier (prononcez chi\u00e8re&nbsp;= tas de&nbsp;cailloux). On retente le GPS d&rsquo;Orange. Peine perdue, il n&rsquo;arrivera jamais \u00e0 la fin de son calcul d&rsquo;itin\u00e9raire. Nous si.<\/p>\n<div id=\"attachment_338\" style=\"width: 310px\" class=\"wp-caption alignnone\"><a href=\"http:\/\/flieg.fr\/wordpress\/wp-content\/uploads\/2012\/03\/P3280074.jpg\"><img loading=\"lazy\" decoding=\"async\" aria-describedby=\"caption-attachment-338\" class=\"size-medium wp-image-338\" title=\"OLYMPUS DIGITAL CAMERA\" src=\"http:\/\/flieg.fr\/wordpress\/wp-content\/uploads\/2012\/03\/P3280074-300x225.jpg\" alt=\"\" width=\"300\" height=\"225\" srcset=\"https:\/\/www.flieg.fr\/wordpress\/wp-content\/uploads\/2012\/03\/P3280074-300x225.jpg 300w, https:\/\/www.flieg.fr\/wordpress\/wp-content\/uploads\/2012\/03\/P3280074-1024x768.jpg 1024w, https:\/\/www.flieg.fr\/wordpress\/wp-content\/uploads\/2012\/03\/P3280074-624x468.jpg 624w, https:\/\/www.flieg.fr\/wordpress\/wp-content\/uploads\/2012\/03\/P3280074.jpg 2048w\" sizes=\"auto, (max-width: 300px) 100vw, 300px\" \/><\/a><p id=\"caption-attachment-338\" class=\"wp-caption-text\">La Remise<\/p><\/div>\n<p>Voil\u00e0 la Remise qui fut notre premi\u00e8re \u00e9tape en chambre d&rsquo;h\u00f4te. Nous avons \u00e9t\u00e9 re\u00e7us comme des amis \u00e0 la table des propri\u00e9taires, avec ap\u00e9ro, soupe, pur\u00e9e maison, rago\u00fbt de boeuf, fromage du pays et salade de fruits maison.<\/dd>\n<dd><a href=\"http:\/\/flieg.fr\/wordpress\/wp-content\/uploads\/2012\/03\/Jour2.jpg\"><img loading=\"lazy\" decoding=\"async\" class=\"alignleft size-full wp-image-1441\" title=\"Jour2\" src=\"http:\/\/flieg.fr\/wordpress\/wp-content\/uploads\/2012\/03\/Jour2.jpg\" alt=\"\" width=\"943\" height=\"408\" srcset=\"https:\/\/www.flieg.fr\/wordpress\/wp-content\/uploads\/2012\/03\/Jour2.jpg 943w, https:\/\/www.flieg.fr\/wordpress\/wp-content\/uploads\/2012\/03\/Jour2-300x130.jpg 300w, https:\/\/www.flieg.fr\/wordpress\/wp-content\/uploads\/2012\/03\/Jour2-624x269.jpg 624w\" sizes=\"auto, (max-width: 943px) 100vw, 943px\" \/><\/a><\/dd>\n<\/dl>\n<p>On est arrives a 16h30.<\/p>\n<p>&nbsp;<\/p>\n<p>&nbsp;<\/p>\n","protected":false},"excerpt":{"rendered":"<p>Objectif du jour : La Remise Le Chier 43580 Saint Didier d&rsquo;Allier chambre +pdj \u00e0 50\u20ac d\u00eener \u00e0 36\u20ac g\u00eete labellis\u00e9 3 \u00e9pis. arrhes de 20 euros 04 71 57 29 37 ou 06 60 38 25 34 R\u00e9servation faite le 20 mars pour la nuit du mercredi 28 mars. Notre objectif \u00e0 moyen terme [&hellip;]<\/p>\n","protected":false},"author":3,"featured_media":0,"parent":0,"menu_order":0,"comment_status":"open","ping_status":"open","template":"page-templates\/full-width.php","meta":{"footnotes":""},"class_list":["post-87","page","type-page","status-publish","hentry"],"_links":{"self":[{"href":"https:\/\/www.flieg.fr\/index.php?rest_route=\/wp\/v2\/pages\/87","targetHints":{"allow":["GET"]}}],"collection":[{"href":"https:\/\/www.flieg.fr\/index.php?rest_route=\/wp\/v2\/pages"}],"about":[{"href":"https:\/\/www.flieg.fr\/index.php?rest_route=\/wp\/v2\/types\/page"}],"author":[{"embeddable":true,"href":"https:\/\/www.flieg.fr\/index.php?rest_route=\/wp\/v2\/users\/3"}],"replies":[{"embeddable":true,"href":"https:\/\/www.flieg.fr\/index.php?rest_route=%2Fwp%2Fv2%2Fcomments&post=87"}],"version-history":[{"count":24,"href":"https:\/\/www.flieg.fr\/index.php?rest_route=\/wp\/v2\/pages\/87\/revisions"}],"predecessor-version":[{"id":2392,"href":"https:\/\/www.flieg.fr\/index.php?rest_route=\/wp\/v2\/pages\/87\/revisions\/2392"}],"wp:attachment":[{"href":"https:\/\/www.flieg.fr\/index.php?rest_route=%2Fwp%2Fv2%2Fmedia&parent=87"}],"curies":[{"name":"wp","href":"https:\/\/api.w.org\/{rel}","templated":true}]}}