{"id":826,"date":"2012-05-13T22:32:37","date_gmt":"2012-05-13T21:32:37","guid":{"rendered":"http:\/\/flieg.fr\/?page_id=826"},"modified":"2023-03-21T11:07:52","modified_gmt":"2023-03-21T10:07:52","slug":"jour-47-etape-43-de-puente-la-reina-a-estella-24km-dimanche-13-mai-2012","status":"publish","type":"page","link":"https:\/\/www.flieg.fr\/?page_id=826","title":{"rendered":"jour 47 \u00e9tape 43 : de Puente la Reina \u00e0 Estella : 24km : Dimanche 13 mai 2012"},"content":{"rendered":"<p>Dimanche 13 mai 2012<\/p>\n<p>Chouette! Ce matin, il fait&nbsp;\u00e0 nouveau un temps gris avec une temp\u00e9rature supportable.<\/p>\n<p>Nous ne sommes pas les seuls \u00e0 \u00eatre lev\u00e9s &#8230;.<\/p>\n<p><a href=\"http:\/\/flieg.fr\/wordpress\/wp-content\/uploads\/2012\/05\/P5130470.jpg\"><img loading=\"lazy\" decoding=\"async\" class=\"alignnone size-medium wp-image-853\" title=\"OLYMPUS DIGITAL CAMERA\" src=\"http:\/\/flieg.fr\/wordpress\/wp-content\/uploads\/2012\/05\/P5130470-300x225.jpg\" alt=\"\" width=\"300\" height=\"225\" srcset=\"https:\/\/www.flieg.fr\/wordpress\/wp-content\/uploads\/2012\/05\/P5130470-300x225.jpg 300w, https:\/\/www.flieg.fr\/wordpress\/wp-content\/uploads\/2012\/05\/P5130470-1024x768.jpg 1024w, https:\/\/www.flieg.fr\/wordpress\/wp-content\/uploads\/2012\/05\/P5130470-624x468.jpg 624w, https:\/\/www.flieg.fr\/wordpress\/wp-content\/uploads\/2012\/05\/P5130470.jpg 2048w\" sizes=\"auto, (max-width: 300px) 100vw, 300px\" \/><\/a><\/p>\n<p>Nous commen\u00e7ons par visiter l&rsquo;\u00e9glise St-Jacques remplies de dorures et au sol en bois brillant verni.<br \/>\nUne tr\u00e8s belle statue de St-Jacques fait l&rsquo;objet de la d\u00e9votion \u00e9lectrique des p\u00e8lerins (1 euro \u00e9gale 1 minute de cierge \u00e9lectrique allum\u00e9).<br \/>\n<a href=\"http:\/\/flieg.fr\/wordpress\/wp-content\/uploads\/2012\/05\/P5130468.jpg\"><img loading=\"lazy\" decoding=\"async\" class=\"alignnone size-medium wp-image-851\" title=\"OLYMPUS DIGITAL CAMERA\" src=\"http:\/\/flieg.fr\/wordpress\/wp-content\/uploads\/2012\/05\/P5130468-225x300.jpg\" alt=\"\" width=\"225\" height=\"300\" srcset=\"https:\/\/www.flieg.fr\/wordpress\/wp-content\/uploads\/2012\/05\/P5130468-225x300.jpg 225w, https:\/\/www.flieg.fr\/wordpress\/wp-content\/uploads\/2012\/05\/P5130468-768x1024.jpg 768w, https:\/\/www.flieg.fr\/wordpress\/wp-content\/uploads\/2012\/05\/P5130468-624x832.jpg 624w, https:\/\/www.flieg.fr\/wordpress\/wp-content\/uploads\/2012\/05\/P5130468.jpg 1536w\" sizes=\"auto, (max-width: 225px) 100vw, 225px\" \/><\/a><\/p>\n<p>A la sortie de Punte la Reina, nous admirons le tr\u00e8s beau pont des p\u00e8lerins construit par une reine au XI \u00e8me si\u00e8cle.<\/p>\n<div id=\"attachment_854\" style=\"width: 310px\" class=\"wp-caption alignnone\"><a href=\"http:\/\/flieg.fr\/wordpress\/wp-content\/uploads\/2012\/05\/P5130480.jpg\"><img loading=\"lazy\" decoding=\"async\" aria-describedby=\"caption-attachment-854\" class=\"size-medium wp-image-854\" title=\"OLYMPUS DIGITAL CAMERA\" src=\"http:\/\/flieg.fr\/wordpress\/wp-content\/uploads\/2012\/05\/P5130480-300x225.jpg\" alt=\"\" width=\"300\" height=\"225\" srcset=\"https:\/\/www.flieg.fr\/wordpress\/wp-content\/uploads\/2012\/05\/P5130480-300x225.jpg 300w, https:\/\/www.flieg.fr\/wordpress\/wp-content\/uploads\/2012\/05\/P5130480-1024x768.jpg 1024w, https:\/\/www.flieg.fr\/wordpress\/wp-content\/uploads\/2012\/05\/P5130480-624x468.jpg 624w, https:\/\/www.flieg.fr\/wordpress\/wp-content\/uploads\/2012\/05\/P5130480.jpg 2048w\" sizes=\"auto, (max-width: 300px) 100vw, 300px\" \/><\/a><p id=\"caption-attachment-854\" class=\"wp-caption-text\">Nota : les cartes postales en vente sont moches, on va leur proposer nos photos<\/p><\/div>\n<p>Nous arrivons \u00e0 Cirauqui. Toujours des armoiries sur les fa\u00e7ades et m\u00eame sur les portes.<br \/>\n<a href=\"http:\/\/flieg.fr\/wordpress\/wp-content\/uploads\/2012\/05\/P5130498.jpg\"><img loading=\"lazy\" decoding=\"async\" class=\"alignnone size-medium wp-image-855\" title=\"OLYMPUS DIGITAL CAMERA\" src=\"http:\/\/flieg.fr\/wordpress\/wp-content\/uploads\/2012\/05\/P5130498-225x300.jpg\" alt=\"\" width=\"225\" height=\"300\" srcset=\"https:\/\/www.flieg.fr\/wordpress\/wp-content\/uploads\/2012\/05\/P5130498-225x300.jpg 225w, https:\/\/www.flieg.fr\/wordpress\/wp-content\/uploads\/2012\/05\/P5130498-768x1024.jpg 768w, https:\/\/www.flieg.fr\/wordpress\/wp-content\/uploads\/2012\/05\/P5130498-624x832.jpg 624w, https:\/\/www.flieg.fr\/wordpress\/wp-content\/uploads\/2012\/05\/P5130498.jpg 1536w\" sizes=\"auto, (max-width: 225px) 100vw, 225px\" \/><\/a><\/p>\n<p>L&rsquo;\u00e9glise de Cirauqui est ferm\u00e9e. Heureusement le porche aux motifs arabisants est visible de l&rsquo;ext\u00e9rieur.<\/p>\n<p><a href=\"http:\/\/flieg.fr\/wordpress\/wp-content\/uploads\/2012\/05\/P5130510.jpg\"><img loading=\"lazy\" decoding=\"async\" class=\"alignnone size-medium wp-image-857\" title=\"OLYMPUS DIGITAL CAMERA\" src=\"http:\/\/flieg.fr\/wordpress\/wp-content\/uploads\/2012\/05\/P5130510-225x300.jpg\" alt=\"\" width=\"225\" height=\"300\" srcset=\"https:\/\/www.flieg.fr\/wordpress\/wp-content\/uploads\/2012\/05\/P5130510-225x300.jpg 225w, https:\/\/www.flieg.fr\/wordpress\/wp-content\/uploads\/2012\/05\/P5130510-768x1024.jpg 768w, https:\/\/www.flieg.fr\/wordpress\/wp-content\/uploads\/2012\/05\/P5130510-624x832.jpg 624w, https:\/\/www.flieg.fr\/wordpress\/wp-content\/uploads\/2012\/05\/P5130510.jpg 1536w\" sizes=\"auto, (max-width: 225px) 100vw, 225px\" \/><\/a><br \/>\nLe paysage, avec ses champs de ble, d&rsquo;avoine, d&rsquo;oliviers, d&rsquo;amandiers, est superbe. Et toujours des fleurs. Des champs: rouges coquelicots, jaunes genets, mauves bruy\u00e8res.<br \/>\n<a href=\"http:\/\/flieg.fr\/wordpress\/wp-content\/uploads\/2012\/05\/P5130538.jpg\"><img loading=\"lazy\" decoding=\"async\" class=\"alignnone size-medium wp-image-858\" title=\"OLYMPUS DIGITAL CAMERA\" src=\"http:\/\/flieg.fr\/wordpress\/wp-content\/uploads\/2012\/05\/P5130538-300x225.jpg\" alt=\"\" width=\"300\" height=\"225\" srcset=\"https:\/\/www.flieg.fr\/wordpress\/wp-content\/uploads\/2012\/05\/P5130538-300x225.jpg 300w, https:\/\/www.flieg.fr\/wordpress\/wp-content\/uploads\/2012\/05\/P5130538-1024x768.jpg 1024w, https:\/\/www.flieg.fr\/wordpress\/wp-content\/uploads\/2012\/05\/P5130538-624x468.jpg 624w, https:\/\/www.flieg.fr\/wordpress\/wp-content\/uploads\/2012\/05\/P5130538.jpg 2048w\" sizes=\"auto, (max-width: 300px) 100vw, 300px\" \/><\/a><a href=\"http:\/\/flieg.fr\/wordpress\/wp-content\/uploads\/2012\/05\/P5130519.jpg\"><img loading=\"lazy\" decoding=\"async\" class=\"alignnone size-medium wp-image-859\" title=\"OLYMPUS DIGITAL CAMERA\" src=\"http:\/\/flieg.fr\/wordpress\/wp-content\/uploads\/2012\/05\/P5130519-225x300.jpg\" alt=\"\" width=\"225\" height=\"300\" srcset=\"https:\/\/www.flieg.fr\/wordpress\/wp-content\/uploads\/2012\/05\/P5130519-225x300.jpg 225w, https:\/\/www.flieg.fr\/wordpress\/wp-content\/uploads\/2012\/05\/P5130519-768x1024.jpg 768w, https:\/\/www.flieg.fr\/wordpress\/wp-content\/uploads\/2012\/05\/P5130519-624x832.jpg 624w, https:\/\/www.flieg.fr\/wordpress\/wp-content\/uploads\/2012\/05\/P5130519.jpg 1536w\" sizes=\"auto, (max-width: 225px) 100vw, 225px\" \/><\/a><\/p>\n<p>Nous suivons sur des kilom\u00e8tres une voie romaine. Nous empruntons ainsi un chemin vieux de 2000 ans.<br \/>\nNous nous surprenons&nbsp;\u00e0 imaginer les m\u00e9tiers qui jalonnaient cette voie: par exemple les haleurs qui aidaient les charrois&nbsp;\u00e0 monter ou \u00e0 descendre les pentes raides. Et pendant ce temps, nous approchons tranquillement d&rsquo;Estella, notre \u00e9tape de la nuit. Malheureusement, nous constatons&nbsp;\u00e0 l&rsquo;entr\u00e9e de la ville que notre h\u00f4tel-restaurant est&nbsp;\u00e0 plus d&rsquo;un kilom\u00e8tre. Et en plus, comme c&rsquo;est dimanche, le resto est ferm\u00e9.<\/p>\n<p><a href=\"http:\/\/flieg.fr\/wordpress\/wp-content\/uploads\/2012\/05\/P5130542.jpg\"><img loading=\"lazy\" decoding=\"async\" class=\"alignnone size-medium wp-image-860\" title=\"OLYMPUS DIGITAL CAMERA\" src=\"http:\/\/flieg.fr\/wordpress\/wp-content\/uploads\/2012\/05\/P5130542-225x300.jpg\" alt=\"\" width=\"225\" height=\"300\" srcset=\"https:\/\/www.flieg.fr\/wordpress\/wp-content\/uploads\/2012\/05\/P5130542-225x300.jpg 225w, https:\/\/www.flieg.fr\/wordpress\/wp-content\/uploads\/2012\/05\/P5130542-768x1024.jpg 768w, https:\/\/www.flieg.fr\/wordpress\/wp-content\/uploads\/2012\/05\/P5130542-624x832.jpg 624w, https:\/\/www.flieg.fr\/wordpress\/wp-content\/uploads\/2012\/05\/P5130542.jpg 1536w\" sizes=\"auto, (max-width: 225px) 100vw, 225px\" \/><\/a><\/p>\n<p>&nbsp;<\/p>\n","protected":false},"excerpt":{"rendered":"<p>Dimanche 13 mai 2012 Chouette! Ce matin, il fait&nbsp;\u00e0 nouveau un temps gris avec une temp\u00e9rature supportable. Nous ne sommes pas les seuls \u00e0 \u00eatre lev\u00e9s &#8230;. Nous commen\u00e7ons par visiter l&rsquo;\u00e9glise St-Jacques remplies de dorures et au sol en bois brillant verni. Une tr\u00e8s belle statue de St-Jacques fait l&rsquo;objet de la d\u00e9votion \u00e9lectrique [&hellip;]<\/p>\n","protected":false},"author":3,"featured_media":0,"parent":0,"menu_order":0,"comment_status":"open","ping_status":"open","template":"","meta":{"footnotes":""},"class_list":["post-826","page","type-page","status-publish","hentry"],"_links":{"self":[{"href":"https:\/\/www.flieg.fr\/index.php?rest_route=\/wp\/v2\/pages\/826","targetHints":{"allow":["GET"]}}],"collection":[{"href":"https:\/\/www.flieg.fr\/index.php?rest_route=\/wp\/v2\/pages"}],"about":[{"href":"https:\/\/www.flieg.fr\/index.php?rest_route=\/wp\/v2\/types\/page"}],"author":[{"embeddable":true,"href":"https:\/\/www.flieg.fr\/index.php?rest_route=\/wp\/v2\/users\/3"}],"replies":[{"embeddable":true,"href":"https:\/\/www.flieg.fr\/index.php?rest_route=%2Fwp%2Fv2%2Fcomments&post=826"}],"version-history":[{"count":5,"href":"https:\/\/www.flieg.fr\/index.php?rest_route=\/wp\/v2\/pages\/826\/revisions"}],"predecessor-version":[{"id":2435,"href":"https:\/\/www.flieg.fr\/index.php?rest_route=\/wp\/v2\/pages\/826\/revisions\/2435"}],"wp:attachment":[{"href":"https:\/\/www.flieg.fr\/index.php?rest_route=%2Fwp%2Fv2%2Fmedia&parent=826"}],"curies":[{"name":"wp","href":"https:\/\/api.w.org\/{rel}","templated":true}]}}

jour 47 étape 43 : de Puente la Reina à Estella : 24km : Dimanche 13 mai 2012

<p>Dimanche 13 mai 2012</p>
<p>Chouette! Ce matin, il fait&nbsp;à nouveau un temps gris avec une température supportable.</p>
<p>Nous ne sommes pas les seuls à être levés &#8230;.</p>
<p><a href="http://flieg.fr/wordpress/wp-content/uploads/2012/05/P5130470.jpg"><img loading="lazy" decoding="async" class="alignnone size-medium wp-image-853" title="OLYMPUS DIGITAL CAMERA" src="http://flieg.fr/wordpress/wp-content/uploads/2012/05/P5130470-300x225.jpg" alt="" width="300" height="225" srcset="https://www.flieg.fr/wordpress/wp-content/uploads/2012/05/P5130470-300x225.jpg 300w, https://www.flieg.fr/wordpress/wp-content/uploads/2012/05/P5130470-1024x768.jpg 1024w, https://www.flieg.fr/wordpress/wp-content/uploads/2012/05/P5130470-624x468.jpg 624w, https://www.flieg.fr/wordpress/wp-content/uploads/2012/05/P5130470.jpg 2048w" sizes="auto, (max-width: 300px) 100vw, 300px" /></a></p>
<p>Nous commençons par visiter l&rsquo;église St-Jacques remplies de dorures et au sol en bois brillant verni.<br />
Une très belle statue de St-Jacques fait l&rsquo;objet de la dévotion électrique des pèlerins (1 euro égale 1 minute de cierge électrique allumé).<br />
<a href="http://flieg.fr/wordpress/wp-content/uploads/2012/05/P5130468.jpg"><img loading="lazy" decoding="async" class="alignnone size-medium wp-image-851" title="OLYMPUS DIGITAL CAMERA" src="http://flieg.fr/wordpress/wp-content/uploads/2012/05/P5130468-225x300.jpg" alt="" width="225" height="300" srcset="https://www.flieg.fr/wordpress/wp-content/uploads/2012/05/P5130468-225x300.jpg 225w, https://www.flieg.fr/wordpress/wp-content/uploads/2012/05/P5130468-768x1024.jpg 768w, https://www.flieg.fr/wordpress/wp-content/uploads/2012/05/P5130468-624x832.jpg 624w, https://www.flieg.fr/wordpress/wp-content/uploads/2012/05/P5130468.jpg 1536w" sizes="auto, (max-width: 225px) 100vw, 225px" /></a></p>
<p>A la sortie de Punte la Reina, nous admirons le très beau pont des pèlerins construit par une reine au XI ème siècle.</p>
<div id="attachment_854" style="width: 310px" class="wp-caption alignnone"><a href="http://flieg.fr/wordpress/wp-content/uploads/2012/05/P5130480.jpg"><img loading="lazy" decoding="async" aria-describedby="caption-attachment-854" class="size-medium wp-image-854" title="OLYMPUS DIGITAL CAMERA" src="http://flieg.fr/wordpress/wp-content/uploads/2012/05/P5130480-300x225.jpg" alt="" width="300" height="225" srcset="https://www.flieg.fr/wordpress/wp-content/uploads/2012/05/P5130480-300x225.jpg 300w, https://www.flieg.fr/wordpress/wp-content/uploads/2012/05/P5130480-1024x768.jpg 1024w, https://www.flieg.fr/wordpress/wp-content/uploads/2012/05/P5130480-624x468.jpg 624w, https://www.flieg.fr/wordpress/wp-content/uploads/2012/05/P5130480.jpg 2048w" sizes="auto, (max-width: 300px) 100vw, 300px" /></a><p id="caption-attachment-854" class="wp-caption-text">Nota : les cartes postales en vente sont moches, on va leur proposer nos photos</p></div>
<p>Nous arrivons à Cirauqui. Toujours des armoiries sur les façades et même sur les portes.<br />
<a href="http://flieg.fr/wordpress/wp-content/uploads/2012/05/P5130498.jpg"><img loading="lazy" decoding="async" class="alignnone size-medium wp-image-855" title="OLYMPUS DIGITAL CAMERA" src="http://flieg.fr/wordpress/wp-content/uploads/2012/05/P5130498-225x300.jpg" alt="" width="225" height="300" srcset="https://www.flieg.fr/wordpress/wp-content/uploads/2012/05/P5130498-225x300.jpg 225w, https://www.flieg.fr/wordpress/wp-content/uploads/2012/05/P5130498-768x1024.jpg 768w, https://www.flieg.fr/wordpress/wp-content/uploads/2012/05/P5130498-624x832.jpg 624w, https://www.flieg.fr/wordpress/wp-content/uploads/2012/05/P5130498.jpg 1536w" sizes="auto, (max-width: 225px) 100vw, 225px" /></a></p>
<p>L&rsquo;église de Cirauqui est fermée. Heureusement le porche aux motifs arabisants est visible de l&rsquo;extérieur.</p>
<p><a href="http://flieg.fr/wordpress/wp-content/uploads/2012/05/P5130510.jpg"><img loading="lazy" decoding="async" class="alignnone size-medium wp-image-857" title="OLYMPUS DIGITAL CAMERA" src="http://flieg.fr/wordpress/wp-content/uploads/2012/05/P5130510-225x300.jpg" alt="" width="225" height="300" srcset="https://www.flieg.fr/wordpress/wp-content/uploads/2012/05/P5130510-225x300.jpg 225w, https://www.flieg.fr/wordpress/wp-content/uploads/2012/05/P5130510-768x1024.jpg 768w, https://www.flieg.fr/wordpress/wp-content/uploads/2012/05/P5130510-624x832.jpg 624w, https://www.flieg.fr/wordpress/wp-content/uploads/2012/05/P5130510.jpg 1536w" sizes="auto, (max-width: 225px) 100vw, 225px" /></a><br />
Le paysage, avec ses champs de ble, d&rsquo;avoine, d&rsquo;oliviers, d&rsquo;amandiers, est superbe. Et toujours des fleurs. Des champs: rouges coquelicots, jaunes genets, mauves bruyères.<br />
<a href="http://flieg.fr/wordpress/wp-content/uploads/2012/05/P5130538.jpg"><img loading="lazy" decoding="async" class="alignnone size-medium wp-image-858" title="OLYMPUS DIGITAL CAMERA" src="http://flieg.fr/wordpress/wp-content/uploads/2012/05/P5130538-300x225.jpg" alt="" width="300" height="225" srcset="https://www.flieg.fr/wordpress/wp-content/uploads/2012/05/P5130538-300x225.jpg 300w, https://www.flieg.fr/wordpress/wp-content/uploads/2012/05/P5130538-1024x768.jpg 1024w, https://www.flieg.fr/wordpress/wp-content/uploads/2012/05/P5130538-624x468.jpg 624w, https://www.flieg.fr/wordpress/wp-content/uploads/2012/05/P5130538.jpg 2048w" sizes="auto, (max-width: 300px) 100vw, 300px" /></a><a href="http://flieg.fr/wordpress/wp-content/uploads/2012/05/P5130519.jpg"><img loading="lazy" decoding="async" class="alignnone size-medium wp-image-859" title="OLYMPUS DIGITAL CAMERA" src="http://flieg.fr/wordpress/wp-content/uploads/2012/05/P5130519-225x300.jpg" alt="" width="225" height="300" srcset="https://www.flieg.fr/wordpress/wp-content/uploads/2012/05/P5130519-225x300.jpg 225w, https://www.flieg.fr/wordpress/wp-content/uploads/2012/05/P5130519-768x1024.jpg 768w, https://www.flieg.fr/wordpress/wp-content/uploads/2012/05/P5130519-624x832.jpg 624w, https://www.flieg.fr/wordpress/wp-content/uploads/2012/05/P5130519.jpg 1536w" sizes="auto, (max-width: 225px) 100vw, 225px" /></a></p>
<p>Nous suivons sur des kilomètres une voie romaine. Nous empruntons ainsi un chemin vieux de 2000 ans.<br />
Nous nous surprenons&nbsp;à imaginer les métiers qui jalonnaient cette voie: par exemple les haleurs qui aidaient les charrois&nbsp;à monter ou à descendre les pentes raides. Et pendant ce temps, nous approchons tranquillement d&rsquo;Estella, notre étape de la nuit. Malheureusement, nous constatons&nbsp;à l&rsquo;entrée de la ville que notre hôtel-restaurant est&nbsp;à plus d&rsquo;un kilomètre. Et en plus, comme c&rsquo;est dimanche, le resto est fermé.</p>
<p><a href="http://flieg.fr/wordpress/wp-content/uploads/2012/05/P5130542.jpg"><img loading="lazy" decoding="async" class="alignnone size-medium wp-image-860" title="OLYMPUS DIGITAL CAMERA" src="http://flieg.fr/wordpress/wp-content/uploads/2012/05/P5130542-225x300.jpg" alt="" width="225" height="300" srcset="https://www.flieg.fr/wordpress/wp-content/uploads/2012/05/P5130542-225x300.jpg 225w, https://www.flieg.fr/wordpress/wp-content/uploads/2012/05/P5130542-768x1024.jpg 768w, https://www.flieg.fr/wordpress/wp-content/uploads/2012/05/P5130542-624x832.jpg 624w, https://www.flieg.fr/wordpress/wp-content/uploads/2012/05/P5130542.jpg 1536w" sizes="auto, (max-width: 225px) 100vw, 225px" /></a></p>
<p>&nbsp;</p>

<p>Dimanche 13 mai 2012 Chouette! Ce matin, il fait&nbsp;à nouveau un temps gris avec une température supportable. Nous ne sommes pas les seuls à être levés &#8230;. Nous commençons par visiter l&rsquo;église St-Jacques remplies de dorures et au sol en bois brillant verni. Une très belle statue de St-Jacques fait l&rsquo;objet de la dévotion électrique [&hellip;]</p>
