{"id":822,"date":"2012-05-13T22:28:15","date_gmt":"2012-05-13T21:28:15","guid":{"rendered":"http:\/\/flieg.fr\/?page_id=822"},"modified":"2023-03-21T11:06:40","modified_gmt":"2023-03-21T10:06:40","slug":"jour-46-etape-42-de-pampelune-a-puente-la-reina-243-km-samedi-12-mai-2012","status":"publish","type":"page","link":"https:\/\/www.flieg.fr\/?page_id=822","title":{"rendered":"jour 46 \u00e9tape 42 : de Pampelune \u00e0 Puente la Reina : 24,3 km samedi 12 mai 2012"},"content":{"rendered":"<p>Samedi 12 mai 2012&nbsp; &#8212;&#8212; 800 km<\/p>\n<p>L&rsquo;\u00e9tape est longue et en plus, nous voudrions passer par l&rsquo;ermitage d&rsquo;Eunate, se qui rajouterait encore 4 km. Alors, nous prenons la d\u00e9cision de prendre le bus pour sortir de Pampelune. Nous prenons la ligne 1 qui nous propulse jusqu&rsquo;\u00e0 Cizur Minor&nbsp;\u00e0 5km du centre ville. La ligne de bus suit le chemin. Et nous d\u00e9passons des dizaines et des dizaines de p\u00e8lerins.&nbsp;Nous prenons la mesure du nombre de p\u00e8lerins sur le chemin. A la descente du bus, nous faisons les achats pour le casse-cro\u00fbte du midi et nous prenons le chemin. Quelque part, nous passerons les 800 km depuis Le Puy. Nous montons doucement vers le mont del Pardon dont la cr\u00eate est h\u00e9riss\u00e9e d&rsquo;une cinquantaine d&rsquo;\u00e9oliennes.<\/p>\n<p><a href=\"http:\/\/flieg.fr\/wordpress\/wp-content\/uploads\/2012\/05\/P5120424.jpg\"><img loading=\"lazy\" decoding=\"async\" class=\"alignnone size-medium wp-image-842\" title=\"OLYMPUS DIGITAL CAMERA\" src=\"http:\/\/flieg.fr\/wordpress\/wp-content\/uploads\/2012\/05\/P5120424-300x225.jpg\" alt=\"\" width=\"300\" height=\"225\" srcset=\"https:\/\/www.flieg.fr\/wordpress\/wp-content\/uploads\/2012\/05\/P5120424-300x225.jpg 300w, https:\/\/www.flieg.fr\/wordpress\/wp-content\/uploads\/2012\/05\/P5120424-1024x768.jpg 1024w, https:\/\/www.flieg.fr\/wordpress\/wp-content\/uploads\/2012\/05\/P5120424-624x468.jpg 624w, https:\/\/www.flieg.fr\/wordpress\/wp-content\/uploads\/2012\/05\/P5120424.jpg 2048w\" sizes=\"auto, (max-width: 300px) 100vw, 300px\" \/><\/a><a href=\"http:\/\/flieg.fr\/wordpress\/wp-content\/uploads\/2012\/05\/P5120425.jpg\"><img loading=\"lazy\" decoding=\"async\" class=\"alignnone size-medium wp-image-843\" title=\"OLYMPUS DIGITAL CAMERA\" src=\"http:\/\/flieg.fr\/wordpress\/wp-content\/uploads\/2012\/05\/P5120425-225x300.jpg\" alt=\"\" width=\"225\" height=\"300\" srcset=\"https:\/\/www.flieg.fr\/wordpress\/wp-content\/uploads\/2012\/05\/P5120425-225x300.jpg 225w, https:\/\/www.flieg.fr\/wordpress\/wp-content\/uploads\/2012\/05\/P5120425-768x1024.jpg 768w, https:\/\/www.flieg.fr\/wordpress\/wp-content\/uploads\/2012\/05\/P5120425-624x832.jpg 624w, https:\/\/www.flieg.fr\/wordpress\/wp-content\/uploads\/2012\/05\/P5120425.jpg 1536w\" sizes=\"auto, (max-width: 225px) 100vw, 225px\" \/><\/a><\/p>\n<p>Plus nous nous \u00e9levons, plus nous obtenons une vue superbe sur Pampelune.<\/p>\n<div id=\"attachment_841\" style=\"width: 310px\" class=\"wp-caption alignnone\"><a href=\"http:\/\/flieg.fr\/wordpress\/wp-content\/uploads\/2012\/05\/P5120415.jpg\"><img loading=\"lazy\" decoding=\"async\" aria-describedby=\"caption-attachment-841\" class=\"size-medium wp-image-841\" title=\"OLYMPUS DIGITAL CAMERA\" src=\"http:\/\/flieg.fr\/wordpress\/wp-content\/uploads\/2012\/05\/P5120415-300x225.jpg\" alt=\"\" width=\"300\" height=\"225\" srcset=\"https:\/\/www.flieg.fr\/wordpress\/wp-content\/uploads\/2012\/05\/P5120415-300x225.jpg 300w, https:\/\/www.flieg.fr\/wordpress\/wp-content\/uploads\/2012\/05\/P5120415-1024x768.jpg 1024w, https:\/\/www.flieg.fr\/wordpress\/wp-content\/uploads\/2012\/05\/P5120415-624x468.jpg 624w, https:\/\/www.flieg.fr\/wordpress\/wp-content\/uploads\/2012\/05\/P5120415.jpg 2048w\" sizes=\"auto, (max-width: 300px) 100vw, 300px\" \/><\/a><p id=\"caption-attachment-841\" class=\"wp-caption-text\">vue arri\u00e8re sur Pampelune<\/p><\/div>\n<p>A 500m nous&nbsp;commen\u00e7ons&nbsp;\u00e0 percevoir le bruit des \u00e9oliennes. Arriv\u00e9s au col, le bruit est fort et d\u00e9rangeant. Une sculpture en acier repr\u00e9sente la caravane continue des p\u00e8lerins au travers des si\u00e8cles.<\/p>\n<p><a href=\"http:\/\/flieg.fr\/wordpress\/wp-content\/uploads\/2012\/05\/P5120426.jpg\"><img loading=\"lazy\" decoding=\"async\" class=\"alignnone size-medium wp-image-844\" title=\"OLYMPUS DIGITAL CAMERA\" src=\"http:\/\/flieg.fr\/wordpress\/wp-content\/uploads\/2012\/05\/P5120426-300x225.jpg\" alt=\"\" width=\"300\" height=\"225\" srcset=\"https:\/\/www.flieg.fr\/wordpress\/wp-content\/uploads\/2012\/05\/P5120426-300x225.jpg 300w, https:\/\/www.flieg.fr\/wordpress\/wp-content\/uploads\/2012\/05\/P5120426-1024x768.jpg 1024w, https:\/\/www.flieg.fr\/wordpress\/wp-content\/uploads\/2012\/05\/P5120426-624x468.jpg 624w, https:\/\/www.flieg.fr\/wordpress\/wp-content\/uploads\/2012\/05\/P5120426.jpg 2048w\" sizes=\"auto, (max-width: 300px) 100vw, 300px\" \/><\/a><\/p>\n<p>&nbsp;Nous redescendons, cette fois vers le coeur de l&rsquo;Espagne par un chemin caillouteux. Par chance le soleil n&rsquo;arrive pas&nbsp;\u00e0 percer les nuages, car il nous aurait clou\u00e9s au sol. Un vent frais nous a bien ventil\u00e9s, ce qui n&rsquo;\u00e9tait pas d\u00e9sagreable.&nbsp;<\/p>\n<p>Arriv\u00e9s&nbsp;\u00e0 Muruzabal, nous d\u00e9cidons de faire le d\u00e9tour pour voir l&rsquo;ermitage d&rsquo;Eunate. Tr\u00e8s vite nous le voyons loin dans la plaine. Il est signal\u00e9&nbsp;\u00e0 2 km, mais sous le soleil, nous fatiguons et nous trouvons le chemin bien long. Finalement,&nbsp;\u00e0 15h, nous l&rsquo;atteignons.<\/p>\n<div id=\"attachment_845\" style=\"width: 310px\" class=\"wp-caption alignnone\"><a href=\"http:\/\/flieg.fr\/wordpress\/wp-content\/uploads\/2012\/05\/P5120453.jpg\"><img loading=\"lazy\" decoding=\"async\" aria-describedby=\"caption-attachment-845\" class=\"size-medium wp-image-845\" title=\"OLYMPUS DIGITAL CAMERA\" src=\"http:\/\/flieg.fr\/wordpress\/wp-content\/uploads\/2012\/05\/P5120453-300x225.jpg\" alt=\"\" width=\"300\" height=\"225\" srcset=\"https:\/\/www.flieg.fr\/wordpress\/wp-content\/uploads\/2012\/05\/P5120453-300x225.jpg 300w, https:\/\/www.flieg.fr\/wordpress\/wp-content\/uploads\/2012\/05\/P5120453-1024x768.jpg 1024w, https:\/\/www.flieg.fr\/wordpress\/wp-content\/uploads\/2012\/05\/P5120453-624x468.jpg 624w, https:\/\/www.flieg.fr\/wordpress\/wp-content\/uploads\/2012\/05\/P5120453.jpg 2048w\" sizes=\"auto, (max-width: 300px) 100vw, 300px\" \/><\/a><p id=\"caption-attachment-845\" class=\"wp-caption-text\">chapelle Santa Maria d'Eunate<\/p><\/div>\n<p>C&rsquo;est une petite chapelle romane en gr\u00e8s rose octogonale. Elle est entour\u00e9e d&rsquo;une enceinte d&rsquo;arcades de clo\u00eetre&nbsp;\u00e0 piliers simples et parfois doubles, enceinte \u00e9galement octogonale. Puis un mur d&rsquo;enceinte \u00e9galement octogonal lui donne un aspect de chapelle fortifi\u00e9e.<br \/>\n<a href=\"http:\/\/flieg.fr\/wordpress\/wp-content\/uploads\/2012\/05\/P5120436.jpg\"><img loading=\"lazy\" decoding=\"async\" class=\"alignnone size-medium wp-image-846\" title=\"OLYMPUS DIGITAL CAMERA\" src=\"http:\/\/flieg.fr\/wordpress\/wp-content\/uploads\/2012\/05\/P5120436-300x225.jpg\" alt=\"\" width=\"300\" height=\"225\" srcset=\"https:\/\/www.flieg.fr\/wordpress\/wp-content\/uploads\/2012\/05\/P5120436-300x225.jpg 300w, https:\/\/www.flieg.fr\/wordpress\/wp-content\/uploads\/2012\/05\/P5120436-1024x768.jpg 1024w, https:\/\/www.flieg.fr\/wordpress\/wp-content\/uploads\/2012\/05\/P5120436-624x468.jpg 624w, https:\/\/www.flieg.fr\/wordpress\/wp-content\/uploads\/2012\/05\/P5120436.jpg 2048w\" sizes=\"auto, (max-width: 300px) 100vw, 300px\" \/><\/a><\/p>\n<p>Malheureusement, la chapelle n&rsquo;est pas visitable avant 16h. L&rsquo;ermitage lui-m\u00eame est un petit b\u00e2timent rectangulaire qui, aujourd&rsquo;hui sert d&rsquo;auberge&nbsp;\u00e0 p\u00e8lerins. Et surprise, elle est tenue par Marie-Rose, une alsacienne de Lapoutroie. Elle nous raconte l&rsquo;histoire de la vierge&nbsp;\u00e0 l&rsquo;enfant qui fut vol\u00e9e voil\u00e0 40 ans. Une tr\u00e8s belle vierge&nbsp;\u00e0 l&rsquo;enfant la remplace aujourd&rsquo;hui. Un \u00e9clairage calme&nbsp;\u00e0 travers l&rsquo;alb\u00e2tre des ouvertures romanes baigne la chapelle d&rsquo;une clart\u00e9 diaphane.<\/p>\n<p><a href=\"http:\/\/flieg.fr\/wordpress\/wp-content\/uploads\/2012\/05\/P5120444.jpg\"><img loading=\"lazy\" decoding=\"async\" class=\"alignnone size-medium wp-image-847\" title=\"OLYMPUS DIGITAL CAMERA\" src=\"http:\/\/flieg.fr\/wordpress\/wp-content\/uploads\/2012\/05\/P5120444-225x300.jpg\" alt=\"\" width=\"225\" height=\"300\" srcset=\"https:\/\/www.flieg.fr\/wordpress\/wp-content\/uploads\/2012\/05\/P5120444-225x300.jpg 225w, https:\/\/www.flieg.fr\/wordpress\/wp-content\/uploads\/2012\/05\/P5120444-768x1024.jpg 768w, https:\/\/www.flieg.fr\/wordpress\/wp-content\/uploads\/2012\/05\/P5120444-624x832.jpg 624w, https:\/\/www.flieg.fr\/wordpress\/wp-content\/uploads\/2012\/05\/P5120444.jpg 1536w\" sizes=\"auto, (max-width: 225px) 100vw, 225px\" \/><\/a><\/p>\n<p>Car, nous avons attendu 16h pour visiter. Le temps d&rsquo;attente \u00e9tait bienvenu pour faire une partie du compte rendu journalier (sur le t\u00e9l\u00e9phone).<br \/>\nLes 5 km qui nous s\u00e9paraient encore de. Puente la Reina nous ont paru bien longs.<br \/>\nLe soir, nous avons mang\u00e9 avec le m\u00eame couple de fran\u00e7ais que nous avions rencontr\u00e9 a Roncevaux.<\/p>\n","protected":false},"excerpt":{"rendered":"<p>Samedi 12 mai 2012&nbsp; &#8212;&#8212; 800 km L&rsquo;\u00e9tape est longue et en plus, nous voudrions passer par l&rsquo;ermitage d&rsquo;Eunate, se qui rajouterait encore 4 km. Alors, nous prenons la d\u00e9cision de prendre le bus pour sortir de Pampelune. Nous prenons la ligne 1 qui nous propulse jusqu&rsquo;\u00e0 Cizur Minor&nbsp;\u00e0 5km du centre ville. La ligne [&hellip;]<\/p>\n","protected":false},"author":3,"featured_media":0,"parent":0,"menu_order":0,"comment_status":"open","ping_status":"open","template":"","meta":{"footnotes":""},"class_list":["post-822","page","type-page","status-publish","hentry"],"_links":{"self":[{"href":"https:\/\/www.flieg.fr\/index.php?rest_route=\/wp\/v2\/pages\/822","targetHints":{"allow":["GET"]}}],"collection":[{"href":"https:\/\/www.flieg.fr\/index.php?rest_route=\/wp\/v2\/pages"}],"about":[{"href":"https:\/\/www.flieg.fr\/index.php?rest_route=\/wp\/v2\/types\/page"}],"author":[{"embeddable":true,"href":"https:\/\/www.flieg.fr\/index.php?rest_route=\/wp\/v2\/users\/3"}],"replies":[{"embeddable":true,"href":"https:\/\/www.flieg.fr\/index.php?rest_route=%2Fwp%2Fv2%2Fcomments&post=822"}],"version-history":[{"count":8,"href":"https:\/\/www.flieg.fr\/index.php?rest_route=\/wp\/v2\/pages\/822\/revisions"}],"predecessor-version":[{"id":2434,"href":"https:\/\/www.flieg.fr\/index.php?rest_route=\/wp\/v2\/pages\/822\/revisions\/2434"}],"wp:attachment":[{"href":"https:\/\/www.flieg.fr\/index.php?rest_route=%2Fwp%2Fv2%2Fmedia&parent=822"}],"curies":[{"name":"wp","href":"https:\/\/api.w.org\/{rel}","templated":true}]}}

jour 46 étape 42 : de Pampelune à Puente la Reina : 24,3 km samedi 12 mai 2012

<p>Samedi 12 mai 2012&nbsp; &#8212;&#8212; 800 km</p>
<p>L&rsquo;étape est longue et en plus, nous voudrions passer par l&rsquo;ermitage d&rsquo;Eunate, se qui rajouterait encore 4 km. Alors, nous prenons la décision de prendre le bus pour sortir de Pampelune. Nous prenons la ligne 1 qui nous propulse jusqu&rsquo;à Cizur Minor&nbsp;à 5km du centre ville. La ligne de bus suit le chemin. Et nous dépassons des dizaines et des dizaines de pèlerins.&nbsp;Nous prenons la mesure du nombre de pèlerins sur le chemin. A la descente du bus, nous faisons les achats pour le casse-croûte du midi et nous prenons le chemin. Quelque part, nous passerons les 800 km depuis Le Puy. Nous montons doucement vers le mont del Pardon dont la crête est hérissée d&rsquo;une cinquantaine d&rsquo;éoliennes.</p>
<p><a href="http://flieg.fr/wordpress/wp-content/uploads/2012/05/P5120424.jpg"><img loading="lazy" decoding="async" class="alignnone size-medium wp-image-842" title="OLYMPUS DIGITAL CAMERA" src="http://flieg.fr/wordpress/wp-content/uploads/2012/05/P5120424-300x225.jpg" alt="" width="300" height="225" srcset="https://www.flieg.fr/wordpress/wp-content/uploads/2012/05/P5120424-300x225.jpg 300w, https://www.flieg.fr/wordpress/wp-content/uploads/2012/05/P5120424-1024x768.jpg 1024w, https://www.flieg.fr/wordpress/wp-content/uploads/2012/05/P5120424-624x468.jpg 624w, https://www.flieg.fr/wordpress/wp-content/uploads/2012/05/P5120424.jpg 2048w" sizes="auto, (max-width: 300px) 100vw, 300px" /></a><a href="http://flieg.fr/wordpress/wp-content/uploads/2012/05/P5120425.jpg"><img loading="lazy" decoding="async" class="alignnone size-medium wp-image-843" title="OLYMPUS DIGITAL CAMERA" src="http://flieg.fr/wordpress/wp-content/uploads/2012/05/P5120425-225x300.jpg" alt="" width="225" height="300" srcset="https://www.flieg.fr/wordpress/wp-content/uploads/2012/05/P5120425-225x300.jpg 225w, https://www.flieg.fr/wordpress/wp-content/uploads/2012/05/P5120425-768x1024.jpg 768w, https://www.flieg.fr/wordpress/wp-content/uploads/2012/05/P5120425-624x832.jpg 624w, https://www.flieg.fr/wordpress/wp-content/uploads/2012/05/P5120425.jpg 1536w" sizes="auto, (max-width: 225px) 100vw, 225px" /></a></p>
<p>Plus nous nous élevons, plus nous obtenons une vue superbe sur Pampelune.</p>
<div id="attachment_841" style="width: 310px" class="wp-caption alignnone"><a href="http://flieg.fr/wordpress/wp-content/uploads/2012/05/P5120415.jpg"><img loading="lazy" decoding="async" aria-describedby="caption-attachment-841" class="size-medium wp-image-841" title="OLYMPUS DIGITAL CAMERA" src="http://flieg.fr/wordpress/wp-content/uploads/2012/05/P5120415-300x225.jpg" alt="" width="300" height="225" srcset="https://www.flieg.fr/wordpress/wp-content/uploads/2012/05/P5120415-300x225.jpg 300w, https://www.flieg.fr/wordpress/wp-content/uploads/2012/05/P5120415-1024x768.jpg 1024w, https://www.flieg.fr/wordpress/wp-content/uploads/2012/05/P5120415-624x468.jpg 624w, https://www.flieg.fr/wordpress/wp-content/uploads/2012/05/P5120415.jpg 2048w" sizes="auto, (max-width: 300px) 100vw, 300px" /></a><p id="caption-attachment-841" class="wp-caption-text">vue arrière sur Pampelune</p></div>
<p>A 500m nous&nbsp;commençons&nbsp;à percevoir le bruit des éoliennes. Arrivés au col, le bruit est fort et dérangeant. Une sculpture en acier représente la caravane continue des pèlerins au travers des siècles.</p>
<p><a href="http://flieg.fr/wordpress/wp-content/uploads/2012/05/P5120426.jpg"><img loading="lazy" decoding="async" class="alignnone size-medium wp-image-844" title="OLYMPUS DIGITAL CAMERA" src="http://flieg.fr/wordpress/wp-content/uploads/2012/05/P5120426-300x225.jpg" alt="" width="300" height="225" srcset="https://www.flieg.fr/wordpress/wp-content/uploads/2012/05/P5120426-300x225.jpg 300w, https://www.flieg.fr/wordpress/wp-content/uploads/2012/05/P5120426-1024x768.jpg 1024w, https://www.flieg.fr/wordpress/wp-content/uploads/2012/05/P5120426-624x468.jpg 624w, https://www.flieg.fr/wordpress/wp-content/uploads/2012/05/P5120426.jpg 2048w" sizes="auto, (max-width: 300px) 100vw, 300px" /></a></p>
<p>&nbsp;Nous redescendons, cette fois vers le coeur de l&rsquo;Espagne par un chemin caillouteux. Par chance le soleil n&rsquo;arrive pas&nbsp;à percer les nuages, car il nous aurait cloués au sol. Un vent frais nous a bien ventilés, ce qui n&rsquo;était pas désagreable.&nbsp;</p>
<p>Arrivés&nbsp;à Muruzabal, nous décidons de faire le détour pour voir l&rsquo;ermitage d&rsquo;Eunate. Très vite nous le voyons loin dans la plaine. Il est signalé&nbsp;à 2 km, mais sous le soleil, nous fatiguons et nous trouvons le chemin bien long. Finalement,&nbsp;à 15h, nous l&rsquo;atteignons.</p>
<div id="attachment_845" style="width: 310px" class="wp-caption alignnone"><a href="http://flieg.fr/wordpress/wp-content/uploads/2012/05/P5120453.jpg"><img loading="lazy" decoding="async" aria-describedby="caption-attachment-845" class="size-medium wp-image-845" title="OLYMPUS DIGITAL CAMERA" src="http://flieg.fr/wordpress/wp-content/uploads/2012/05/P5120453-300x225.jpg" alt="" width="300" height="225" srcset="https://www.flieg.fr/wordpress/wp-content/uploads/2012/05/P5120453-300x225.jpg 300w, https://www.flieg.fr/wordpress/wp-content/uploads/2012/05/P5120453-1024x768.jpg 1024w, https://www.flieg.fr/wordpress/wp-content/uploads/2012/05/P5120453-624x468.jpg 624w, https://www.flieg.fr/wordpress/wp-content/uploads/2012/05/P5120453.jpg 2048w" sizes="auto, (max-width: 300px) 100vw, 300px" /></a><p id="caption-attachment-845" class="wp-caption-text">chapelle Santa Maria d'Eunate</p></div>
<p>C&rsquo;est une petite chapelle romane en grès rose octogonale. Elle est entourée d&rsquo;une enceinte d&rsquo;arcades de cloître&nbsp;à piliers simples et parfois doubles, enceinte également octogonale. Puis un mur d&rsquo;enceinte également octogonal lui donne un aspect de chapelle fortifiée.<br />
<a href="http://flieg.fr/wordpress/wp-content/uploads/2012/05/P5120436.jpg"><img loading="lazy" decoding="async" class="alignnone size-medium wp-image-846" title="OLYMPUS DIGITAL CAMERA" src="http://flieg.fr/wordpress/wp-content/uploads/2012/05/P5120436-300x225.jpg" alt="" width="300" height="225" srcset="https://www.flieg.fr/wordpress/wp-content/uploads/2012/05/P5120436-300x225.jpg 300w, https://www.flieg.fr/wordpress/wp-content/uploads/2012/05/P5120436-1024x768.jpg 1024w, https://www.flieg.fr/wordpress/wp-content/uploads/2012/05/P5120436-624x468.jpg 624w, https://www.flieg.fr/wordpress/wp-content/uploads/2012/05/P5120436.jpg 2048w" sizes="auto, (max-width: 300px) 100vw, 300px" /></a></p>
<p>Malheureusement, la chapelle n&rsquo;est pas visitable avant 16h. L&rsquo;ermitage lui-même est un petit bâtiment rectangulaire qui, aujourd&rsquo;hui sert d&rsquo;auberge&nbsp;à pèlerins. Et surprise, elle est tenue par Marie-Rose, une alsacienne de Lapoutroie. Elle nous raconte l&rsquo;histoire de la vierge&nbsp;à l&rsquo;enfant qui fut volée voilà 40 ans. Une très belle vierge&nbsp;à l&rsquo;enfant la remplace aujourd&rsquo;hui. Un éclairage calme&nbsp;à travers l&rsquo;albâtre des ouvertures romanes baigne la chapelle d&rsquo;une clarté diaphane.</p>
<p><a href="http://flieg.fr/wordpress/wp-content/uploads/2012/05/P5120444.jpg"><img loading="lazy" decoding="async" class="alignnone size-medium wp-image-847" title="OLYMPUS DIGITAL CAMERA" src="http://flieg.fr/wordpress/wp-content/uploads/2012/05/P5120444-225x300.jpg" alt="" width="225" height="300" srcset="https://www.flieg.fr/wordpress/wp-content/uploads/2012/05/P5120444-225x300.jpg 225w, https://www.flieg.fr/wordpress/wp-content/uploads/2012/05/P5120444-768x1024.jpg 768w, https://www.flieg.fr/wordpress/wp-content/uploads/2012/05/P5120444-624x832.jpg 624w, https://www.flieg.fr/wordpress/wp-content/uploads/2012/05/P5120444.jpg 1536w" sizes="auto, (max-width: 225px) 100vw, 225px" /></a></p>
<p>Car, nous avons attendu 16h pour visiter. Le temps d&rsquo;attente était bienvenu pour faire une partie du compte rendu journalier (sur le téléphone).<br />
Les 5 km qui nous séparaient encore de. Puente la Reina nous ont paru bien longs.<br />
Le soir, nous avons mangé avec le même couple de français que nous avions rencontré a Roncevaux.</p>

<p>Samedi 12 mai 2012&nbsp; &#8212;&#8212; 800 km L&rsquo;étape est longue et en plus, nous voudrions passer par l&rsquo;ermitage d&rsquo;Eunate, se qui rajouterait encore 4 km. Alors, nous prenons la décision de prendre le bus pour sortir de Pampelune. Nous prenons la ligne 1 qui nous propulse jusqu&rsquo;à Cizur Minor&nbsp;à 5km du centre ville. La ligne [&hellip;]</p>
