{"id":819,"date":"2012-05-13T22:25:30","date_gmt":"2012-05-13T21:25:30","guid":{"rendered":"http:\/\/flieg.fr\/?page_id=819"},"modified":"2023-03-21T11:06:09","modified_gmt":"2023-03-21T10:06:09","slug":"jour-45-etape-41-de-zubiri-a-pampelune-198-km-vendredi-11-mai-2012","status":"publish","type":"page","link":"https:\/\/www.flieg.fr\/?page_id=819","title":{"rendered":"jour 45 \u00e9tape 41 : de Zubiri \u00e0 Pampelune : 19,8 km vendredi 11 mai 2012"},"content":{"rendered":"<p>Vendredi 11 mai 2012<\/p>\n<p>A 7h45 il fait d\u00e9j\u00e0 12 degr\u00e9s. On se d\u00e9p\u00eache de prendre notre petit d\u00e9jeuner et on va \u00e0 la poste de Zurbiri. Nous voulons renvoyer les guides de France et nos pantalons de pluie a Cernay. Surprise, la poste ouvre bien \u00e0 9h comme annonc\u00e9, mais n&rsquo;assure pas la prise en charge des paquets. Il faut aller \u00e0 Pampelune!<\/p>\n<p>Nous partons donc charg\u00e9s en direction de Pampelune. Le chemin est toujours d&rsquo;aussi bonne facture. Nous passons \u00e0 cot\u00e9 de l&rsquo;usine de magn\u00e9sie de Zubiri. Un vacarme industriel de concassage mais aussi une succession de bassins de d\u00e9cantation sur 2 km. Plus rien ne pousse. Tout est gris.<\/p>\n<div id=\"attachment_832\" style=\"width: 310px\" class=\"wp-caption alignnone\"><a href=\"http:\/\/flieg.fr\/wordpress\/wp-content\/uploads\/2012\/05\/P5110340.jpg\"><img loading=\"lazy\" decoding=\"async\" aria-describedby=\"caption-attachment-832\" class=\"size-medium wp-image-832\" title=\"OLYMPUS DIGITAL CAMERA\" src=\"http:\/\/flieg.fr\/wordpress\/wp-content\/uploads\/2012\/05\/P5110340-300x225.jpg\" alt=\"\" width=\"300\" height=\"225\" srcset=\"https:\/\/www.flieg.fr\/wordpress\/wp-content\/uploads\/2012\/05\/P5110340-300x225.jpg 300w, https:\/\/www.flieg.fr\/wordpress\/wp-content\/uploads\/2012\/05\/P5110340-1024x768.jpg 1024w, https:\/\/www.flieg.fr\/wordpress\/wp-content\/uploads\/2012\/05\/P5110340-624x468.jpg 624w, https:\/\/www.flieg.fr\/wordpress\/wp-content\/uploads\/2012\/05\/P5110340.jpg 2048w\" sizes=\"auto, (max-width: 300px) 100vw, 300px\" \/><\/a><p id=\"caption-attachment-832\" class=\"wp-caption-text\">usine de magn\u00e9sie de Zubiri<\/p><\/div>\n<p>Le chemin serpente dans les sous-bois qui nous dispense une ombre bienfaitrice pendant que la temp\u00e9rature monte insensiblement vers la solide trentaine. Nous, on fond de chaleur.<\/p>\n<p><a href=\"http:\/\/flieg.fr\/wordpress\/wp-content\/uploads\/2012\/05\/P5110342.jpg\"><img loading=\"lazy\" decoding=\"async\" class=\"alignnone size-medium wp-image-833\" title=\"OLYMPUS DIGITAL CAMERA\" src=\"http:\/\/flieg.fr\/wordpress\/wp-content\/uploads\/2012\/05\/P5110342-300x225.jpg\" alt=\"\" width=\"300\" height=\"225\" srcset=\"https:\/\/www.flieg.fr\/wordpress\/wp-content\/uploads\/2012\/05\/P5110342-300x225.jpg 300w, https:\/\/www.flieg.fr\/wordpress\/wp-content\/uploads\/2012\/05\/P5110342-1024x768.jpg 1024w, https:\/\/www.flieg.fr\/wordpress\/wp-content\/uploads\/2012\/05\/P5110342-624x468.jpg 624w, https:\/\/www.flieg.fr\/wordpress\/wp-content\/uploads\/2012\/05\/P5110342.jpg 2048w\" sizes=\"auto, (max-width: 300px) 100vw, 300px\" \/><\/a><\/p>\n<p>A midi, un porche d&rsquo;\u00e9glise dot\u00e9e d&rsquo;un banc nous accueille pour notre pause casse-croute.<br \/>\nIl y a maintenant de plus en plus de v\u00e9los sur le chemin et ils nous surprennent souvent quand ils nous d\u00e9passent. Le vent fait onduler les bl\u00e9s.<\/p>\n<p><a href=\"http:\/\/flieg.fr\/wordpress\/wp-content\/uploads\/2012\/05\/P5110352.jpg\"><img loading=\"lazy\" decoding=\"async\" class=\"alignnone size-medium wp-image-834\" title=\"OLYMPUS DIGITAL CAMERA\" src=\"http:\/\/flieg.fr\/wordpress\/wp-content\/uploads\/2012\/05\/P5110352-300x225.jpg\" alt=\"\" width=\"300\" height=\"225\" srcset=\"https:\/\/www.flieg.fr\/wordpress\/wp-content\/uploads\/2012\/05\/P5110352-300x225.jpg 300w, https:\/\/www.flieg.fr\/wordpress\/wp-content\/uploads\/2012\/05\/P5110352-1024x768.jpg 1024w, https:\/\/www.flieg.fr\/wordpress\/wp-content\/uploads\/2012\/05\/P5110352-624x468.jpg 624w, https:\/\/www.flieg.fr\/wordpress\/wp-content\/uploads\/2012\/05\/P5110352.jpg 2048w\" sizes=\"auto, (max-width: 300px) 100vw, 300px\" \/><\/a><br \/>\nEnfin, nous arrivons dans les faubourgs de Pampelune et la vie tr\u00e9pidante nous enveloppe tr\u00e8s vite.<\/p>\n<div id=\"attachment_838\" style=\"width: 310px\" class=\"wp-caption alignnone\"><a href=\"http:\/\/flieg.fr\/wordpress\/wp-content\/uploads\/2012\/05\/P5110364.jpg\"><img loading=\"lazy\" decoding=\"async\" aria-describedby=\"caption-attachment-838\" class=\"size-medium wp-image-838\" title=\"OLYMPUS DIGITAL CAMERA\" src=\"http:\/\/flieg.fr\/wordpress\/wp-content\/uploads\/2012\/05\/P5110364-300x225.jpg\" alt=\"\" width=\"300\" height=\"225\" srcset=\"https:\/\/www.flieg.fr\/wordpress\/wp-content\/uploads\/2012\/05\/P5110364-300x225.jpg 300w, https:\/\/www.flieg.fr\/wordpress\/wp-content\/uploads\/2012\/05\/P5110364-1024x768.jpg 1024w, https:\/\/www.flieg.fr\/wordpress\/wp-content\/uploads\/2012\/05\/P5110364-624x468.jpg 624w, https:\/\/www.flieg.fr\/wordpress\/wp-content\/uploads\/2012\/05\/P5110364.jpg 2048w\" sizes=\"auto, (max-width: 300px) 100vw, 300px\" \/><\/a><p id=\"caption-attachment-838\" class=\"wp-caption-text\">Michelle sur le pont de la Madeleine \u00e0 l'entr\u00e9e de Pampelune<\/p><\/div>\n<div id=\"attachment_835\" style=\"width: 310px\" class=\"wp-caption alignnone\"><a href=\"http:\/\/flieg.fr\/wordpress\/wp-content\/uploads\/2012\/05\/P5110368.jpg\"><img loading=\"lazy\" decoding=\"async\" aria-describedby=\"caption-attachment-835\" class=\"size-medium wp-image-835\" title=\"OLYMPUS DIGITAL CAMERA\" src=\"http:\/\/flieg.fr\/wordpress\/wp-content\/uploads\/2012\/05\/P5110368-300x225.jpg\" alt=\"\" width=\"300\" height=\"225\" srcset=\"https:\/\/www.flieg.fr\/wordpress\/wp-content\/uploads\/2012\/05\/P5110368-300x225.jpg 300w, https:\/\/www.flieg.fr\/wordpress\/wp-content\/uploads\/2012\/05\/P5110368-1024x768.jpg 1024w, https:\/\/www.flieg.fr\/wordpress\/wp-content\/uploads\/2012\/05\/P5110368-624x468.jpg 624w, https:\/\/www.flieg.fr\/wordpress\/wp-content\/uploads\/2012\/05\/P5110368.jpg 2048w\" sizes=\"auto, (max-width: 300px) 100vw, 300px\" \/><\/a><p id=\"caption-attachment-835\" class=\"wp-caption-text\">porte de France \u00e0 Pampelune<\/p><\/div>\n<p>Nous visitons rapidement la cath\u00e9drale avant de rejoindre notre h\u00f4tel pour nous poser un peu. Nous sommes tr\u00e8s au calme par rapport \u00e0 l&rsquo;agitation du dehors. Nous sommes \u00e0 deux pas de la place du Castillo. La place, bord\u00e9e de caf\u00e9s est noire de monde.<\/p>\n<p><a href=\"http:\/\/flieg.fr\/wordpress\/wp-content\/uploads\/2012\/05\/P5110412.jpg\"><img loading=\"lazy\" decoding=\"async\" class=\"alignnone size-medium wp-image-837\" title=\"OLYMPUS DIGITAL CAMERA\" src=\"http:\/\/flieg.fr\/wordpress\/wp-content\/uploads\/2012\/05\/P5110412-300x225.jpg\" alt=\"\" width=\"300\" height=\"225\" srcset=\"https:\/\/www.flieg.fr\/wordpress\/wp-content\/uploads\/2012\/05\/P5110412-300x225.jpg 300w, https:\/\/www.flieg.fr\/wordpress\/wp-content\/uploads\/2012\/05\/P5110412-1024x768.jpg 1024w, https:\/\/www.flieg.fr\/wordpress\/wp-content\/uploads\/2012\/05\/P5110412-624x468.jpg 624w, https:\/\/www.flieg.fr\/wordpress\/wp-content\/uploads\/2012\/05\/P5110412.jpg 2048w\" sizes=\"auto, (max-width: 300px) 100vw, 300px\" \/><\/a><\/p>\n<p>On se paye une glace gigantesque.<\/p>\n<div id=\"attachment_836\" style=\"width: 310px\" class=\"wp-caption alignnone\"><a href=\"http:\/\/flieg.fr\/wordpress\/wp-content\/uploads\/2012\/05\/P5110410.jpg\"><img loading=\"lazy\" decoding=\"async\" aria-describedby=\"caption-attachment-836\" class=\"size-medium wp-image-836\" title=\"OLYMPUS DIGITAL CAMERA\" src=\"http:\/\/flieg.fr\/wordpress\/wp-content\/uploads\/2012\/05\/P5110410-300x225.jpg\" alt=\"\" width=\"300\" height=\"225\" srcset=\"https:\/\/www.flieg.fr\/wordpress\/wp-content\/uploads\/2012\/05\/P5110410-300x225.jpg 300w, https:\/\/www.flieg.fr\/wordpress\/wp-content\/uploads\/2012\/05\/P5110410-1024x768.jpg 1024w, https:\/\/www.flieg.fr\/wordpress\/wp-content\/uploads\/2012\/05\/P5110410-624x468.jpg 624w, https:\/\/www.flieg.fr\/wordpress\/wp-content\/uploads\/2012\/05\/P5110410.jpg 2048w\" sizes=\"auto, (max-width: 300px) 100vw, 300px\" \/><\/a><p id=\"caption-attachment-836\" class=\"wp-caption-text\">slurp!<\/p><\/div>\n","protected":false},"excerpt":{"rendered":"<p>Vendredi 11 mai 2012 A 7h45 il fait d\u00e9j\u00e0 12 degr\u00e9s. On se d\u00e9p\u00eache de prendre notre petit d\u00e9jeuner et on va \u00e0 la poste de Zurbiri. Nous voulons renvoyer les guides de France et nos pantalons de pluie a Cernay. Surprise, la poste ouvre bien \u00e0 9h comme annonc\u00e9, mais n&rsquo;assure pas la prise [&hellip;]<\/p>\n","protected":false},"author":3,"featured_media":0,"parent":0,"menu_order":0,"comment_status":"open","ping_status":"open","template":"","meta":{"footnotes":""},"class_list":["post-819","page","type-page","status-publish","hentry"],"_links":{"self":[{"href":"https:\/\/www.flieg.fr\/index.php?rest_route=\/wp\/v2\/pages\/819","targetHints":{"allow":["GET"]}}],"collection":[{"href":"https:\/\/www.flieg.fr\/index.php?rest_route=\/wp\/v2\/pages"}],"about":[{"href":"https:\/\/www.flieg.fr\/index.php?rest_route=\/wp\/v2\/types\/page"}],"author":[{"embeddable":true,"href":"https:\/\/www.flieg.fr\/index.php?rest_route=\/wp\/v2\/users\/3"}],"replies":[{"embeddable":true,"href":"https:\/\/www.flieg.fr\/index.php?rest_route=%2Fwp%2Fv2%2Fcomments&post=819"}],"version-history":[{"count":6,"href":"https:\/\/www.flieg.fr\/index.php?rest_route=\/wp\/v2\/pages\/819\/revisions"}],"predecessor-version":[{"id":2433,"href":"https:\/\/www.flieg.fr\/index.php?rest_route=\/wp\/v2\/pages\/819\/revisions\/2433"}],"wp:attachment":[{"href":"https:\/\/www.flieg.fr\/index.php?rest_route=%2Fwp%2Fv2%2Fmedia&parent=819"}],"curies":[{"name":"wp","href":"https:\/\/api.w.org\/{rel}","templated":true}]}}

jour 45 étape 41 : de Zubiri à Pampelune : 19,8 km vendredi 11 mai 2012

<p>Vendredi 11 mai 2012</p>
<p>A 7h45 il fait déjà 12 degrés. On se dépêche de prendre notre petit déjeuner et on va à la poste de Zurbiri. Nous voulons renvoyer les guides de France et nos pantalons de pluie a Cernay. Surprise, la poste ouvre bien à 9h comme annoncé, mais n&rsquo;assure pas la prise en charge des paquets. Il faut aller à Pampelune!</p>
<p>Nous partons donc chargés en direction de Pampelune. Le chemin est toujours d&rsquo;aussi bonne facture. Nous passons à coté de l&rsquo;usine de magnésie de Zubiri. Un vacarme industriel de concassage mais aussi une succession de bassins de décantation sur 2 km. Plus rien ne pousse. Tout est gris.</p>
<div id="attachment_832" style="width: 310px" class="wp-caption alignnone"><a href="http://flieg.fr/wordpress/wp-content/uploads/2012/05/P5110340.jpg"><img loading="lazy" decoding="async" aria-describedby="caption-attachment-832" class="size-medium wp-image-832" title="OLYMPUS DIGITAL CAMERA" src="http://flieg.fr/wordpress/wp-content/uploads/2012/05/P5110340-300x225.jpg" alt="" width="300" height="225" srcset="https://www.flieg.fr/wordpress/wp-content/uploads/2012/05/P5110340-300x225.jpg 300w, https://www.flieg.fr/wordpress/wp-content/uploads/2012/05/P5110340-1024x768.jpg 1024w, https://www.flieg.fr/wordpress/wp-content/uploads/2012/05/P5110340-624x468.jpg 624w, https://www.flieg.fr/wordpress/wp-content/uploads/2012/05/P5110340.jpg 2048w" sizes="auto, (max-width: 300px) 100vw, 300px" /></a><p id="caption-attachment-832" class="wp-caption-text">usine de magnésie de Zubiri</p></div>
<p>Le chemin serpente dans les sous-bois qui nous dispense une ombre bienfaitrice pendant que la température monte insensiblement vers la solide trentaine. Nous, on fond de chaleur.</p>
<p><a href="http://flieg.fr/wordpress/wp-content/uploads/2012/05/P5110342.jpg"><img loading="lazy" decoding="async" class="alignnone size-medium wp-image-833" title="OLYMPUS DIGITAL CAMERA" src="http://flieg.fr/wordpress/wp-content/uploads/2012/05/P5110342-300x225.jpg" alt="" width="300" height="225" srcset="https://www.flieg.fr/wordpress/wp-content/uploads/2012/05/P5110342-300x225.jpg 300w, https://www.flieg.fr/wordpress/wp-content/uploads/2012/05/P5110342-1024x768.jpg 1024w, https://www.flieg.fr/wordpress/wp-content/uploads/2012/05/P5110342-624x468.jpg 624w, https://www.flieg.fr/wordpress/wp-content/uploads/2012/05/P5110342.jpg 2048w" sizes="auto, (max-width: 300px) 100vw, 300px" /></a></p>
<p>A midi, un porche d&rsquo;église dotée d&rsquo;un banc nous accueille pour notre pause casse-croute.<br />
Il y a maintenant de plus en plus de vélos sur le chemin et ils nous surprennent souvent quand ils nous dépassent. Le vent fait onduler les blés.</p>
<p><a href="http://flieg.fr/wordpress/wp-content/uploads/2012/05/P5110352.jpg"><img loading="lazy" decoding="async" class="alignnone size-medium wp-image-834" title="OLYMPUS DIGITAL CAMERA" src="http://flieg.fr/wordpress/wp-content/uploads/2012/05/P5110352-300x225.jpg" alt="" width="300" height="225" srcset="https://www.flieg.fr/wordpress/wp-content/uploads/2012/05/P5110352-300x225.jpg 300w, https://www.flieg.fr/wordpress/wp-content/uploads/2012/05/P5110352-1024x768.jpg 1024w, https://www.flieg.fr/wordpress/wp-content/uploads/2012/05/P5110352-624x468.jpg 624w, https://www.flieg.fr/wordpress/wp-content/uploads/2012/05/P5110352.jpg 2048w" sizes="auto, (max-width: 300px) 100vw, 300px" /></a><br />
Enfin, nous arrivons dans les faubourgs de Pampelune et la vie trépidante nous enveloppe très vite.</p>
<div id="attachment_838" style="width: 310px" class="wp-caption alignnone"><a href="http://flieg.fr/wordpress/wp-content/uploads/2012/05/P5110364.jpg"><img loading="lazy" decoding="async" aria-describedby="caption-attachment-838" class="size-medium wp-image-838" title="OLYMPUS DIGITAL CAMERA" src="http://flieg.fr/wordpress/wp-content/uploads/2012/05/P5110364-300x225.jpg" alt="" width="300" height="225" srcset="https://www.flieg.fr/wordpress/wp-content/uploads/2012/05/P5110364-300x225.jpg 300w, https://www.flieg.fr/wordpress/wp-content/uploads/2012/05/P5110364-1024x768.jpg 1024w, https://www.flieg.fr/wordpress/wp-content/uploads/2012/05/P5110364-624x468.jpg 624w, https://www.flieg.fr/wordpress/wp-content/uploads/2012/05/P5110364.jpg 2048w" sizes="auto, (max-width: 300px) 100vw, 300px" /></a><p id="caption-attachment-838" class="wp-caption-text">Michelle sur le pont de la Madeleine à l'entrée de Pampelune</p></div>
<div id="attachment_835" style="width: 310px" class="wp-caption alignnone"><a href="http://flieg.fr/wordpress/wp-content/uploads/2012/05/P5110368.jpg"><img loading="lazy" decoding="async" aria-describedby="caption-attachment-835" class="size-medium wp-image-835" title="OLYMPUS DIGITAL CAMERA" src="http://flieg.fr/wordpress/wp-content/uploads/2012/05/P5110368-300x225.jpg" alt="" width="300" height="225" srcset="https://www.flieg.fr/wordpress/wp-content/uploads/2012/05/P5110368-300x225.jpg 300w, https://www.flieg.fr/wordpress/wp-content/uploads/2012/05/P5110368-1024x768.jpg 1024w, https://www.flieg.fr/wordpress/wp-content/uploads/2012/05/P5110368-624x468.jpg 624w, https://www.flieg.fr/wordpress/wp-content/uploads/2012/05/P5110368.jpg 2048w" sizes="auto, (max-width: 300px) 100vw, 300px" /></a><p id="caption-attachment-835" class="wp-caption-text">porte de France à Pampelune</p></div>
<p>Nous visitons rapidement la cathédrale avant de rejoindre notre hôtel pour nous poser un peu. Nous sommes très au calme par rapport à l&rsquo;agitation du dehors. Nous sommes à deux pas de la place du Castillo. La place, bordée de cafés est noire de monde.</p>
<p><a href="http://flieg.fr/wordpress/wp-content/uploads/2012/05/P5110412.jpg"><img loading="lazy" decoding="async" class="alignnone size-medium wp-image-837" title="OLYMPUS DIGITAL CAMERA" src="http://flieg.fr/wordpress/wp-content/uploads/2012/05/P5110412-300x225.jpg" alt="" width="300" height="225" srcset="https://www.flieg.fr/wordpress/wp-content/uploads/2012/05/P5110412-300x225.jpg 300w, https://www.flieg.fr/wordpress/wp-content/uploads/2012/05/P5110412-1024x768.jpg 1024w, https://www.flieg.fr/wordpress/wp-content/uploads/2012/05/P5110412-624x468.jpg 624w, https://www.flieg.fr/wordpress/wp-content/uploads/2012/05/P5110412.jpg 2048w" sizes="auto, (max-width: 300px) 100vw, 300px" /></a></p>
<p>On se paye une glace gigantesque.</p>
<div id="attachment_836" style="width: 310px" class="wp-caption alignnone"><a href="http://flieg.fr/wordpress/wp-content/uploads/2012/05/P5110410.jpg"><img loading="lazy" decoding="async" aria-describedby="caption-attachment-836" class="size-medium wp-image-836" title="OLYMPUS DIGITAL CAMERA" src="http://flieg.fr/wordpress/wp-content/uploads/2012/05/P5110410-300x225.jpg" alt="" width="300" height="225" srcset="https://www.flieg.fr/wordpress/wp-content/uploads/2012/05/P5110410-300x225.jpg 300w, https://www.flieg.fr/wordpress/wp-content/uploads/2012/05/P5110410-1024x768.jpg 1024w, https://www.flieg.fr/wordpress/wp-content/uploads/2012/05/P5110410-624x468.jpg 624w, https://www.flieg.fr/wordpress/wp-content/uploads/2012/05/P5110410.jpg 2048w" sizes="auto, (max-width: 300px) 100vw, 300px" /></a><p id="caption-attachment-836" class="wp-caption-text">slurp!</p></div>

<p>Vendredi 11 mai 2012 A 7h45 il fait déjà 12 degrés. On se dépêche de prendre notre petit déjeuner et on va à la poste de Zurbiri. Nous voulons renvoyer les guides de France et nos pantalons de pluie a Cernay. Surprise, la poste ouvre bien à 9h comme annoncé, mais n&rsquo;assure pas la prise [&hellip;]</p>
