{"id":79,"date":"2012-03-20T11:35:40","date_gmt":"2012-03-20T10:35:40","guid":{"rendered":"http:\/\/flieg.fr\/?page_id=79"},"modified":"2023-03-21T10:46:40","modified_gmt":"2023-03-21T09:46:40","slug":"79-2","status":"publish","type":"page","link":"https:\/\/www.flieg.fr\/?page_id=79","title":{"rendered":"jour 2 : de Chier \u00e0 Saugues 22,8 km"},"content":{"rendered":"<p>29 mars 2012<br \/>\nObjectif du jour : L&rsquo;Etape Chambres et tables d&rsquo;h\u00f4tes,&nbsp; rue de la Margeride<br \/>\n43170 Saugues: chambre +pdj \u00e0 42,60\u20ac D\u00eener \u00e0 30\u20ac.<br \/>\n04 71 77 38 03 ou 06 10 39 69 50<br \/>\nR\u00e9servation t\u00e9l\u00e9phonique, confirm\u00e9e par mail le 20 mars<br \/>\npour la nuit du jeudi 29 mars.<\/p>\n<div id=\"attachment_340\" style=\"width: 310px\" class=\"wp-caption alignnone\"><a href=\"http:\/\/flieg.fr\/wordpress\/wp-content\/uploads\/2012\/03\/P3290075.jpg\"><img loading=\"lazy\" decoding=\"async\" aria-describedby=\"caption-attachment-340\" class=\"size-medium wp-image-340\" title=\"OLYMPUS DIGITAL CAMERA\" src=\"http:\/\/flieg.fr\/wordpress\/wp-content\/uploads\/2012\/03\/P3290075-300x225.jpg\" alt=\"\" width=\"300\" height=\"225\" srcset=\"https:\/\/www.flieg.fr\/wordpress\/wp-content\/uploads\/2012\/03\/P3290075-300x225.jpg 300w, https:\/\/www.flieg.fr\/wordpress\/wp-content\/uploads\/2012\/03\/P3290075-1024x768.jpg 1024w, https:\/\/www.flieg.fr\/wordpress\/wp-content\/uploads\/2012\/03\/P3290075-624x468.jpg 624w, https:\/\/www.flieg.fr\/wordpress\/wp-content\/uploads\/2012\/03\/P3290075.jpg 2048w\" sizes=\"auto, (max-width: 300px) 100vw, 300px\" \/><\/a><p id=\"caption-attachment-340\" class=\"wp-caption-text\">le village de Saint-Privat d'Allier<\/p><\/div>\n<div id=\"attachment_341\" style=\"width: 310px\" class=\"wp-caption alignnone\"><a href=\"http:\/\/flieg.fr\/wordpress\/wp-content\/uploads\/2012\/03\/P3290077.jpg\"><img loading=\"lazy\" decoding=\"async\" aria-describedby=\"caption-attachment-341\" class=\"size-medium wp-image-341\" title=\"OLYMPUS DIGITAL CAMERA\" src=\"http:\/\/flieg.fr\/wordpress\/wp-content\/uploads\/2012\/03\/P3290077-300x225.jpg\" alt=\"\" width=\"300\" height=\"225\" srcset=\"https:\/\/www.flieg.fr\/wordpress\/wp-content\/uploads\/2012\/03\/P3290077-300x225.jpg 300w, https:\/\/www.flieg.fr\/wordpress\/wp-content\/uploads\/2012\/03\/P3290077-1024x768.jpg 1024w, https:\/\/www.flieg.fr\/wordpress\/wp-content\/uploads\/2012\/03\/P3290077-624x468.jpg 624w, https:\/\/www.flieg.fr\/wordpress\/wp-content\/uploads\/2012\/03\/P3290077.jpg 2048w\" sizes=\"auto, (max-width: 300px) 100vw, 300px\" \/><\/a><p id=\"caption-attachment-341\" class=\"wp-caption-text\">la chapelle de Rochegude<\/p><\/div>\n<p>Pour certains, la chapelle de Rochegude sera la derni\u00e8re chapelle visit\u00e9e, car apr\u00e8s il y eut une descente vertigineuse, caillouteuse et glissante, m\u00eame par beau temps. Plusieurs p\u00e8lerins s&rsquo;y sont rompus bras ou jambes, nous dira-t-on plus tard.<\/p>\n<p>On descend jusqu&rsquo;\u00e0 Monistrol o\u00f9 on pr\u00e9voyait de manger. Nous boudons le premier panneau indiquant un restaurant ouvert, pensant qu&rsquo;au centre ville on trouverait mieux. L\u00e0s, tout, mais tout \u00e9tait ferm\u00e9. On est encore en basse saison! Alors on est bien forc\u00e9 de rebrousser chemin. Et 1 km de plus, un!<\/p>\n<div id=\"attachment_342\" style=\"width: 310px\" class=\"wp-caption alignnone\"><a href=\"http:\/\/flieg.fr\/wordpress\/wp-content\/uploads\/2012\/03\/P3290081.jpg\"><img loading=\"lazy\" decoding=\"async\" aria-describedby=\"caption-attachment-342\" class=\"size-medium wp-image-342\" title=\"OLYMPUS DIGITAL CAMERA\" src=\"http:\/\/flieg.fr\/wordpress\/wp-content\/uploads\/2012\/03\/P3290081-300x225.jpg\" alt=\"\" width=\"300\" height=\"225\" srcset=\"https:\/\/www.flieg.fr\/wordpress\/wp-content\/uploads\/2012\/03\/P3290081-300x225.jpg 300w, https:\/\/www.flieg.fr\/wordpress\/wp-content\/uploads\/2012\/03\/P3290081-1024x768.jpg 1024w, https:\/\/www.flieg.fr\/wordpress\/wp-content\/uploads\/2012\/03\/P3290081-624x468.jpg 624w, https:\/\/www.flieg.fr\/wordpress\/wp-content\/uploads\/2012\/03\/P3290081.jpg 2048w\" sizes=\"auto, (max-width: 300px) 100vw, 300px\" \/><\/a><p id=\"caption-attachment-342\" class=\"wp-caption-text\">l'Allier<\/p><\/div>\n<p>On traverse l&rsquo;Allier sur un pont Eiffel et on grimpe comme pas possible en prenant 900m de d\u00e9nivel\u00e9 dans les mollets. On a dig\u00e9r\u00e9 sans probl\u00e8me&#8230;<\/p>\n<div id=\"attachment_344\" style=\"width: 310px\" class=\"wp-caption alignnone\"><a href=\"http:\/\/flieg.fr\/wordpress\/wp-content\/uploads\/2012\/03\/P3290083.jpg\"><img loading=\"lazy\" decoding=\"async\" aria-describedby=\"caption-attachment-344\" class=\"size-medium wp-image-344\" title=\"OLYMPUS DIGITAL CAMERA\" src=\"http:\/\/flieg.fr\/wordpress\/wp-content\/uploads\/2012\/03\/P3290083-300x225.jpg\" alt=\"\" width=\"300\" height=\"225\" srcset=\"https:\/\/www.flieg.fr\/wordpress\/wp-content\/uploads\/2012\/03\/P3290083-300x225.jpg 300w, https:\/\/www.flieg.fr\/wordpress\/wp-content\/uploads\/2012\/03\/P3290083-1024x768.jpg 1024w, https:\/\/www.flieg.fr\/wordpress\/wp-content\/uploads\/2012\/03\/P3290083-624x468.jpg 624w, https:\/\/www.flieg.fr\/wordpress\/wp-content\/uploads\/2012\/03\/P3290083.jpg 2048w\" sizes=\"auto, (max-width: 300px) 100vw, 300px\" \/><\/a><p id=\"caption-attachment-344\" class=\"wp-caption-text\">apr\u00e8s la mont\u00e9e : la vue grandiose<\/p><\/div>\n<p>Nous sommes arriv\u00e9s \u00e0 Saugues \u00e0 18h10 tr\u00e8s fatigu\u00e9s par les d\u00e9nivel\u00e9s tr\u00e8s importants.<br \/>\nOn a appris \u00e0 compter en nombre de tours Eiffel \u00e0 monter et \u00e0 descendre avec un sac \u00e0 dos. Alors aujourdhui, \u00e7a repr\u00e9sentait trois tours Eiffel \u00e0&nbsp;descendre et trois \u00e0 monter&#8230; Voyez plut\u00f4t la courbe ci-dessous:<a href=\"http:\/\/flieg.fr\/wordpress\/wp-content\/uploads\/2012\/03\/Jour3.jpg\"><img loading=\"lazy\" decoding=\"async\" class=\"alignnone size-full wp-image-122\" title=\"Jour3\" src=\"http:\/\/flieg.fr\/wordpress\/wp-content\/uploads\/2012\/03\/Jour3.jpg\" alt=\"\" width=\"932\" height=\"404\"><\/a><\/p>\n","protected":false},"excerpt":{"rendered":"<p>29 mars 2012 Objectif du jour : L&rsquo;Etape Chambres et tables d&rsquo;h\u00f4tes,&nbsp; rue de la Margeride 43170 Saugues: chambre +pdj \u00e0 42,60\u20ac D\u00eener \u00e0 30\u20ac. 04 71 77 38 03 ou 06 10 39 69 50 R\u00e9servation t\u00e9l\u00e9phonique, confirm\u00e9e par mail le 20 mars pour la nuit du jeudi 29 mars. Pour certains, la chapelle [&hellip;]<\/p>\n","protected":false},"author":3,"featured_media":0,"parent":0,"menu_order":0,"comment_status":"open","ping_status":"open","template":"","meta":{"footnotes":""},"class_list":["post-79","page","type-page","status-publish","hentry"],"_links":{"self":[{"href":"https:\/\/www.flieg.fr\/index.php?rest_route=\/wp\/v2\/pages\/79","targetHints":{"allow":["GET"]}}],"collection":[{"href":"https:\/\/www.flieg.fr\/index.php?rest_route=\/wp\/v2\/pages"}],"about":[{"href":"https:\/\/www.flieg.fr\/index.php?rest_route=\/wp\/v2\/types\/page"}],"author":[{"embeddable":true,"href":"https:\/\/www.flieg.fr\/index.php?rest_route=\/wp\/v2\/users\/3"}],"replies":[{"embeddable":true,"href":"https:\/\/www.flieg.fr\/index.php?rest_route=%2Fwp%2Fv2%2Fcomments&post=79"}],"version-history":[{"count":16,"href":"https:\/\/www.flieg.fr\/index.php?rest_route=\/wp\/v2\/pages\/79\/revisions"}],"predecessor-version":[{"id":2404,"href":"https:\/\/www.flieg.fr\/index.php?rest_route=\/wp\/v2\/pages\/79\/revisions\/2404"}],"wp:attachment":[{"href":"https:\/\/www.flieg.fr\/index.php?rest_route=%2Fwp%2Fv2%2Fmedia&parent=79"}],"curies":[{"name":"wp","href":"https:\/\/api.w.org\/{rel}","templated":true}]}}

jour 2 : de Chier à Saugues 22,8 km

<p>29 mars 2012<br />
Objectif du jour : L&rsquo;Etape Chambres et tables d&rsquo;hôtes,&nbsp; rue de la Margeride<br />
43170 Saugues: chambre +pdj à 42,60€ Dîner à 30€.<br />
04 71 77 38 03 ou 06 10 39 69 50<br />
Réservation téléphonique, confirmée par mail le 20 mars<br />
pour la nuit du jeudi 29 mars.</p>
<div id="attachment_340" style="width: 310px" class="wp-caption alignnone"><a href="http://flieg.fr/wordpress/wp-content/uploads/2012/03/P3290075.jpg"><img loading="lazy" decoding="async" aria-describedby="caption-attachment-340" class="size-medium wp-image-340" title="OLYMPUS DIGITAL CAMERA" src="http://flieg.fr/wordpress/wp-content/uploads/2012/03/P3290075-300x225.jpg" alt="" width="300" height="225" srcset="https://www.flieg.fr/wordpress/wp-content/uploads/2012/03/P3290075-300x225.jpg 300w, https://www.flieg.fr/wordpress/wp-content/uploads/2012/03/P3290075-1024x768.jpg 1024w, https://www.flieg.fr/wordpress/wp-content/uploads/2012/03/P3290075-624x468.jpg 624w, https://www.flieg.fr/wordpress/wp-content/uploads/2012/03/P3290075.jpg 2048w" sizes="auto, (max-width: 300px) 100vw, 300px" /></a><p id="caption-attachment-340" class="wp-caption-text">le village de Saint-Privat d'Allier</p></div>
<div id="attachment_341" style="width: 310px" class="wp-caption alignnone"><a href="http://flieg.fr/wordpress/wp-content/uploads/2012/03/P3290077.jpg"><img loading="lazy" decoding="async" aria-describedby="caption-attachment-341" class="size-medium wp-image-341" title="OLYMPUS DIGITAL CAMERA" src="http://flieg.fr/wordpress/wp-content/uploads/2012/03/P3290077-300x225.jpg" alt="" width="300" height="225" srcset="https://www.flieg.fr/wordpress/wp-content/uploads/2012/03/P3290077-300x225.jpg 300w, https://www.flieg.fr/wordpress/wp-content/uploads/2012/03/P3290077-1024x768.jpg 1024w, https://www.flieg.fr/wordpress/wp-content/uploads/2012/03/P3290077-624x468.jpg 624w, https://www.flieg.fr/wordpress/wp-content/uploads/2012/03/P3290077.jpg 2048w" sizes="auto, (max-width: 300px) 100vw, 300px" /></a><p id="caption-attachment-341" class="wp-caption-text">la chapelle de Rochegude</p></div>
<p>Pour certains, la chapelle de Rochegude sera la dernière chapelle visitée, car après il y eut une descente vertigineuse, caillouteuse et glissante, même par beau temps. Plusieurs pèlerins s&rsquo;y sont rompus bras ou jambes, nous dira-t-on plus tard.</p>
<p>On descend jusqu&rsquo;à Monistrol où on prévoyait de manger. Nous boudons le premier panneau indiquant un restaurant ouvert, pensant qu&rsquo;au centre ville on trouverait mieux. Làs, tout, mais tout était fermé. On est encore en basse saison! Alors on est bien forcé de rebrousser chemin. Et 1 km de plus, un!</p>
<div id="attachment_342" style="width: 310px" class="wp-caption alignnone"><a href="http://flieg.fr/wordpress/wp-content/uploads/2012/03/P3290081.jpg"><img loading="lazy" decoding="async" aria-describedby="caption-attachment-342" class="size-medium wp-image-342" title="OLYMPUS DIGITAL CAMERA" src="http://flieg.fr/wordpress/wp-content/uploads/2012/03/P3290081-300x225.jpg" alt="" width="300" height="225" srcset="https://www.flieg.fr/wordpress/wp-content/uploads/2012/03/P3290081-300x225.jpg 300w, https://www.flieg.fr/wordpress/wp-content/uploads/2012/03/P3290081-1024x768.jpg 1024w, https://www.flieg.fr/wordpress/wp-content/uploads/2012/03/P3290081-624x468.jpg 624w, https://www.flieg.fr/wordpress/wp-content/uploads/2012/03/P3290081.jpg 2048w" sizes="auto, (max-width: 300px) 100vw, 300px" /></a><p id="caption-attachment-342" class="wp-caption-text">l'Allier</p></div>
<p>On traverse l&rsquo;Allier sur un pont Eiffel et on grimpe comme pas possible en prenant 900m de dénivelé dans les mollets. On a digéré sans problème&#8230;</p>
<div id="attachment_344" style="width: 310px" class="wp-caption alignnone"><a href="http://flieg.fr/wordpress/wp-content/uploads/2012/03/P3290083.jpg"><img loading="lazy" decoding="async" aria-describedby="caption-attachment-344" class="size-medium wp-image-344" title="OLYMPUS DIGITAL CAMERA" src="http://flieg.fr/wordpress/wp-content/uploads/2012/03/P3290083-300x225.jpg" alt="" width="300" height="225" srcset="https://www.flieg.fr/wordpress/wp-content/uploads/2012/03/P3290083-300x225.jpg 300w, https://www.flieg.fr/wordpress/wp-content/uploads/2012/03/P3290083-1024x768.jpg 1024w, https://www.flieg.fr/wordpress/wp-content/uploads/2012/03/P3290083-624x468.jpg 624w, https://www.flieg.fr/wordpress/wp-content/uploads/2012/03/P3290083.jpg 2048w" sizes="auto, (max-width: 300px) 100vw, 300px" /></a><p id="caption-attachment-344" class="wp-caption-text">après la montée : la vue grandiose</p></div>
<p>Nous sommes arrivés à Saugues à 18h10 très fatigués par les dénivelés très importants.<br />
On a appris à compter en nombre de tours Eiffel à monter et à descendre avec un sac à dos. Alors aujourdhui, ça représentait trois tours Eiffel à&nbsp;descendre et trois à monter&#8230; Voyez plutôt la courbe ci-dessous:<a href="http://flieg.fr/wordpress/wp-content/uploads/2012/03/Jour3.jpg"><img loading="lazy" decoding="async" class="alignnone size-full wp-image-122" title="Jour3" src="http://flieg.fr/wordpress/wp-content/uploads/2012/03/Jour3.jpg" alt="" width="932" height="404"></a></p>

<p>29 mars 2012 Objectif du jour : L&rsquo;Etape Chambres et tables d&rsquo;hôtes,&nbsp; rue de la Margeride 43170 Saugues: chambre +pdj à 42,60€ Dîner à 30€. 04 71 77 38 03 ou 06 10 39 69 50 Réservation téléphonique, confirmée par mail le 20 mars pour la nuit du jeudi 29 mars. Pour certains, la chapelle [&hellip;]</p>
