{"id":762,"date":"2012-05-08T21:00:58","date_gmt":"2012-05-08T20:00:58","guid":{"rendered":"http:\/\/flieg.fr\/?page_id=762"},"modified":"2023-03-21T11:03:41","modified_gmt":"2023-03-21T10:03:41","slug":"jour-42-etape-38-de-st-jean-le-vieux-a-hounto-9-km-mardi-8-mai","status":"publish","type":"page","link":"https:\/\/www.flieg.fr\/?page_id=762","title":{"rendered":"jour 42 etape 38 : de St Jean le Vieux a Hounto : 9 km mardi 8 mai"},"content":{"rendered":"<p>Derniere \u00e9tape franco francaise. Surprise en ouvrant les volets : on ne voit plus les Pyr\u00e9n\u00e9es. Il pleut. Un crachin fin et continu. Nous partons en cape. Un peu plus d&rsquo;une heure plus tard, nous arrivons a Saint Jean Pied de Port par la porte St Jacques<\/p>\n<div id=\"attachment_780\" style=\"width: 310px\" class=\"wp-caption alignnone\"><a href=\"http:\/\/flieg.fr\/wordpress\/wp-content\/uploads\/2012\/05\/P5080208.jpg\"><img loading=\"lazy\" decoding=\"async\" aria-describedby=\"caption-attachment-780\" class=\"size-medium wp-image-780\" title=\"OLYMPUS DIGITAL CAMERA\" src=\"http:\/\/flieg.fr\/wordpress\/wp-content\/uploads\/2012\/05\/P5080208-300x225.jpg\" alt=\"\" width=\"300\" height=\"225\" srcset=\"https:\/\/www.flieg.fr\/wordpress\/wp-content\/uploads\/2012\/05\/P5080208-300x225.jpg 300w, https:\/\/www.flieg.fr\/wordpress\/wp-content\/uploads\/2012\/05\/P5080208-1024x768.jpg 1024w, https:\/\/www.flieg.fr\/wordpress\/wp-content\/uploads\/2012\/05\/P5080208-624x468.jpg 624w, https:\/\/www.flieg.fr\/wordpress\/wp-content\/uploads\/2012\/05\/P5080208.jpg 2048w\" sizes=\"auto, (max-width: 300px) 100vw, 300px\" \/><\/a><p id=\"caption-attachment-780\" class=\"wp-caption-text\">porte St Jacques<\/p><\/div>\n<p>&nbsp;<\/p>\n<div id=\"attachment_779\" style=\"width: 310px\" class=\"wp-caption alignnone\"><a href=\"http:\/\/flieg.fr\/wordpress\/wp-content\/uploads\/2012\/05\/P5080211.jpg\"><img loading=\"lazy\" decoding=\"async\" aria-describedby=\"caption-attachment-779\" class=\"size-medium wp-image-779\" title=\"OLYMPUS DIGITAL CAMERA\" src=\"http:\/\/flieg.fr\/wordpress\/wp-content\/uploads\/2012\/05\/P5080211-300x225.jpg\" alt=\"\" width=\"300\" height=\"225\" srcset=\"https:\/\/www.flieg.fr\/wordpress\/wp-content\/uploads\/2012\/05\/P5080211-300x225.jpg 300w, https:\/\/www.flieg.fr\/wordpress\/wp-content\/uploads\/2012\/05\/P5080211-1024x768.jpg 1024w, https:\/\/www.flieg.fr\/wordpress\/wp-content\/uploads\/2012\/05\/P5080211-624x468.jpg 624w, https:\/\/www.flieg.fr\/wordpress\/wp-content\/uploads\/2012\/05\/P5080211.jpg 2048w\" sizes=\"auto, (max-width: 300px) 100vw, 300px\" \/><\/a><p id=\"caption-attachment-779\" class=\"wp-caption-text\">rue principale de St Jean Pied de Port<\/p><\/div>\n<p>Une premiere paire de chaussettes de Michelle a rendu l&rsquo;ame. On en rach\u00e8te une, profitant de trouver un magasin de sport. Le soleil revient timidement puis franchement. Nous visitons la charmante bourgade et&nbsp;\u00e0 midi nous allons manger dans un petit restaurant.<\/p>\n<div id=\"attachment_781\" style=\"width: 310px\" class=\"wp-caption alignnone\"><a href=\"http:\/\/flieg.fr\/wordpress\/wp-content\/uploads\/2012\/05\/P5080217.jpg\"><img loading=\"lazy\" decoding=\"async\" aria-describedby=\"caption-attachment-781\" class=\"size-medium wp-image-781\" title=\"OLYMPUS DIGITAL CAMERA\" src=\"http:\/\/flieg.fr\/wordpress\/wp-content\/uploads\/2012\/05\/P5080217-300x225.jpg\" alt=\"\" width=\"300\" height=\"225\" srcset=\"https:\/\/www.flieg.fr\/wordpress\/wp-content\/uploads\/2012\/05\/P5080217-300x225.jpg 300w, https:\/\/www.flieg.fr\/wordpress\/wp-content\/uploads\/2012\/05\/P5080217-1024x768.jpg 1024w, https:\/\/www.flieg.fr\/wordpress\/wp-content\/uploads\/2012\/05\/P5080217-624x468.jpg 624w, https:\/\/www.flieg.fr\/wordpress\/wp-content\/uploads\/2012\/05\/P5080217.jpg 2048w\" sizes=\"auto, (max-width: 300px) 100vw, 300px\" \/><\/a><p id=\"caption-attachment-781\" class=\"wp-caption-text\">le vieux pont sur la Nive<\/p><\/div>\n<p>En sortant, nous tombons nez&nbsp;\u00e0 nez avec Robert et Rosmarie. Joie des retrouvailles inesper\u00e9es. Ils n&rsquo;avaient pas eu de train pour repartir en Suisse et ils sont rest\u00e9s sur place un jour de plus. Cela nous a permis de les retrouver. Nous avons pris un dessert ensemble et echang\u00e9 nos adresses avant de reprendre la route.<\/p>\n<p>Ca y est. Nous attaquons les Pyr\u00e9n\u00e9es par grand beau temps.<\/p>\n<div id=\"attachment_782\" style=\"width: 310px\" class=\"wp-caption alignnone\"><a href=\"http:\/\/flieg.fr\/wordpress\/wp-content\/uploads\/2012\/05\/P5080232.jpg\"><img loading=\"lazy\" decoding=\"async\" aria-describedby=\"caption-attachment-782\" class=\"size-medium wp-image-782\" title=\"OLYMPUS DIGITAL CAMERA\" src=\"http:\/\/flieg.fr\/wordpress\/wp-content\/uploads\/2012\/05\/P5080232-300x225.jpg\" alt=\"\" width=\"300\" height=\"225\" srcset=\"https:\/\/www.flieg.fr\/wordpress\/wp-content\/uploads\/2012\/05\/P5080232-300x225.jpg 300w, https:\/\/www.flieg.fr\/wordpress\/wp-content\/uploads\/2012\/05\/P5080232-1024x768.jpg 1024w, https:\/\/www.flieg.fr\/wordpress\/wp-content\/uploads\/2012\/05\/P5080232-624x468.jpg 624w, https:\/\/www.flieg.fr\/wordpress\/wp-content\/uploads\/2012\/05\/P5080232.jpg 2048w\" sizes=\"auto, (max-width: 300px) 100vw, 300px\" \/><\/a><p id=\"caption-attachment-782\" class=\"wp-caption-text\">regard en arriere en montant les Pyrenees<\/p><\/div>\n<p>Nous grimpons assidument pendant une heure et demie avant d&rsquo;arriver a Hounto a 480m d&rsquo;altitude.<\/p>\n<div id=\"attachment_783\" style=\"width: 310px\" class=\"wp-caption alignnone\"><a href=\"http:\/\/flieg.fr\/wordpress\/wp-content\/uploads\/2012\/05\/P5080235.jpg\"><img loading=\"lazy\" decoding=\"async\" aria-describedby=\"caption-attachment-783\" class=\"size-medium wp-image-783\" title=\"OLYMPUS DIGITAL CAMERA\" src=\"http:\/\/flieg.fr\/wordpress\/wp-content\/uploads\/2012\/05\/P5080235-300x225.jpg\" alt=\"\" width=\"300\" height=\"225\" srcset=\"https:\/\/www.flieg.fr\/wordpress\/wp-content\/uploads\/2012\/05\/P5080235-300x225.jpg 300w, https:\/\/www.flieg.fr\/wordpress\/wp-content\/uploads\/2012\/05\/P5080235-1024x768.jpg 1024w, https:\/\/www.flieg.fr\/wordpress\/wp-content\/uploads\/2012\/05\/P5080235-624x468.jpg 624w, https:\/\/www.flieg.fr\/wordpress\/wp-content\/uploads\/2012\/05\/P5080235.jpg 2048w\" sizes=\"auto, (max-width: 300px) 100vw, 300px\" \/><\/a><p id=\"caption-attachment-783\" class=\"wp-caption-text\">la petite bourgade St-Michel allume ses feux a la tombee de la nuit<\/p><\/div>\n<p>C&rsquo;est un acompte pour demain. Nous sommes 35 p\u00e8lerins autour de la table d&rsquo;hotes ce soir. La plupart d\u00a0\u00bbentre eux commence son chemin de Compostelle ici. La nuit tombe sur la vall\u00e9e.<\/p>\n","protected":false},"excerpt":{"rendered":"<p>Derniere \u00e9tape franco francaise. Surprise en ouvrant les volets : on ne voit plus les Pyr\u00e9n\u00e9es. Il pleut. Un crachin fin et continu. Nous partons en cape. Un peu plus d&rsquo;une heure plus tard, nous arrivons a Saint Jean Pied de Port par la porte St Jacques &nbsp; Une premiere paire de chaussettes de Michelle [&hellip;]<\/p>\n","protected":false},"author":3,"featured_media":0,"parent":0,"menu_order":0,"comment_status":"open","ping_status":"open","template":"","meta":{"footnotes":""},"class_list":["post-762","page","type-page","status-publish","hentry"],"_links":{"self":[{"href":"https:\/\/www.flieg.fr\/index.php?rest_route=\/wp\/v2\/pages\/762","targetHints":{"allow":["GET"]}}],"collection":[{"href":"https:\/\/www.flieg.fr\/index.php?rest_route=\/wp\/v2\/pages"}],"about":[{"href":"https:\/\/www.flieg.fr\/index.php?rest_route=\/wp\/v2\/types\/page"}],"author":[{"embeddable":true,"href":"https:\/\/www.flieg.fr\/index.php?rest_route=\/wp\/v2\/users\/3"}],"replies":[{"embeddable":true,"href":"https:\/\/www.flieg.fr\/index.php?rest_route=%2Fwp%2Fv2%2Fcomments&post=762"}],"version-history":[{"count":7,"href":"https:\/\/www.flieg.fr\/index.php?rest_route=\/wp\/v2\/pages\/762\/revisions"}],"predecessor-version":[{"id":2430,"href":"https:\/\/www.flieg.fr\/index.php?rest_route=\/wp\/v2\/pages\/762\/revisions\/2430"}],"wp:attachment":[{"href":"https:\/\/www.flieg.fr\/index.php?rest_route=%2Fwp%2Fv2%2Fmedia&parent=762"}],"curies":[{"name":"wp","href":"https:\/\/api.w.org\/{rel}","templated":true}]}}

<p>Derniere étape franco francaise. Surprise en ouvrant les volets : on ne voit plus les Pyrénées. Il pleut. Un crachin fin et continu. Nous partons en cape. Un peu plus d&rsquo;une heure plus tard, nous arrivons a Saint Jean Pied de Port par la porte St Jacques</p>
<div id="attachment_780" style="width: 310px" class="wp-caption alignnone"><a href="http://flieg.fr/wordpress/wp-content/uploads/2012/05/P5080208.jpg"><img loading="lazy" decoding="async" aria-describedby="caption-attachment-780" class="size-medium wp-image-780" title="OLYMPUS DIGITAL CAMERA" src="http://flieg.fr/wordpress/wp-content/uploads/2012/05/P5080208-300x225.jpg" alt="" width="300" height="225" srcset="https://www.flieg.fr/wordpress/wp-content/uploads/2012/05/P5080208-300x225.jpg 300w, https://www.flieg.fr/wordpress/wp-content/uploads/2012/05/P5080208-1024x768.jpg 1024w, https://www.flieg.fr/wordpress/wp-content/uploads/2012/05/P5080208-624x468.jpg 624w, https://www.flieg.fr/wordpress/wp-content/uploads/2012/05/P5080208.jpg 2048w" sizes="auto, (max-width: 300px) 100vw, 300px" /></a><p id="caption-attachment-780" class="wp-caption-text">porte St Jacques</p></div>
<p>&nbsp;</p>
<div id="attachment_779" style="width: 310px" class="wp-caption alignnone"><a href="http://flieg.fr/wordpress/wp-content/uploads/2012/05/P5080211.jpg"><img loading="lazy" decoding="async" aria-describedby="caption-attachment-779" class="size-medium wp-image-779" title="OLYMPUS DIGITAL CAMERA" src="http://flieg.fr/wordpress/wp-content/uploads/2012/05/P5080211-300x225.jpg" alt="" width="300" height="225" srcset="https://www.flieg.fr/wordpress/wp-content/uploads/2012/05/P5080211-300x225.jpg 300w, https://www.flieg.fr/wordpress/wp-content/uploads/2012/05/P5080211-1024x768.jpg 1024w, https://www.flieg.fr/wordpress/wp-content/uploads/2012/05/P5080211-624x468.jpg 624w, https://www.flieg.fr/wordpress/wp-content/uploads/2012/05/P5080211.jpg 2048w" sizes="auto, (max-width: 300px) 100vw, 300px" /></a><p id="caption-attachment-779" class="wp-caption-text">rue principale de St Jean Pied de Port</p></div>
<p>Une premiere paire de chaussettes de Michelle a rendu l&rsquo;ame. On en rachète une, profitant de trouver un magasin de sport. Le soleil revient timidement puis franchement. Nous visitons la charmante bourgade et&nbsp;à midi nous allons manger dans un petit restaurant.</p>
<div id="attachment_781" style="width: 310px" class="wp-caption alignnone"><a href="http://flieg.fr/wordpress/wp-content/uploads/2012/05/P5080217.jpg"><img loading="lazy" decoding="async" aria-describedby="caption-attachment-781" class="size-medium wp-image-781" title="OLYMPUS DIGITAL CAMERA" src="http://flieg.fr/wordpress/wp-content/uploads/2012/05/P5080217-300x225.jpg" alt="" width="300" height="225" srcset="https://www.flieg.fr/wordpress/wp-content/uploads/2012/05/P5080217-300x225.jpg 300w, https://www.flieg.fr/wordpress/wp-content/uploads/2012/05/P5080217-1024x768.jpg 1024w, https://www.flieg.fr/wordpress/wp-content/uploads/2012/05/P5080217-624x468.jpg 624w, https://www.flieg.fr/wordpress/wp-content/uploads/2012/05/P5080217.jpg 2048w" sizes="auto, (max-width: 300px) 100vw, 300px" /></a><p id="caption-attachment-781" class="wp-caption-text">le vieux pont sur la Nive</p></div>
<p>En sortant, nous tombons nez&nbsp;à nez avec Robert et Rosmarie. Joie des retrouvailles inesperées. Ils n&rsquo;avaient pas eu de train pour repartir en Suisse et ils sont restés sur place un jour de plus. Cela nous a permis de les retrouver. Nous avons pris un dessert ensemble et echangé nos adresses avant de reprendre la route.</p>
<p>Ca y est. Nous attaquons les Pyrénées par grand beau temps.</p>
<div id="attachment_782" style="width: 310px" class="wp-caption alignnone"><a href="http://flieg.fr/wordpress/wp-content/uploads/2012/05/P5080232.jpg"><img loading="lazy" decoding="async" aria-describedby="caption-attachment-782" class="size-medium wp-image-782" title="OLYMPUS DIGITAL CAMERA" src="http://flieg.fr/wordpress/wp-content/uploads/2012/05/P5080232-300x225.jpg" alt="" width="300" height="225" srcset="https://www.flieg.fr/wordpress/wp-content/uploads/2012/05/P5080232-300x225.jpg 300w, https://www.flieg.fr/wordpress/wp-content/uploads/2012/05/P5080232-1024x768.jpg 1024w, https://www.flieg.fr/wordpress/wp-content/uploads/2012/05/P5080232-624x468.jpg 624w, https://www.flieg.fr/wordpress/wp-content/uploads/2012/05/P5080232.jpg 2048w" sizes="auto, (max-width: 300px) 100vw, 300px" /></a><p id="caption-attachment-782" class="wp-caption-text">regard en arriere en montant les Pyrenees</p></div>
<p>Nous grimpons assidument pendant une heure et demie avant d&rsquo;arriver a Hounto a 480m d&rsquo;altitude.</p>
<div id="attachment_783" style="width: 310px" class="wp-caption alignnone"><a href="http://flieg.fr/wordpress/wp-content/uploads/2012/05/P5080235.jpg"><img loading="lazy" decoding="async" aria-describedby="caption-attachment-783" class="size-medium wp-image-783" title="OLYMPUS DIGITAL CAMERA" src="http://flieg.fr/wordpress/wp-content/uploads/2012/05/P5080235-300x225.jpg" alt="" width="300" height="225" srcset="https://www.flieg.fr/wordpress/wp-content/uploads/2012/05/P5080235-300x225.jpg 300w, https://www.flieg.fr/wordpress/wp-content/uploads/2012/05/P5080235-1024x768.jpg 1024w, https://www.flieg.fr/wordpress/wp-content/uploads/2012/05/P5080235-624x468.jpg 624w, https://www.flieg.fr/wordpress/wp-content/uploads/2012/05/P5080235.jpg 2048w" sizes="auto, (max-width: 300px) 100vw, 300px" /></a><p id="caption-attachment-783" class="wp-caption-text">la petite bourgade St-Michel allume ses feux a la tombee de la nuit</p></div>
<p>C&rsquo;est un acompte pour demain. Nous sommes 35 pèlerins autour de la table d&rsquo;hotes ce soir. La plupart d »entre eux commence son chemin de Compostelle ici. La nuit tombe sur la vallée.</p>

<p>Derniere étape franco francaise. Surprise en ouvrant les volets : on ne voit plus les Pyrénées. Il pleut. Un crachin fin et continu. Nous partons en cape. Un peu plus d&rsquo;une heure plus tard, nous arrivons a Saint Jean Pied de Port par la porte St Jacques &nbsp; Une premiere paire de chaussettes de Michelle [&hellip;]</p>
