{"id":667,"date":"2012-05-03T15:38:17","date_gmt":"2012-05-03T14:38:17","guid":{"rendered":"http:\/\/flieg.fr\/?page_id=667"},"modified":"2023-03-21T10:56:38","modified_gmt":"2023-03-21T09:56:38","slug":"jour-36-etape-32-de-pimbo-a-geus-darzacq-23-km","status":"publish","type":"page","link":"https:\/\/www.flieg.fr\/?page_id=667","title":{"rendered":"jour 36 \u00e9tape 32 : de Pimbo \u00e0 Geus d&rsquo;Arzacq : 23 km mercredi 2 mai"},"content":{"rendered":"<p>Mercredi 2 mai 2012<br \/>\nLe soleil se l\u00e8ve. De notre fen\u00eatre, nous le voyons prendre son envol au dessus de la ligne de cr\u00eate au loin. Le soleil, enfin!<\/p>\n<div id=\"attachment_685\" style=\"width: 310px\" class=\"wp-caption alignnone\"><a href=\"http:\/\/flieg.fr\/wordpress\/wp-content\/uploads\/2012\/05\/P5020037.jpg\"><img loading=\"lazy\" decoding=\"async\" aria-describedby=\"caption-attachment-685\" class=\"size-medium wp-image-685\" title=\"OLYMPUS DIGITAL CAMERA\" src=\"http:\/\/flieg.fr\/wordpress\/wp-content\/uploads\/2012\/05\/P5020037-300x225.jpg\" alt=\"\" width=\"300\" height=\"225\" srcset=\"https:\/\/www.flieg.fr\/wordpress\/wp-content\/uploads\/2012\/05\/P5020037-300x225.jpg 300w, https:\/\/www.flieg.fr\/wordpress\/wp-content\/uploads\/2012\/05\/P5020037-1024x768.jpg 1024w, https:\/\/www.flieg.fr\/wordpress\/wp-content\/uploads\/2012\/05\/P5020037-624x468.jpg 624w, https:\/\/www.flieg.fr\/wordpress\/wp-content\/uploads\/2012\/05\/P5020037.jpg 2048w\" sizes=\"auto, (max-width: 300px) 100vw, 300px\" \/><\/a><p id=\"caption-attachment-685\" class=\"wp-caption-text\">le jour se l\u00e8ve sur Pimbo<\/p><\/div>\n<p>Pour la premi\u00e8re fois depuis un mois, nous partons&nbsp;en chemise. Un jeune couple d&rsquo;\u00e9cossais nous d\u00e9passe dans une mont\u00e9e; jeune parce qu&rsquo;il nous laisse litt\u00e9ralement sur place; \u00e9cossais parce que monsieur porte le kilt.<\/p>\n<div id=\"attachment_686\" style=\"width: 310px\" class=\"wp-caption alignnone\"><a href=\"http:\/\/flieg.fr\/wordpress\/wp-content\/uploads\/2012\/05\/P5010033.jpg\"><img loading=\"lazy\" decoding=\"async\" aria-describedby=\"caption-attachment-686\" class=\"size-medium wp-image-686\" title=\"OLYMPUS DIGITAL CAMERA\" src=\"http:\/\/flieg.fr\/wordpress\/wp-content\/uploads\/2012\/05\/P5010033-300x225.jpg\" alt=\"\" width=\"300\" height=\"225\" srcset=\"https:\/\/www.flieg.fr\/wordpress\/wp-content\/uploads\/2012\/05\/P5010033-300x225.jpg 300w, https:\/\/www.flieg.fr\/wordpress\/wp-content\/uploads\/2012\/05\/P5010033-1024x768.jpg 1024w, https:\/\/www.flieg.fr\/wordpress\/wp-content\/uploads\/2012\/05\/P5010033-624x468.jpg 624w, https:\/\/www.flieg.fr\/wordpress\/wp-content\/uploads\/2012\/05\/P5010033.jpg 2048w\" sizes=\"auto, (max-width: 300px) 100vw, 300px\" \/><\/a><p id=\"caption-attachment-686\" class=\"wp-caption-text\">\u00e9cossais en chemin<\/p><\/div>\n<p>Plus pr\u00e9cis\u00e9ment un short-kilt pliss\u00e9 avec un collant en dessous. Le \u00ab\u00a0chemin\u00a0\u00bb est international.<\/p>\n<p>Nous arrivons au village de Pimbo.<\/p>\n<div id=\"attachment_687\" style=\"width: 310px\" class=\"wp-caption alignnone\"><a href=\"http:\/\/flieg.fr\/wordpress\/wp-content\/uploads\/2012\/05\/P5020041.jpg\"><img loading=\"lazy\" decoding=\"async\" aria-describedby=\"caption-attachment-687\" class=\"size-medium wp-image-687\" title=\"OLYMPUS DIGITAL CAMERA\" src=\"http:\/\/flieg.fr\/wordpress\/wp-content\/uploads\/2012\/05\/P5020041-300x225.jpg\" alt=\"\" width=\"300\" height=\"225\" srcset=\"https:\/\/www.flieg.fr\/wordpress\/wp-content\/uploads\/2012\/05\/P5020041-300x225.jpg 300w, https:\/\/www.flieg.fr\/wordpress\/wp-content\/uploads\/2012\/05\/P5020041-1024x768.jpg 1024w, https:\/\/www.flieg.fr\/wordpress\/wp-content\/uploads\/2012\/05\/P5020041-624x468.jpg 624w, https:\/\/www.flieg.fr\/wordpress\/wp-content\/uploads\/2012\/05\/P5020041.jpg 2048w\" sizes=\"auto, (max-width: 300px) 100vw, 300px\" \/><\/a><p id=\"caption-attachment-687\" class=\"wp-caption-text\">abbatiale St Barth\u00e9l\u00e9my \u00e0 Pimbo<\/p><\/div>\n<p>Nous avions d\u00e9cid\u00e9 de prendre un itin\u00e9raire asphalt\u00e9 propre mais un peu plus long. Mais une autochtone pr\u00e9venante nous informe que le vrai chemin est lui aussi asphalt\u00e9, contrairement&nbsp;\u00e0 ce qui est r\u00e9pertori\u00e9 sur la carte. Riches de cette info, nous gagnons 3 km, soit presque 1 heure de marche!<br \/>\nLes Pyr\u00e9n\u00e9es se rapprochent chaque jour. Nous distinguons chaque jour plus nettement le pic du midi d&rsquo;Ossau, un des rares pics que nous sachions reconna\u00eetre.<\/p>\n<div id=\"attachment_688\" style=\"width: 310px\" class=\"wp-caption alignnone\"><a href=\"http:\/\/flieg.fr\/wordpress\/wp-content\/uploads\/2012\/05\/P5020040.jpg\"><img loading=\"lazy\" decoding=\"async\" aria-describedby=\"caption-attachment-688\" class=\"size-medium wp-image-688\" title=\"OLYMPUS DIGITAL CAMERA\" src=\"http:\/\/flieg.fr\/wordpress\/wp-content\/uploads\/2012\/05\/P5020040-300x225.jpg\" alt=\"\" width=\"300\" height=\"225\" srcset=\"https:\/\/www.flieg.fr\/wordpress\/wp-content\/uploads\/2012\/05\/P5020040-300x225.jpg 300w, https:\/\/www.flieg.fr\/wordpress\/wp-content\/uploads\/2012\/05\/P5020040-1024x768.jpg 1024w, https:\/\/www.flieg.fr\/wordpress\/wp-content\/uploads\/2012\/05\/P5020040-624x468.jpg 624w, https:\/\/www.flieg.fr\/wordpress\/wp-content\/uploads\/2012\/05\/P5020040.jpg 2048w\" sizes=\"auto, (max-width: 300px) 100vw, 300px\" \/><\/a><p id=\"caption-attachment-688\" class=\"wp-caption-text\">la cha\u00eene des Pyr\u00e9n\u00e9es<\/p><\/div>\n<p>Plus loin, nous d\u00e9cidons de prendre un raccourci, mais le sentier vis\u00e9 se dilue dans la nature et nous devons retrouver le chemin au jug\u00e9. Le soleil nous aide&nbsp;\u00e0 nous orienter . On longe un champ de bl\u00e9 aux abords gorg\u00e9s d&rsquo;eau sur pr\u00e8s d&rsquo;un kilom\u00e8tre pour enfin d\u00e9boucher sur le chemin.<\/p>\n<div id=\"attachment_690\" style=\"width: 310px\" class=\"wp-caption alignnone\"><a href=\"http:\/\/flieg.fr\/wordpress\/wp-content\/uploads\/2012\/05\/P5020046.jpg\"><img loading=\"lazy\" decoding=\"async\" aria-describedby=\"caption-attachment-690\" class=\"size-medium wp-image-690\" title=\"OLYMPUS DIGITAL CAMERA\" src=\"http:\/\/flieg.fr\/wordpress\/wp-content\/uploads\/2012\/05\/P5020046-300x225.jpg\" alt=\"\" width=\"300\" height=\"225\" srcset=\"https:\/\/www.flieg.fr\/wordpress\/wp-content\/uploads\/2012\/05\/P5020046-300x225.jpg 300w, https:\/\/www.flieg.fr\/wordpress\/wp-content\/uploads\/2012\/05\/P5020046-1024x768.jpg 1024w, https:\/\/www.flieg.fr\/wordpress\/wp-content\/uploads\/2012\/05\/P5020046-624x468.jpg 624w, https:\/\/www.flieg.fr\/wordpress\/wp-content\/uploads\/2012\/05\/P5020046.jpg 2048w\" sizes=\"auto, (max-width: 300px) 100vw, 300px\" \/><\/a><p id=\"caption-attachment-690\" class=\"wp-caption-text\">lavoir circulaire d'Arzacq-Arraziguet<\/p><\/div>\n<p>Dans l&rsquo;apr\u00e8s-midi, nous tenterons une seconde fois de prendre un raccourci, cette fois avec succ\u00e8s. Nous \u00e9conomiserons ainsi 3 autres kilom\u00e8tres. Enfin nous arrivons en vue de Geuz d&rsquo;Arzacq.<\/p>\n<p>Notre gite est sympa et correct. Le couple qui nous re\u00e7oit nous sert un repas rapide mais correct. Un petit tour dans le village par cette douce soir\u00e9e et hop au dodo.<\/p>\n","protected":false},"excerpt":{"rendered":"<p>Mercredi 2 mai 2012 Le soleil se l\u00e8ve. De notre fen\u00eatre, nous le voyons prendre son envol au dessus de la ligne de cr\u00eate au loin. Le soleil, enfin! Pour la premi\u00e8re fois depuis un mois, nous partons&nbsp;en chemise. Un jeune couple d&rsquo;\u00e9cossais nous d\u00e9passe dans une mont\u00e9e; jeune parce qu&rsquo;il nous laisse litt\u00e9ralement sur [&hellip;]<\/p>\n","protected":false},"author":3,"featured_media":0,"parent":0,"menu_order":0,"comment_status":"open","ping_status":"open","template":"","meta":{"footnotes":""},"class_list":["post-667","page","type-page","status-publish","hentry"],"_links":{"self":[{"href":"https:\/\/www.flieg.fr\/index.php?rest_route=\/wp\/v2\/pages\/667","targetHints":{"allow":["GET"]}}],"collection":[{"href":"https:\/\/www.flieg.fr\/index.php?rest_route=\/wp\/v2\/pages"}],"about":[{"href":"https:\/\/www.flieg.fr\/index.php?rest_route=\/wp\/v2\/types\/page"}],"author":[{"embeddable":true,"href":"https:\/\/www.flieg.fr\/index.php?rest_route=\/wp\/v2\/users\/3"}],"replies":[{"embeddable":true,"href":"https:\/\/www.flieg.fr\/index.php?rest_route=%2Fwp%2Fv2%2Fcomments&post=667"}],"version-history":[{"count":6,"href":"https:\/\/www.flieg.fr\/index.php?rest_route=\/wp\/v2\/pages\/667\/revisions"}],"predecessor-version":[{"id":2421,"href":"https:\/\/www.flieg.fr\/index.php?rest_route=\/wp\/v2\/pages\/667\/revisions\/2421"}],"wp:attachment":[{"href":"https:\/\/www.flieg.fr\/index.php?rest_route=%2Fwp%2Fv2%2Fmedia&parent=667"}],"curies":[{"name":"wp","href":"https:\/\/api.w.org\/{rel}","templated":true}]}}

jour 36 étape 32 : de Pimbo à Geus d&rsquo;Arzacq : 23 km mercredi 2 mai

<p>Mercredi 2 mai 2012<br />
Le soleil se lève. De notre fenêtre, nous le voyons prendre son envol au dessus de la ligne de crête au loin. Le soleil, enfin!</p>
<div id="attachment_685" style="width: 310px" class="wp-caption alignnone"><a href="http://flieg.fr/wordpress/wp-content/uploads/2012/05/P5020037.jpg"><img loading="lazy" decoding="async" aria-describedby="caption-attachment-685" class="size-medium wp-image-685" title="OLYMPUS DIGITAL CAMERA" src="http://flieg.fr/wordpress/wp-content/uploads/2012/05/P5020037-300x225.jpg" alt="" width="300" height="225" srcset="https://www.flieg.fr/wordpress/wp-content/uploads/2012/05/P5020037-300x225.jpg 300w, https://www.flieg.fr/wordpress/wp-content/uploads/2012/05/P5020037-1024x768.jpg 1024w, https://www.flieg.fr/wordpress/wp-content/uploads/2012/05/P5020037-624x468.jpg 624w, https://www.flieg.fr/wordpress/wp-content/uploads/2012/05/P5020037.jpg 2048w" sizes="auto, (max-width: 300px) 100vw, 300px" /></a><p id="caption-attachment-685" class="wp-caption-text">le jour se lève sur Pimbo</p></div>
<p>Pour la première fois depuis un mois, nous partons&nbsp;en chemise. Un jeune couple d&rsquo;écossais nous dépasse dans une montée; jeune parce qu&rsquo;il nous laisse littéralement sur place; écossais parce que monsieur porte le kilt.</p>
<div id="attachment_686" style="width: 310px" class="wp-caption alignnone"><a href="http://flieg.fr/wordpress/wp-content/uploads/2012/05/P5010033.jpg"><img loading="lazy" decoding="async" aria-describedby="caption-attachment-686" class="size-medium wp-image-686" title="OLYMPUS DIGITAL CAMERA" src="http://flieg.fr/wordpress/wp-content/uploads/2012/05/P5010033-300x225.jpg" alt="" width="300" height="225" srcset="https://www.flieg.fr/wordpress/wp-content/uploads/2012/05/P5010033-300x225.jpg 300w, https://www.flieg.fr/wordpress/wp-content/uploads/2012/05/P5010033-1024x768.jpg 1024w, https://www.flieg.fr/wordpress/wp-content/uploads/2012/05/P5010033-624x468.jpg 624w, https://www.flieg.fr/wordpress/wp-content/uploads/2012/05/P5010033.jpg 2048w" sizes="auto, (max-width: 300px) 100vw, 300px" /></a><p id="caption-attachment-686" class="wp-caption-text">écossais en chemin</p></div>
<p>Plus précisément un short-kilt plissé avec un collant en dessous. Le « chemin » est international.</p>
<p>Nous arrivons au village de Pimbo.</p>
<div id="attachment_687" style="width: 310px" class="wp-caption alignnone"><a href="http://flieg.fr/wordpress/wp-content/uploads/2012/05/P5020041.jpg"><img loading="lazy" decoding="async" aria-describedby="caption-attachment-687" class="size-medium wp-image-687" title="OLYMPUS DIGITAL CAMERA" src="http://flieg.fr/wordpress/wp-content/uploads/2012/05/P5020041-300x225.jpg" alt="" width="300" height="225" srcset="https://www.flieg.fr/wordpress/wp-content/uploads/2012/05/P5020041-300x225.jpg 300w, https://www.flieg.fr/wordpress/wp-content/uploads/2012/05/P5020041-1024x768.jpg 1024w, https://www.flieg.fr/wordpress/wp-content/uploads/2012/05/P5020041-624x468.jpg 624w, https://www.flieg.fr/wordpress/wp-content/uploads/2012/05/P5020041.jpg 2048w" sizes="auto, (max-width: 300px) 100vw, 300px" /></a><p id="caption-attachment-687" class="wp-caption-text">abbatiale St Barthélémy à Pimbo</p></div>
<p>Nous avions décidé de prendre un itinéraire asphalté propre mais un peu plus long. Mais une autochtone prévenante nous informe que le vrai chemin est lui aussi asphalté, contrairement&nbsp;à ce qui est répertorié sur la carte. Riches de cette info, nous gagnons 3 km, soit presque 1 heure de marche!<br />
Les Pyrénées se rapprochent chaque jour. Nous distinguons chaque jour plus nettement le pic du midi d&rsquo;Ossau, un des rares pics que nous sachions reconnaître.</p>
<div id="attachment_688" style="width: 310px" class="wp-caption alignnone"><a href="http://flieg.fr/wordpress/wp-content/uploads/2012/05/P5020040.jpg"><img loading="lazy" decoding="async" aria-describedby="caption-attachment-688" class="size-medium wp-image-688" title="OLYMPUS DIGITAL CAMERA" src="http://flieg.fr/wordpress/wp-content/uploads/2012/05/P5020040-300x225.jpg" alt="" width="300" height="225" srcset="https://www.flieg.fr/wordpress/wp-content/uploads/2012/05/P5020040-300x225.jpg 300w, https://www.flieg.fr/wordpress/wp-content/uploads/2012/05/P5020040-1024x768.jpg 1024w, https://www.flieg.fr/wordpress/wp-content/uploads/2012/05/P5020040-624x468.jpg 624w, https://www.flieg.fr/wordpress/wp-content/uploads/2012/05/P5020040.jpg 2048w" sizes="auto, (max-width: 300px) 100vw, 300px" /></a><p id="caption-attachment-688" class="wp-caption-text">la chaîne des Pyrénées</p></div>
<p>Plus loin, nous décidons de prendre un raccourci, mais le sentier visé se dilue dans la nature et nous devons retrouver le chemin au jugé. Le soleil nous aide&nbsp;à nous orienter . On longe un champ de blé aux abords gorgés d&rsquo;eau sur près d&rsquo;un kilomètre pour enfin déboucher sur le chemin.</p>
<div id="attachment_690" style="width: 310px" class="wp-caption alignnone"><a href="http://flieg.fr/wordpress/wp-content/uploads/2012/05/P5020046.jpg"><img loading="lazy" decoding="async" aria-describedby="caption-attachment-690" class="size-medium wp-image-690" title="OLYMPUS DIGITAL CAMERA" src="http://flieg.fr/wordpress/wp-content/uploads/2012/05/P5020046-300x225.jpg" alt="" width="300" height="225" srcset="https://www.flieg.fr/wordpress/wp-content/uploads/2012/05/P5020046-300x225.jpg 300w, https://www.flieg.fr/wordpress/wp-content/uploads/2012/05/P5020046-1024x768.jpg 1024w, https://www.flieg.fr/wordpress/wp-content/uploads/2012/05/P5020046-624x468.jpg 624w, https://www.flieg.fr/wordpress/wp-content/uploads/2012/05/P5020046.jpg 2048w" sizes="auto, (max-width: 300px) 100vw, 300px" /></a><p id="caption-attachment-690" class="wp-caption-text">lavoir circulaire d'Arzacq-Arraziguet</p></div>
<p>Dans l&rsquo;après-midi, nous tenterons une seconde fois de prendre un raccourci, cette fois avec succès. Nous économiserons ainsi 3 autres kilomètres. Enfin nous arrivons en vue de Geuz d&rsquo;Arzacq.</p>
<p>Notre gite est sympa et correct. Le couple qui nous reçoit nous sert un repas rapide mais correct. Un petit tour dans le village par cette douce soirée et hop au dodo.</p>

<p>Mercredi 2 mai 2012 Le soleil se lève. De notre fenêtre, nous le voyons prendre son envol au dessus de la ligne de crête au loin. Le soleil, enfin! Pour la première fois depuis un mois, nous partons&nbsp;en chemise. Un jeune couple d&rsquo;écossais nous dépasse dans une montée; jeune parce qu&rsquo;il nous laisse littéralement sur [&hellip;]</p>
