{"id":649,"date":"2012-04-29T13:01:01","date_gmt":"2012-04-29T12:01:01","guid":{"rendered":"http:\/\/flieg.fr\/?page_id=649"},"modified":"2023-03-21T10:56:10","modified_gmt":"2023-03-21T09:56:10","slug":"jour-34-retour-vers-aire-sur-adour","status":"publish","type":"page","link":"https:\/\/www.flieg.fr\/?page_id=649","title":{"rendered":"jour 34 : retour vers Aire sur l&rsquo;Adour : lundi 30 avril"},"content":{"rendered":"<p>Lundi 30 avril 2012<\/p>\n<p>Marie-Helene et Charlie sont venus nous faire un dernier petit coucou a notre d\u00e9part de l&rsquo;h\u00f4tel. Charlie m&rsquo;a accompagn\u00e9 sur quelques pas du chemin de Compostelle!<\/p>\n<div id=\"attachment_673\" style=\"width: 310px\" class=\"wp-caption alignnone\"><a href=\"http:\/\/flieg.fr\/wordpress\/wp-content\/uploads\/2012\/04\/P4300012.jpg\"><img loading=\"lazy\" decoding=\"async\" aria-describedby=\"caption-attachment-673\" class=\"size-medium wp-image-673\" title=\"OLYMPUS DIGITAL CAMERA\" src=\"http:\/\/flieg.fr\/wordpress\/wp-content\/uploads\/2012\/04\/P4300012-300x225.jpg\" alt=\"\" width=\"300\" height=\"225\" srcset=\"https:\/\/www.flieg.fr\/wordpress\/wp-content\/uploads\/2012\/04\/P4300012-300x225.jpg 300w, https:\/\/www.flieg.fr\/wordpress\/wp-content\/uploads\/2012\/04\/P4300012-1024x768.jpg 1024w, https:\/\/www.flieg.fr\/wordpress\/wp-content\/uploads\/2012\/04\/P4300012-624x468.jpg 624w, https:\/\/www.flieg.fr\/wordpress\/wp-content\/uploads\/2012\/04\/P4300012.jpg 2048w\" sizes=\"auto, (max-width: 300px) 100vw, 300px\" \/><\/a><p id=\"caption-attachment-673\" class=\"wp-caption-text\">mes premiers pas vers Compostelle avec Grand Papy<\/p><\/div>\n<p>Puis nous avons pris le TER a la gare de Bordeaux pour Mont de Marsan. Un bus nous a transport\u00e9s de Mont de Marsan \u00e0&nbsp;Aire sur l&rsquo;Adour. Il pleut&nbsp;\u00e0 verse. Mais en soir\u00e9e le soleil revient et nous poursuivons la visite de la ville.<\/p>\n<div id=\"attachment_674\" style=\"width: 310px\" class=\"wp-caption alignnone\"><a href=\"http:\/\/flieg.fr\/wordpress\/wp-content\/uploads\/2012\/04\/P5010018.jpg\"><img loading=\"lazy\" decoding=\"async\" aria-describedby=\"caption-attachment-674\" class=\"size-medium wp-image-674\" title=\"OLYMPUS DIGITAL CAMERA\" src=\"http:\/\/flieg.fr\/wordpress\/wp-content\/uploads\/2012\/04\/P5010018-300x225.jpg\" alt=\"\" width=\"300\" height=\"225\" srcset=\"https:\/\/www.flieg.fr\/wordpress\/wp-content\/uploads\/2012\/04\/P5010018-300x225.jpg 300w, https:\/\/www.flieg.fr\/wordpress\/wp-content\/uploads\/2012\/04\/P5010018-1024x768.jpg 1024w, https:\/\/www.flieg.fr\/wordpress\/wp-content\/uploads\/2012\/04\/P5010018-624x468.jpg 624w, https:\/\/www.flieg.fr\/wordpress\/wp-content\/uploads\/2012\/04\/P5010018.jpg 2048w\" sizes=\"auto, (max-width: 300px) 100vw, 300px\" \/><\/a><p id=\"caption-attachment-674\" class=\"wp-caption-text\">la halle aux grains d'Aire sur l'Adour<\/p><\/div>\n<p>Notre h\u00f4tel \u00ab\u00a0chez l&rsquo;Ahumat\u00a0\u00bb est rest\u00e9 fig\u00e9 en 1965&nbsp;\u00e0 tous points de vue : la d\u00e9co, la chambre, la moquette, les sommiers, les matelas, le WC (sur le palier, pas au fond du jardin). M\u00eame les clients font ann\u00e9es 60 (pas nous) : un monsieur arrive juste apr\u00e8s nous. La soixantedizaine, les cheveux gomin\u00e9s, blouson de cuir, chevali\u00e8re en or au doigt; il roule les mecaniques suivi de sa secr\u00e9taire&nbsp; \u00ab\u00a0bonsoir, je suis l&rsquo;impresario de ?? (une c\u00e9l\u00e9brit\u00e9 locale?), j&rsquo;ai ma merc\u00e9d\u00e8s coup\u00e9 qui est tomb\u00e9e en panne juste en arrivant, le patron est la?\u00a0\u00bb On a l&rsquo;impression d&rsquo;\u00eatre dans un film de Gabin.<\/p>\n<p>Le soir, nous sommes nombreux dans la salle de l&rsquo;h\u00f4tel qui fait aussi restaurant. L&rsquo;impr\u00e9sario et sa secr\u00e9taire sont&nbsp;\u00e0 la table voisine. L\u00e0 encore, le d\u00e9cor est ann\u00e9es 1965. Poutres en bois couleur pitchpin, paravents en bois tress\u00e9 genre claies de jardin, plantes sans \u00e2ge qui vivent sans eau. Lourdes tentures de velours vert aux fen\u00eatres. La soupe est bonne. L&rsquo;impr\u00e9sario fait des slurps sonores. Des p\u00e8lerins \u00e9trangers ne comprennent pas ce que la serveuse leur dit et la serveuse ne comprend pas ce qu&rsquo;on lui repond. Finalement tout le monde parvient&nbsp;\u00e0 ses fins. La cuisine est grasse, mais \u00e7a va.<\/p>\n","protected":false},"excerpt":{"rendered":"<p>Lundi 30 avril 2012 Marie-Helene et Charlie sont venus nous faire un dernier petit coucou a notre d\u00e9part de l&rsquo;h\u00f4tel. Charlie m&rsquo;a accompagn\u00e9 sur quelques pas du chemin de Compostelle! Puis nous avons pris le TER a la gare de Bordeaux pour Mont de Marsan. Un bus nous a transport\u00e9s de Mont de Marsan \u00e0&nbsp;Aire [&hellip;]<\/p>\n","protected":false},"author":3,"featured_media":0,"parent":0,"menu_order":0,"comment_status":"open","ping_status":"open","template":"","meta":{"footnotes":""},"class_list":["post-649","page","type-page","status-publish","hentry"],"_links":{"self":[{"href":"https:\/\/www.flieg.fr\/index.php?rest_route=\/wp\/v2\/pages\/649","targetHints":{"allow":["GET"]}}],"collection":[{"href":"https:\/\/www.flieg.fr\/index.php?rest_route=\/wp\/v2\/pages"}],"about":[{"href":"https:\/\/www.flieg.fr\/index.php?rest_route=\/wp\/v2\/types\/page"}],"author":[{"embeddable":true,"href":"https:\/\/www.flieg.fr\/index.php?rest_route=\/wp\/v2\/users\/3"}],"replies":[{"embeddable":true,"href":"https:\/\/www.flieg.fr\/index.php?rest_route=%2Fwp%2Fv2%2Fcomments&post=649"}],"version-history":[{"count":7,"href":"https:\/\/www.flieg.fr\/index.php?rest_route=\/wp\/v2\/pages\/649\/revisions"}],"predecessor-version":[{"id":2420,"href":"https:\/\/www.flieg.fr\/index.php?rest_route=\/wp\/v2\/pages\/649\/revisions\/2420"}],"wp:attachment":[{"href":"https:\/\/www.flieg.fr\/index.php?rest_route=%2Fwp%2Fv2%2Fmedia&parent=649"}],"curies":[{"name":"wp","href":"https:\/\/api.w.org\/{rel}","templated":true}]}}

<p>Lundi 30 avril 2012</p>
<p>Marie-Helene et Charlie sont venus nous faire un dernier petit coucou a notre départ de l&rsquo;hôtel. Charlie m&rsquo;a accompagné sur quelques pas du chemin de Compostelle!</p>
<div id="attachment_673" style="width: 310px" class="wp-caption alignnone"><a href="http://flieg.fr/wordpress/wp-content/uploads/2012/04/P4300012.jpg"><img loading="lazy" decoding="async" aria-describedby="caption-attachment-673" class="size-medium wp-image-673" title="OLYMPUS DIGITAL CAMERA" src="http://flieg.fr/wordpress/wp-content/uploads/2012/04/P4300012-300x225.jpg" alt="" width="300" height="225" srcset="https://www.flieg.fr/wordpress/wp-content/uploads/2012/04/P4300012-300x225.jpg 300w, https://www.flieg.fr/wordpress/wp-content/uploads/2012/04/P4300012-1024x768.jpg 1024w, https://www.flieg.fr/wordpress/wp-content/uploads/2012/04/P4300012-624x468.jpg 624w, https://www.flieg.fr/wordpress/wp-content/uploads/2012/04/P4300012.jpg 2048w" sizes="auto, (max-width: 300px) 100vw, 300px" /></a><p id="caption-attachment-673" class="wp-caption-text">mes premiers pas vers Compostelle avec Grand Papy</p></div>
<p>Puis nous avons pris le TER a la gare de Bordeaux pour Mont de Marsan. Un bus nous a transportés de Mont de Marsan à&nbsp;Aire sur l&rsquo;Adour. Il pleut&nbsp;à verse. Mais en soirée le soleil revient et nous poursuivons la visite de la ville.</p>
<div id="attachment_674" style="width: 310px" class="wp-caption alignnone"><a href="http://flieg.fr/wordpress/wp-content/uploads/2012/04/P5010018.jpg"><img loading="lazy" decoding="async" aria-describedby="caption-attachment-674" class="size-medium wp-image-674" title="OLYMPUS DIGITAL CAMERA" src="http://flieg.fr/wordpress/wp-content/uploads/2012/04/P5010018-300x225.jpg" alt="" width="300" height="225" srcset="https://www.flieg.fr/wordpress/wp-content/uploads/2012/04/P5010018-300x225.jpg 300w, https://www.flieg.fr/wordpress/wp-content/uploads/2012/04/P5010018-1024x768.jpg 1024w, https://www.flieg.fr/wordpress/wp-content/uploads/2012/04/P5010018-624x468.jpg 624w, https://www.flieg.fr/wordpress/wp-content/uploads/2012/04/P5010018.jpg 2048w" sizes="auto, (max-width: 300px) 100vw, 300px" /></a><p id="caption-attachment-674" class="wp-caption-text">la halle aux grains d'Aire sur l'Adour</p></div>
<p>Notre hôtel « chez l&rsquo;Ahumat » est resté figé en 1965&nbsp;à tous points de vue : la déco, la chambre, la moquette, les sommiers, les matelas, le WC (sur le palier, pas au fond du jardin). Même les clients font années 60 (pas nous) : un monsieur arrive juste après nous. La soixantedizaine, les cheveux gominés, blouson de cuir, chevalière en or au doigt; il roule les mecaniques suivi de sa secrétaire&nbsp; « bonsoir, je suis l&rsquo;impresario de ?? (une célébrité locale?), j&rsquo;ai ma mercédès coupé qui est tombée en panne juste en arrivant, le patron est la? » On a l&rsquo;impression d&rsquo;être dans un film de Gabin.</p>
<p>Le soir, nous sommes nombreux dans la salle de l&rsquo;hôtel qui fait aussi restaurant. L&rsquo;imprésario et sa secrétaire sont&nbsp;à la table voisine. Là encore, le décor est années 1965. Poutres en bois couleur pitchpin, paravents en bois tressé genre claies de jardin, plantes sans âge qui vivent sans eau. Lourdes tentures de velours vert aux fenêtres. La soupe est bonne. L&rsquo;imprésario fait des slurps sonores. Des pèlerins étrangers ne comprennent pas ce que la serveuse leur dit et la serveuse ne comprend pas ce qu&rsquo;on lui repond. Finalement tout le monde parvient&nbsp;à ses fins. La cuisine est grasse, mais ça va.</p>

<p>Lundi 30 avril 2012 Marie-Helene et Charlie sont venus nous faire un dernier petit coucou a notre départ de l&rsquo;hôtel. Charlie m&rsquo;a accompagné sur quelques pas du chemin de Compostelle! Puis nous avons pris le TER a la gare de Bordeaux pour Mont de Marsan. Un bus nous a transportés de Mont de Marsan à&nbsp;Aire [&hellip;]</p>
