{"id":635,"date":"2012-04-29T10:46:49","date_gmt":"2012-04-29T09:46:49","guid":{"rendered":"http:\/\/flieg.fr\/?page_id=635"},"modified":"2023-03-21T10:54:54","modified_gmt":"2023-03-21T09:54:54","slug":"jour-32-etape-30-de-lanne-soubiran-a-aire-sur-adour-samedi-28-avril","status":"publish","type":"page","link":"https:\/\/www.flieg.fr\/?page_id=635","title":{"rendered":"jour 32 \u00e9tape 30 : de Lanne-Soubiran \u00e0 Aire sur Adour : Samedi 28 avril"},"content":{"rendered":"<p>Samedi 28 avril<\/p>\n<p>Ce matin, le ciel est au plus bas. Une pluie fine tombe par intermittence. Nous avons la chance, une fois de plus de trouver un&nbsp;itin\u00e9raire&nbsp;bis par des routes asphalt\u00e9es. Le \u00ab\u00a0chemin\u00a0\u00bb est impraticable (\u00e0 nos yeux).<\/p>\n<p>Mais la pluie n&rsquo;a pas que des d\u00e9savantages. Les gouttes sont autant de diamants sur les longues aigrettes des bl\u00e9s montants.<\/p>\n<div id=\"attachment_639\" style=\"width: 310px\" class=\"wp-caption alignnone\"><a href=\"http:\/\/flieg.fr\/wordpress\/wp-content\/uploads\/2012\/04\/P4280226.jpg\"><img loading=\"lazy\" decoding=\"async\" aria-describedby=\"caption-attachment-639\" class=\"size-medium wp-image-639\" title=\"OLYMPUS DIGITAL CAMERA\" src=\"http:\/\/flieg.fr\/wordpress\/wp-content\/uploads\/2012\/04\/P4280226-300x225.jpg\" alt=\"\" width=\"300\" height=\"225\" srcset=\"https:\/\/www.flieg.fr\/wordpress\/wp-content\/uploads\/2012\/04\/P4280226-300x225.jpg 300w, https:\/\/www.flieg.fr\/wordpress\/wp-content\/uploads\/2012\/04\/P4280226-1024x768.jpg 1024w, https:\/\/www.flieg.fr\/wordpress\/wp-content\/uploads\/2012\/04\/P4280226-624x468.jpg 624w, https:\/\/www.flieg.fr\/wordpress\/wp-content\/uploads\/2012\/04\/P4280226.jpg 2048w\" sizes=\"auto, (max-width: 300px) 100vw, 300px\" \/><\/a><p id=\"caption-attachment-639\" class=\"wp-caption-text\">jeune \u00e9pi de bl\u00e9<\/p><\/div>\n<p>Les jeunes \u00e9pis ploient sous la charge.<\/p>\n<p><a href=\"http:\/\/flieg.fr\/wordpress\/wp-content\/uploads\/2012\/04\/P4280224.jpg\"><img loading=\"lazy\" decoding=\"async\" class=\"alignnone size-medium wp-image-642\" title=\"OLYMPUS DIGITAL CAMERA\" src=\"http:\/\/flieg.fr\/wordpress\/wp-content\/uploads\/2012\/04\/P4280224-300x225.jpg\" alt=\"\" width=\"300\" height=\"225\" srcset=\"https:\/\/www.flieg.fr\/wordpress\/wp-content\/uploads\/2012\/04\/P4280224-300x225.jpg 300w, https:\/\/www.flieg.fr\/wordpress\/wp-content\/uploads\/2012\/04\/P4280224-1024x768.jpg 1024w, https:\/\/www.flieg.fr\/wordpress\/wp-content\/uploads\/2012\/04\/P4280224-624x468.jpg 624w, https:\/\/www.flieg.fr\/wordpress\/wp-content\/uploads\/2012\/04\/P4280224.jpg 2048w\" sizes=\"auto, (max-width: 300px) 100vw, 300px\" \/><\/a><\/p>\n<p>De belles fleurs des champs ouvrent leurs blancs p\u00e9tales multiples au bout de longues hampes. C&rsquo;est une&nbsp;esp\u00e8ce&nbsp;inconnue de nous.<\/p>\n<p><a href=\"http:\/\/flieg.fr\/wordpress\/wp-content\/uploads\/2012\/04\/P4280232.jpg\"><img loading=\"lazy\" decoding=\"async\" class=\"alignnone size-medium wp-image-643\" title=\"OLYMPUS DIGITAL CAMERA\" src=\"http:\/\/flieg.fr\/wordpress\/wp-content\/uploads\/2012\/04\/P4280232-300x225.jpg\" alt=\"\" width=\"300\" height=\"225\" srcset=\"https:\/\/www.flieg.fr\/wordpress\/wp-content\/uploads\/2012\/04\/P4280232-300x225.jpg 300w, https:\/\/www.flieg.fr\/wordpress\/wp-content\/uploads\/2012\/04\/P4280232-1024x768.jpg 1024w, https:\/\/www.flieg.fr\/wordpress\/wp-content\/uploads\/2012\/04\/P4280232-624x468.jpg 624w, https:\/\/www.flieg.fr\/wordpress\/wp-content\/uploads\/2012\/04\/P4280232.jpg 2048w\" sizes=\"auto, (max-width: 300px) 100vw, 300px\" \/><\/a><\/p>\n<p>Jusqu&rsquo;\u00e0 l&rsquo;horizon, les champs cultiv\u00e9s forment un manteau en damier de toutes les couleurs.<\/p>\n<p><a href=\"http:\/\/flieg.fr\/wordpress\/wp-content\/uploads\/2012\/04\/P4250167.jpg\"><img loading=\"lazy\" decoding=\"async\" class=\"alignnone size-medium wp-image-644\" title=\"OLYMPUS DIGITAL CAMERA\" src=\"http:\/\/flieg.fr\/wordpress\/wp-content\/uploads\/2012\/04\/P4250167-300x225.jpg\" alt=\"\" width=\"300\" height=\"225\" srcset=\"https:\/\/www.flieg.fr\/wordpress\/wp-content\/uploads\/2012\/04\/P4250167-300x225.jpg 300w, https:\/\/www.flieg.fr\/wordpress\/wp-content\/uploads\/2012\/04\/P4250167-1024x768.jpg 1024w, https:\/\/www.flieg.fr\/wordpress\/wp-content\/uploads\/2012\/04\/P4250167-624x468.jpg 624w, https:\/\/www.flieg.fr\/wordpress\/wp-content\/uploads\/2012\/04\/P4250167.jpg 2048w\" sizes=\"auto, (max-width: 300px) 100vw, 300px\" \/><\/a><\/p>\n<p>L&rsquo;air lav\u00e9 donne une puret\u00e9 exceptionnelle aux jaunes du colza et aux bruns des terres a peine&nbsp;ensemenc\u00e9es.<\/p>\n<p>Nous arrivons \u00e0 Aire sur Adour notre trenti\u00e8me \u00e9tape (565 km au compteur)<\/p>\n<p>La cath\u00e9drale vient d&rsquo;\u00eatre restaur\u00e9e et pour une fois, la restauration int\u00e9rieure est compl\u00e8te et c&rsquo;est une pure merveille.<\/p>\n<div id=\"attachment_651\" style=\"width: 310px\" class=\"wp-caption alignnone\"><a href=\"http:\/\/flieg.fr\/wordpress\/wp-content\/uploads\/2012\/04\/P4280249.jpg\"><img loading=\"lazy\" decoding=\"async\" aria-describedby=\"caption-attachment-651\" class=\"size-medium wp-image-651\" title=\"OLYMPUS DIGITAL CAMERA\" src=\"http:\/\/flieg.fr\/wordpress\/wp-content\/uploads\/2012\/04\/P4280249-300x225.jpg\" alt=\"\" width=\"300\" height=\"225\" srcset=\"https:\/\/www.flieg.fr\/wordpress\/wp-content\/uploads\/2012\/04\/P4280249-300x225.jpg 300w, https:\/\/www.flieg.fr\/wordpress\/wp-content\/uploads\/2012\/04\/P4280249-1024x768.jpg 1024w, https:\/\/www.flieg.fr\/wordpress\/wp-content\/uploads\/2012\/04\/P4280249-624x468.jpg 624w, https:\/\/www.flieg.fr\/wordpress\/wp-content\/uploads\/2012\/04\/P4280249.jpg 2048w\" sizes=\"auto, (max-width: 300px) 100vw, 300px\" \/><\/a><p id=\"caption-attachment-651\" class=\"wp-caption-text\">cath\u00e9drale d'Aire sur l'Adour<\/p><\/div>\n<p><a href=\"http:\/\/flieg.fr\/wordpress\/wp-content\/uploads\/2012\/04\/P4280240.jpg\"><img loading=\"lazy\" decoding=\"async\" class=\"alignnone size-medium wp-image-652\" title=\"OLYMPUS DIGITAL CAMERA\" src=\"http:\/\/flieg.fr\/wordpress\/wp-content\/uploads\/2012\/04\/P4280240-300x225.jpg\" alt=\"\" width=\"300\" height=\"225\" srcset=\"https:\/\/www.flieg.fr\/wordpress\/wp-content\/uploads\/2012\/04\/P4280240-300x225.jpg 300w, https:\/\/www.flieg.fr\/wordpress\/wp-content\/uploads\/2012\/04\/P4280240-1024x768.jpg 1024w, https:\/\/www.flieg.fr\/wordpress\/wp-content\/uploads\/2012\/04\/P4280240-624x468.jpg 624w, https:\/\/www.flieg.fr\/wordpress\/wp-content\/uploads\/2012\/04\/P4280240.jpg 2048w\" sizes=\"auto, (max-width: 300px) 100vw, 300px\" \/><\/a><\/p>\n<p>&nbsp;<\/p>\n<p><a href=\"http:\/\/flieg.fr\/wordpress\/wp-content\/uploads\/2012\/04\/P4280239.jpg\"><img loading=\"lazy\" decoding=\"async\" class=\"alignnone size-medium wp-image-653\" title=\"OLYMPUS DIGITAL CAMERA\" src=\"http:\/\/flieg.fr\/wordpress\/wp-content\/uploads\/2012\/04\/P4280239-300x225.jpg\" alt=\"\" width=\"300\" height=\"225\" srcset=\"https:\/\/www.flieg.fr\/wordpress\/wp-content\/uploads\/2012\/04\/P4280239-300x225.jpg 300w, https:\/\/www.flieg.fr\/wordpress\/wp-content\/uploads\/2012\/04\/P4280239-1024x768.jpg 1024w, https:\/\/www.flieg.fr\/wordpress\/wp-content\/uploads\/2012\/04\/P4280239-624x468.jpg 624w, https:\/\/www.flieg.fr\/wordpress\/wp-content\/uploads\/2012\/04\/P4280239.jpg 2048w\" sizes=\"auto, (max-width: 300px) 100vw, 300px\" \/><\/a><\/p>\n<p><a href=\"http:\/\/flieg.fr\/wordpress\/wp-content\/uploads\/2012\/04\/P4280247.jpg\"><img loading=\"lazy\" decoding=\"async\" class=\"alignnone size-medium wp-image-654\" title=\"OLYMPUS DIGITAL CAMERA\" src=\"http:\/\/flieg.fr\/wordpress\/wp-content\/uploads\/2012\/04\/P4280247-300x225.jpg\" alt=\"\" width=\"300\" height=\"225\" srcset=\"https:\/\/www.flieg.fr\/wordpress\/wp-content\/uploads\/2012\/04\/P4280247-300x225.jpg 300w, https:\/\/www.flieg.fr\/wordpress\/wp-content\/uploads\/2012\/04\/P4280247-1024x768.jpg 1024w, https:\/\/www.flieg.fr\/wordpress\/wp-content\/uploads\/2012\/04\/P4280247-624x468.jpg 624w, https:\/\/www.flieg.fr\/wordpress\/wp-content\/uploads\/2012\/04\/P4280247.jpg 2048w\" sizes=\"auto, (max-width: 300px) 100vw, 300px\" \/><\/a>En plus, les p\u00e8lerins sont re\u00e7us tr\u00e8s aimablement avec caf\u00e9, chocolat, g\u00e2teaux.<\/p>\n","protected":false},"excerpt":{"rendered":"<p>Samedi 28 avril Ce matin, le ciel est au plus bas. Une pluie fine tombe par intermittence. Nous avons la chance, une fois de plus de trouver un&nbsp;itin\u00e9raire&nbsp;bis par des routes asphalt\u00e9es. Le \u00ab\u00a0chemin\u00a0\u00bb est impraticable (\u00e0 nos yeux). Mais la pluie n&rsquo;a pas que des d\u00e9savantages. Les gouttes sont autant de diamants sur les [&hellip;]<\/p>\n","protected":false},"author":3,"featured_media":0,"parent":0,"menu_order":0,"comment_status":"open","ping_status":"open","template":"","meta":{"footnotes":""},"class_list":["post-635","page","type-page","status-publish","hentry"],"_links":{"self":[{"href":"https:\/\/www.flieg.fr\/index.php?rest_route=\/wp\/v2\/pages\/635","targetHints":{"allow":["GET"]}}],"collection":[{"href":"https:\/\/www.flieg.fr\/index.php?rest_route=\/wp\/v2\/pages"}],"about":[{"href":"https:\/\/www.flieg.fr\/index.php?rest_route=\/wp\/v2\/types\/page"}],"author":[{"embeddable":true,"href":"https:\/\/www.flieg.fr\/index.php?rest_route=\/wp\/v2\/users\/3"}],"replies":[{"embeddable":true,"href":"https:\/\/www.flieg.fr\/index.php?rest_route=%2Fwp%2Fv2%2Fcomments&post=635"}],"version-history":[{"count":8,"href":"https:\/\/www.flieg.fr\/index.php?rest_route=\/wp\/v2\/pages\/635\/revisions"}],"predecessor-version":[{"id":2418,"href":"https:\/\/www.flieg.fr\/index.php?rest_route=\/wp\/v2\/pages\/635\/revisions\/2418"}],"wp:attachment":[{"href":"https:\/\/www.flieg.fr\/index.php?rest_route=%2Fwp%2Fv2%2Fmedia&parent=635"}],"curies":[{"name":"wp","href":"https:\/\/api.w.org\/{rel}","templated":true}]}}

jour 32 étape 30 : de Lanne-Soubiran à Aire sur Adour : Samedi 28 avril

<p>Samedi 28 avril</p>
<p>Ce matin, le ciel est au plus bas. Une pluie fine tombe par intermittence. Nous avons la chance, une fois de plus de trouver un&nbsp;itinéraire&nbsp;bis par des routes asphaltées. Le « chemin » est impraticable (à nos yeux).</p>
<p>Mais la pluie n&rsquo;a pas que des désavantages. Les gouttes sont autant de diamants sur les longues aigrettes des blés montants.</p>
<div id="attachment_639" style="width: 310px" class="wp-caption alignnone"><a href="http://flieg.fr/wordpress/wp-content/uploads/2012/04/P4280226.jpg"><img loading="lazy" decoding="async" aria-describedby="caption-attachment-639" class="size-medium wp-image-639" title="OLYMPUS DIGITAL CAMERA" src="http://flieg.fr/wordpress/wp-content/uploads/2012/04/P4280226-300x225.jpg" alt="" width="300" height="225" srcset="https://www.flieg.fr/wordpress/wp-content/uploads/2012/04/P4280226-300x225.jpg 300w, https://www.flieg.fr/wordpress/wp-content/uploads/2012/04/P4280226-1024x768.jpg 1024w, https://www.flieg.fr/wordpress/wp-content/uploads/2012/04/P4280226-624x468.jpg 624w, https://www.flieg.fr/wordpress/wp-content/uploads/2012/04/P4280226.jpg 2048w" sizes="auto, (max-width: 300px) 100vw, 300px" /></a><p id="caption-attachment-639" class="wp-caption-text">jeune épi de blé</p></div>
<p>Les jeunes épis ploient sous la charge.</p>
<p><a href="http://flieg.fr/wordpress/wp-content/uploads/2012/04/P4280224.jpg"><img loading="lazy" decoding="async" class="alignnone size-medium wp-image-642" title="OLYMPUS DIGITAL CAMERA" src="http://flieg.fr/wordpress/wp-content/uploads/2012/04/P4280224-300x225.jpg" alt="" width="300" height="225" srcset="https://www.flieg.fr/wordpress/wp-content/uploads/2012/04/P4280224-300x225.jpg 300w, https://www.flieg.fr/wordpress/wp-content/uploads/2012/04/P4280224-1024x768.jpg 1024w, https://www.flieg.fr/wordpress/wp-content/uploads/2012/04/P4280224-624x468.jpg 624w, https://www.flieg.fr/wordpress/wp-content/uploads/2012/04/P4280224.jpg 2048w" sizes="auto, (max-width: 300px) 100vw, 300px" /></a></p>
<p>De belles fleurs des champs ouvrent leurs blancs pétales multiples au bout de longues hampes. C&rsquo;est une&nbsp;espèce&nbsp;inconnue de nous.</p>
<p><a href="http://flieg.fr/wordpress/wp-content/uploads/2012/04/P4280232.jpg"><img loading="lazy" decoding="async" class="alignnone size-medium wp-image-643" title="OLYMPUS DIGITAL CAMERA" src="http://flieg.fr/wordpress/wp-content/uploads/2012/04/P4280232-300x225.jpg" alt="" width="300" height="225" srcset="https://www.flieg.fr/wordpress/wp-content/uploads/2012/04/P4280232-300x225.jpg 300w, https://www.flieg.fr/wordpress/wp-content/uploads/2012/04/P4280232-1024x768.jpg 1024w, https://www.flieg.fr/wordpress/wp-content/uploads/2012/04/P4280232-624x468.jpg 624w, https://www.flieg.fr/wordpress/wp-content/uploads/2012/04/P4280232.jpg 2048w" sizes="auto, (max-width: 300px) 100vw, 300px" /></a></p>
<p>Jusqu&rsquo;à l&rsquo;horizon, les champs cultivés forment un manteau en damier de toutes les couleurs.</p>
<p><a href="http://flieg.fr/wordpress/wp-content/uploads/2012/04/P4250167.jpg"><img loading="lazy" decoding="async" class="alignnone size-medium wp-image-644" title="OLYMPUS DIGITAL CAMERA" src="http://flieg.fr/wordpress/wp-content/uploads/2012/04/P4250167-300x225.jpg" alt="" width="300" height="225" srcset="https://www.flieg.fr/wordpress/wp-content/uploads/2012/04/P4250167-300x225.jpg 300w, https://www.flieg.fr/wordpress/wp-content/uploads/2012/04/P4250167-1024x768.jpg 1024w, https://www.flieg.fr/wordpress/wp-content/uploads/2012/04/P4250167-624x468.jpg 624w, https://www.flieg.fr/wordpress/wp-content/uploads/2012/04/P4250167.jpg 2048w" sizes="auto, (max-width: 300px) 100vw, 300px" /></a></p>
<p>L&rsquo;air lavé donne une pureté exceptionnelle aux jaunes du colza et aux bruns des terres a peine&nbsp;ensemencées.</p>
<p>Nous arrivons à Aire sur Adour notre trentième étape (565 km au compteur)</p>
<p>La cathédrale vient d&rsquo;être restaurée et pour une fois, la restauration intérieure est complète et c&rsquo;est une pure merveille.</p>
<div id="attachment_651" style="width: 310px" class="wp-caption alignnone"><a href="http://flieg.fr/wordpress/wp-content/uploads/2012/04/P4280249.jpg"><img loading="lazy" decoding="async" aria-describedby="caption-attachment-651" class="size-medium wp-image-651" title="OLYMPUS DIGITAL CAMERA" src="http://flieg.fr/wordpress/wp-content/uploads/2012/04/P4280249-300x225.jpg" alt="" width="300" height="225" srcset="https://www.flieg.fr/wordpress/wp-content/uploads/2012/04/P4280249-300x225.jpg 300w, https://www.flieg.fr/wordpress/wp-content/uploads/2012/04/P4280249-1024x768.jpg 1024w, https://www.flieg.fr/wordpress/wp-content/uploads/2012/04/P4280249-624x468.jpg 624w, https://www.flieg.fr/wordpress/wp-content/uploads/2012/04/P4280249.jpg 2048w" sizes="auto, (max-width: 300px) 100vw, 300px" /></a><p id="caption-attachment-651" class="wp-caption-text">cathédrale d'Aire sur l'Adour</p></div>
<p><a href="http://flieg.fr/wordpress/wp-content/uploads/2012/04/P4280240.jpg"><img loading="lazy" decoding="async" class="alignnone size-medium wp-image-652" title="OLYMPUS DIGITAL CAMERA" src="http://flieg.fr/wordpress/wp-content/uploads/2012/04/P4280240-300x225.jpg" alt="" width="300" height="225" srcset="https://www.flieg.fr/wordpress/wp-content/uploads/2012/04/P4280240-300x225.jpg 300w, https://www.flieg.fr/wordpress/wp-content/uploads/2012/04/P4280240-1024x768.jpg 1024w, https://www.flieg.fr/wordpress/wp-content/uploads/2012/04/P4280240-624x468.jpg 624w, https://www.flieg.fr/wordpress/wp-content/uploads/2012/04/P4280240.jpg 2048w" sizes="auto, (max-width: 300px) 100vw, 300px" /></a></p>
<p>&nbsp;</p>
<p><a href="http://flieg.fr/wordpress/wp-content/uploads/2012/04/P4280239.jpg"><img loading="lazy" decoding="async" class="alignnone size-medium wp-image-653" title="OLYMPUS DIGITAL CAMERA" src="http://flieg.fr/wordpress/wp-content/uploads/2012/04/P4280239-300x225.jpg" alt="" width="300" height="225" srcset="https://www.flieg.fr/wordpress/wp-content/uploads/2012/04/P4280239-300x225.jpg 300w, https://www.flieg.fr/wordpress/wp-content/uploads/2012/04/P4280239-1024x768.jpg 1024w, https://www.flieg.fr/wordpress/wp-content/uploads/2012/04/P4280239-624x468.jpg 624w, https://www.flieg.fr/wordpress/wp-content/uploads/2012/04/P4280239.jpg 2048w" sizes="auto, (max-width: 300px) 100vw, 300px" /></a></p>
<p><a href="http://flieg.fr/wordpress/wp-content/uploads/2012/04/P4280247.jpg"><img loading="lazy" decoding="async" class="alignnone size-medium wp-image-654" title="OLYMPUS DIGITAL CAMERA" src="http://flieg.fr/wordpress/wp-content/uploads/2012/04/P4280247-300x225.jpg" alt="" width="300" height="225" srcset="https://www.flieg.fr/wordpress/wp-content/uploads/2012/04/P4280247-300x225.jpg 300w, https://www.flieg.fr/wordpress/wp-content/uploads/2012/04/P4280247-1024x768.jpg 1024w, https://www.flieg.fr/wordpress/wp-content/uploads/2012/04/P4280247-624x468.jpg 624w, https://www.flieg.fr/wordpress/wp-content/uploads/2012/04/P4280247.jpg 2048w" sizes="auto, (max-width: 300px) 100vw, 300px" /></a>En plus, les pèlerins sont reçus très aimablement avec café, chocolat, gâteaux.</p>

<p>Samedi 28 avril Ce matin, le ciel est au plus bas. Une pluie fine tombe par intermittence. Nous avons la chance, une fois de plus de trouver un&nbsp;itinéraire&nbsp;bis par des routes asphaltées. Le « chemin » est impraticable (à nos yeux). Mais la pluie n&rsquo;a pas que des désavantages. Les gouttes sont autant de diamants sur les [&hellip;]</p>
