{"id":588,"date":"2012-04-26T20:04:51","date_gmt":"2012-04-26T19:04:51","guid":{"rendered":"http:\/\/flieg.fr\/?page_id=588"},"modified":"2023-03-21T10:54:29","modified_gmt":"2023-03-21T09:54:29","slug":"jour-31-etape-29-de-manciet-a-lanne-soubiran-21-km-vendredi-27-avril","status":"publish","type":"page","link":"https:\/\/www.flieg.fr\/?page_id=588","title":{"rendered":"jour 31 etape 29 : de Manciet a Lanne Soubiran : 21 km  :Vendredi 27 avril"},"content":{"rendered":"<p>Vendredi 27 avril 2012<\/p>\n<p>En repartant, nous allons voir le fameux&nbsp;\u00e9levage&nbsp;de porcs noirs. En fait, il y a juste une truie avec une dizaine de porcelets \u00e0 voir. Les cochons noirs sont parqu\u00e9s plus loin.<\/p>\n<div id=\"attachment_627\" style=\"width: 310px\" class=\"wp-caption alignnone\"><a href=\"http:\/\/flieg.fr\/wordpress\/wp-content\/uploads\/2012\/04\/P4270196.jpg\"><img loading=\"lazy\" decoding=\"async\" aria-describedby=\"caption-attachment-627\" class=\"size-medium wp-image-627\" title=\"OLYMPUS DIGITAL CAMERA\" src=\"http:\/\/flieg.fr\/wordpress\/wp-content\/uploads\/2012\/04\/P4270196-300x225.jpg\" alt=\"\" width=\"300\" height=\"225\" srcset=\"https:\/\/www.flieg.fr\/wordpress\/wp-content\/uploads\/2012\/04\/P4270196-300x225.jpg 300w, https:\/\/www.flieg.fr\/wordpress\/wp-content\/uploads\/2012\/04\/P4270196-1024x768.jpg 1024w, https:\/\/www.flieg.fr\/wordpress\/wp-content\/uploads\/2012\/04\/P4270196-624x468.jpg 624w, https:\/\/www.flieg.fr\/wordpress\/wp-content\/uploads\/2012\/04\/P4270196.jpg 2048w\" sizes=\"auto, (max-width: 300px) 100vw, 300px\" \/><\/a><p id=\"caption-attachment-627\" class=\"wp-caption-text\">ronf, ronf ?<\/p><\/div>\n<p>Le ciel est toujours bas et il ne pleut pas. Nous rejoignons le chemin que nous devons emprunter sur 500m avant de retrouver l&rsquo;asphalte. C&rsquo;est boue et boue et rate la flaque&#8230;<\/p>\n<div id=\"attachment_628\" style=\"width: 310px\" class=\"wp-caption alignnone\"><a href=\"http:\/\/flieg.fr\/wordpress\/wp-content\/uploads\/2012\/04\/P4270205.jpg\"><img loading=\"lazy\" decoding=\"async\" aria-describedby=\"caption-attachment-628\" class=\"size-medium wp-image-628\" title=\"OLYMPUS DIGITAL CAMERA\" src=\"http:\/\/flieg.fr\/wordpress\/wp-content\/uploads\/2012\/04\/P4270205-300x225.jpg\" alt=\"\" width=\"300\" height=\"225\" srcset=\"https:\/\/www.flieg.fr\/wordpress\/wp-content\/uploads\/2012\/04\/P4270205-300x225.jpg 300w, https:\/\/www.flieg.fr\/wordpress\/wp-content\/uploads\/2012\/04\/P4270205-1024x768.jpg 1024w, https:\/\/www.flieg.fr\/wordpress\/wp-content\/uploads\/2012\/04\/P4270205-624x468.jpg 624w, https:\/\/www.flieg.fr\/wordpress\/wp-content\/uploads\/2012\/04\/P4270205.jpg 2048w\" sizes=\"auto, (max-width: 300px) 100vw, 300px\" \/><\/a><p id=\"caption-attachment-628\" class=\"wp-caption-text\">en garde \u00e9crevaillon !<\/p><\/div>\n<p>Plus loin, au fond d&rsquo;une combe, nous decouvrons de nombreux&nbsp;\u00e9tangs&nbsp;de pisciculture. Une \u00e9crevisse t\u00e9m\u00e9raire vient croiser le fer avec moi : en garde&nbsp;p\u00e8lerin!<\/p>\n<div id=\"attachment_629\" style=\"width: 310px\" class=\"wp-caption alignnone\"><a href=\"http:\/\/flieg.fr\/wordpress\/wp-content\/uploads\/2012\/04\/P4270206.jpg\"><img loading=\"lazy\" decoding=\"async\" aria-describedby=\"caption-attachment-629\" class=\"size-medium wp-image-629\" title=\"OLYMPUS DIGITAL CAMERA\" src=\"http:\/\/flieg.fr\/wordpress\/wp-content\/uploads\/2012\/04\/P4270206-300x225.jpg\" alt=\"\" width=\"300\" height=\"225\" srcset=\"https:\/\/www.flieg.fr\/wordpress\/wp-content\/uploads\/2012\/04\/P4270206-300x225.jpg 300w, https:\/\/www.flieg.fr\/wordpress\/wp-content\/uploads\/2012\/04\/P4270206-1024x768.jpg 1024w, https:\/\/www.flieg.fr\/wordpress\/wp-content\/uploads\/2012\/04\/P4270206-624x468.jpg 624w, https:\/\/www.flieg.fr\/wordpress\/wp-content\/uploads\/2012\/04\/P4270206.jpg 2048w\" sizes=\"auto, (max-width: 300px) 100vw, 300px\" \/><\/a><p id=\"caption-attachment-629\" class=\"wp-caption-text\">Tiens! un p\u00e8lerin avec sa p\u00e8lerine<\/p><\/div>\n<p>Des vaches placides en ont vu d&rsquo;autres (des&nbsp;p\u00e8lerins).<\/p>\n<div id=\"attachment_630\" style=\"width: 310px\" class=\"wp-caption alignnone\"><a href=\"http:\/\/flieg.fr\/wordpress\/wp-content\/uploads\/2012\/04\/P4270208.jpg\"><img loading=\"lazy\" decoding=\"async\" aria-describedby=\"caption-attachment-630\" class=\"size-medium wp-image-630\" title=\"OLYMPUS DIGITAL CAMERA\" src=\"http:\/\/flieg.fr\/wordpress\/wp-content\/uploads\/2012\/04\/P4270208-300x225.jpg\" alt=\"\" width=\"300\" height=\"225\" srcset=\"https:\/\/www.flieg.fr\/wordpress\/wp-content\/uploads\/2012\/04\/P4270208-300x225.jpg 300w, https:\/\/www.flieg.fr\/wordpress\/wp-content\/uploads\/2012\/04\/P4270208-1024x768.jpg 1024w, https:\/\/www.flieg.fr\/wordpress\/wp-content\/uploads\/2012\/04\/P4270208-624x468.jpg 624w, https:\/\/www.flieg.fr\/wordpress\/wp-content\/uploads\/2012\/04\/P4270208.jpg 2048w\" sizes=\"auto, (max-width: 300px) 100vw, 300px\" \/><\/a><p id=\"caption-attachment-630\" class=\"wp-caption-text\">Qu'est ce qu'ils ont \u00e0 me regarder comme \u00e7a ?<\/p><\/div>\n<p>Le chat ne l\u00e8ve m\u00eame pas une&nbsp;paupi\u00e8re.<\/p>\n<div id=\"attachment_632\" style=\"width: 310px\" class=\"wp-caption alignnone\"><a href=\"http:\/\/flieg.fr\/wordpress\/wp-content\/uploads\/2012\/04\/P4270210.jpg\"><img loading=\"lazy\" decoding=\"async\" aria-describedby=\"caption-attachment-632\" class=\"size-medium wp-image-632\" title=\"OLYMPUS DIGITAL CAMERA\" src=\"http:\/\/flieg.fr\/wordpress\/wp-content\/uploads\/2012\/04\/P4270210-300x225.jpg\" alt=\"\" width=\"300\" height=\"225\" srcset=\"https:\/\/www.flieg.fr\/wordpress\/wp-content\/uploads\/2012\/04\/P4270210-300x225.jpg 300w, https:\/\/www.flieg.fr\/wordpress\/wp-content\/uploads\/2012\/04\/P4270210-1024x768.jpg 1024w, https:\/\/www.flieg.fr\/wordpress\/wp-content\/uploads\/2012\/04\/P4270210-624x468.jpg 624w, https:\/\/www.flieg.fr\/wordpress\/wp-content\/uploads\/2012\/04\/P4270210.jpg 2048w\" sizes=\"auto, (max-width: 300px) 100vw, 300px\" \/><\/a><p id=\"caption-attachment-632\" class=\"wp-caption-text\">belles demeures<\/p><\/div>\n<p>Certains se sont&nbsp;\u00e9quip\u00e9s&nbsp;d&rsquo;une antenne \u00ab\u00a0sp\u00e9ciale&nbsp;grand ecran\u00a0\u00bb.<\/p>\n<div id=\"attachment_631\" style=\"width: 310px\" class=\"wp-caption alignnone\"><a href=\"http:\/\/flieg.fr\/wordpress\/wp-content\/uploads\/2012\/04\/P4270211.jpg\"><img loading=\"lazy\" decoding=\"async\" aria-describedby=\"caption-attachment-631\" class=\"size-medium wp-image-631\" title=\"OLYMPUS DIGITAL CAMERA\" src=\"http:\/\/flieg.fr\/wordpress\/wp-content\/uploads\/2012\/04\/P4270211-300x225.jpg\" alt=\"\" width=\"300\" height=\"225\" srcset=\"https:\/\/www.flieg.fr\/wordpress\/wp-content\/uploads\/2012\/04\/P4270211-300x225.jpg 300w, https:\/\/www.flieg.fr\/wordpress\/wp-content\/uploads\/2012\/04\/P4270211-1024x768.jpg 1024w, https:\/\/www.flieg.fr\/wordpress\/wp-content\/uploads\/2012\/04\/P4270211-624x468.jpg 624w, https:\/\/www.flieg.fr\/wordpress\/wp-content\/uploads\/2012\/04\/P4270211.jpg 2048w\" sizes=\"auto, (max-width: 300px) 100vw, 300px\" \/><\/a><p id=\"caption-attachment-631\" class=\"wp-caption-text\">XXL<\/p><\/div>\n<p>Enfin, au bout d&rsquo;uun chemin forestier, nous arrivons \u00e0 la maison Labarbe, une maison typique \u00e0 pans de bois o\u00f9 nous occuponhs une belle chambre \u00e0 l&rsquo;ancienne.<\/p>\n<div id=\"attachment_633\" style=\"width: 310px\" class=\"wp-caption alignnone\"><a href=\"http:\/\/flieg.fr\/wordpress\/wp-content\/uploads\/2012\/04\/P4270218.jpg\"><img loading=\"lazy\" decoding=\"async\" aria-describedby=\"caption-attachment-633\" class=\"size-medium wp-image-633\" title=\"OLYMPUS DIGITAL CAMERA\" src=\"http:\/\/flieg.fr\/wordpress\/wp-content\/uploads\/2012\/04\/P4270218-300x225.jpg\" alt=\"\" width=\"300\" height=\"225\" srcset=\"https:\/\/www.flieg.fr\/wordpress\/wp-content\/uploads\/2012\/04\/P4270218-300x225.jpg 300w, https:\/\/www.flieg.fr\/wordpress\/wp-content\/uploads\/2012\/04\/P4270218-1024x768.jpg 1024w, https:\/\/www.flieg.fr\/wordpress\/wp-content\/uploads\/2012\/04\/P4270218-624x468.jpg 624w, https:\/\/www.flieg.fr\/wordpress\/wp-content\/uploads\/2012\/04\/P4270218.jpg 2048w\" sizes=\"auto, (max-width: 300px) 100vw, 300px\" \/><\/a><p id=\"caption-attachment-633\" class=\"wp-caption-text\">Maison Labarbe<\/p><\/div>\n<p>A 19h, on nous appelle \u00e0 d\u00eener. Nous passons \u00e0 table avec deux autres couples de marcheurs partis du Puy 6 jours apr\u00e8s nous. Ils font des \u00e9tapes de 26 \u00e0 28 km. Mais au d\u00e9tour de la conversation, nous apprenons qu&rsquo;ils ont des pieds bless\u00e9s. Tout se paye&#8230; Apr\u00e8s le potage, on nous sert un excellent confit de canard fait maison.<\/p>\n","protected":false},"excerpt":{"rendered":"<p>Vendredi 27 avril 2012 En repartant, nous allons voir le fameux&nbsp;\u00e9levage&nbsp;de porcs noirs. En fait, il y a juste une truie avec une dizaine de porcelets \u00e0 voir. Les cochons noirs sont parqu\u00e9s plus loin. Le ciel est toujours bas et il ne pleut pas. Nous rejoignons le chemin que nous devons emprunter sur 500m [&hellip;]<\/p>\n","protected":false},"author":3,"featured_media":0,"parent":0,"menu_order":0,"comment_status":"open","ping_status":"open","template":"","meta":{"footnotes":""},"class_list":["post-588","page","type-page","status-publish","hentry"],"_links":{"self":[{"href":"https:\/\/www.flieg.fr\/index.php?rest_route=\/wp\/v2\/pages\/588","targetHints":{"allow":["GET"]}}],"collection":[{"href":"https:\/\/www.flieg.fr\/index.php?rest_route=\/wp\/v2\/pages"}],"about":[{"href":"https:\/\/www.flieg.fr\/index.php?rest_route=\/wp\/v2\/types\/page"}],"author":[{"embeddable":true,"href":"https:\/\/www.flieg.fr\/index.php?rest_route=\/wp\/v2\/users\/3"}],"replies":[{"embeddable":true,"href":"https:\/\/www.flieg.fr\/index.php?rest_route=%2Fwp%2Fv2%2Fcomments&post=588"}],"version-history":[{"count":4,"href":"https:\/\/www.flieg.fr\/index.php?rest_route=\/wp\/v2\/pages\/588\/revisions"}],"predecessor-version":[{"id":2417,"href":"https:\/\/www.flieg.fr\/index.php?rest_route=\/wp\/v2\/pages\/588\/revisions\/2417"}],"wp:attachment":[{"href":"https:\/\/www.flieg.fr\/index.php?rest_route=%2Fwp%2Fv2%2Fmedia&parent=588"}],"curies":[{"name":"wp","href":"https:\/\/api.w.org\/{rel}","templated":true}]}}

<p>Vendredi 27 avril 2012</p>
<p>En repartant, nous allons voir le fameux&nbsp;élevage&nbsp;de porcs noirs. En fait, il y a juste une truie avec une dizaine de porcelets à voir. Les cochons noirs sont parqués plus loin.</p>
<div id="attachment_627" style="width: 310px" class="wp-caption alignnone"><a href="http://flieg.fr/wordpress/wp-content/uploads/2012/04/P4270196.jpg"><img loading="lazy" decoding="async" aria-describedby="caption-attachment-627" class="size-medium wp-image-627" title="OLYMPUS DIGITAL CAMERA" src="http://flieg.fr/wordpress/wp-content/uploads/2012/04/P4270196-300x225.jpg" alt="" width="300" height="225" srcset="https://www.flieg.fr/wordpress/wp-content/uploads/2012/04/P4270196-300x225.jpg 300w, https://www.flieg.fr/wordpress/wp-content/uploads/2012/04/P4270196-1024x768.jpg 1024w, https://www.flieg.fr/wordpress/wp-content/uploads/2012/04/P4270196-624x468.jpg 624w, https://www.flieg.fr/wordpress/wp-content/uploads/2012/04/P4270196.jpg 2048w" sizes="auto, (max-width: 300px) 100vw, 300px" /></a><p id="caption-attachment-627" class="wp-caption-text">ronf, ronf ?</p></div>
<p>Le ciel est toujours bas et il ne pleut pas. Nous rejoignons le chemin que nous devons emprunter sur 500m avant de retrouver l&rsquo;asphalte. C&rsquo;est boue et boue et rate la flaque&#8230;</p>
<div id="attachment_628" style="width: 310px" class="wp-caption alignnone"><a href="http://flieg.fr/wordpress/wp-content/uploads/2012/04/P4270205.jpg"><img loading="lazy" decoding="async" aria-describedby="caption-attachment-628" class="size-medium wp-image-628" title="OLYMPUS DIGITAL CAMERA" src="http://flieg.fr/wordpress/wp-content/uploads/2012/04/P4270205-300x225.jpg" alt="" width="300" height="225" srcset="https://www.flieg.fr/wordpress/wp-content/uploads/2012/04/P4270205-300x225.jpg 300w, https://www.flieg.fr/wordpress/wp-content/uploads/2012/04/P4270205-1024x768.jpg 1024w, https://www.flieg.fr/wordpress/wp-content/uploads/2012/04/P4270205-624x468.jpg 624w, https://www.flieg.fr/wordpress/wp-content/uploads/2012/04/P4270205.jpg 2048w" sizes="auto, (max-width: 300px) 100vw, 300px" /></a><p id="caption-attachment-628" class="wp-caption-text">en garde écrevaillon !</p></div>
<p>Plus loin, au fond d&rsquo;une combe, nous decouvrons de nombreux&nbsp;étangs&nbsp;de pisciculture. Une écrevisse téméraire vient croiser le fer avec moi : en garde&nbsp;pèlerin!</p>
<div id="attachment_629" style="width: 310px" class="wp-caption alignnone"><a href="http://flieg.fr/wordpress/wp-content/uploads/2012/04/P4270206.jpg"><img loading="lazy" decoding="async" aria-describedby="caption-attachment-629" class="size-medium wp-image-629" title="OLYMPUS DIGITAL CAMERA" src="http://flieg.fr/wordpress/wp-content/uploads/2012/04/P4270206-300x225.jpg" alt="" width="300" height="225" srcset="https://www.flieg.fr/wordpress/wp-content/uploads/2012/04/P4270206-300x225.jpg 300w, https://www.flieg.fr/wordpress/wp-content/uploads/2012/04/P4270206-1024x768.jpg 1024w, https://www.flieg.fr/wordpress/wp-content/uploads/2012/04/P4270206-624x468.jpg 624w, https://www.flieg.fr/wordpress/wp-content/uploads/2012/04/P4270206.jpg 2048w" sizes="auto, (max-width: 300px) 100vw, 300px" /></a><p id="caption-attachment-629" class="wp-caption-text">Tiens! un pèlerin avec sa pèlerine</p></div>
<p>Des vaches placides en ont vu d&rsquo;autres (des&nbsp;pèlerins).</p>
<div id="attachment_630" style="width: 310px" class="wp-caption alignnone"><a href="http://flieg.fr/wordpress/wp-content/uploads/2012/04/P4270208.jpg"><img loading="lazy" decoding="async" aria-describedby="caption-attachment-630" class="size-medium wp-image-630" title="OLYMPUS DIGITAL CAMERA" src="http://flieg.fr/wordpress/wp-content/uploads/2012/04/P4270208-300x225.jpg" alt="" width="300" height="225" srcset="https://www.flieg.fr/wordpress/wp-content/uploads/2012/04/P4270208-300x225.jpg 300w, https://www.flieg.fr/wordpress/wp-content/uploads/2012/04/P4270208-1024x768.jpg 1024w, https://www.flieg.fr/wordpress/wp-content/uploads/2012/04/P4270208-624x468.jpg 624w, https://www.flieg.fr/wordpress/wp-content/uploads/2012/04/P4270208.jpg 2048w" sizes="auto, (max-width: 300px) 100vw, 300px" /></a><p id="caption-attachment-630" class="wp-caption-text">Qu'est ce qu'ils ont à me regarder comme ça ?</p></div>
<p>Le chat ne lève même pas une&nbsp;paupière.</p>
<div id="attachment_632" style="width: 310px" class="wp-caption alignnone"><a href="http://flieg.fr/wordpress/wp-content/uploads/2012/04/P4270210.jpg"><img loading="lazy" decoding="async" aria-describedby="caption-attachment-632" class="size-medium wp-image-632" title="OLYMPUS DIGITAL CAMERA" src="http://flieg.fr/wordpress/wp-content/uploads/2012/04/P4270210-300x225.jpg" alt="" width="300" height="225" srcset="https://www.flieg.fr/wordpress/wp-content/uploads/2012/04/P4270210-300x225.jpg 300w, https://www.flieg.fr/wordpress/wp-content/uploads/2012/04/P4270210-1024x768.jpg 1024w, https://www.flieg.fr/wordpress/wp-content/uploads/2012/04/P4270210-624x468.jpg 624w, https://www.flieg.fr/wordpress/wp-content/uploads/2012/04/P4270210.jpg 2048w" sizes="auto, (max-width: 300px) 100vw, 300px" /></a><p id="caption-attachment-632" class="wp-caption-text">belles demeures</p></div>
<p>Certains se sont&nbsp;équipés&nbsp;d&rsquo;une antenne « spéciale&nbsp;grand ecran ».</p>
<div id="attachment_631" style="width: 310px" class="wp-caption alignnone"><a href="http://flieg.fr/wordpress/wp-content/uploads/2012/04/P4270211.jpg"><img loading="lazy" decoding="async" aria-describedby="caption-attachment-631" class="size-medium wp-image-631" title="OLYMPUS DIGITAL CAMERA" src="http://flieg.fr/wordpress/wp-content/uploads/2012/04/P4270211-300x225.jpg" alt="" width="300" height="225" srcset="https://www.flieg.fr/wordpress/wp-content/uploads/2012/04/P4270211-300x225.jpg 300w, https://www.flieg.fr/wordpress/wp-content/uploads/2012/04/P4270211-1024x768.jpg 1024w, https://www.flieg.fr/wordpress/wp-content/uploads/2012/04/P4270211-624x468.jpg 624w, https://www.flieg.fr/wordpress/wp-content/uploads/2012/04/P4270211.jpg 2048w" sizes="auto, (max-width: 300px) 100vw, 300px" /></a><p id="caption-attachment-631" class="wp-caption-text">XXL</p></div>
<p>Enfin, au bout d&rsquo;uun chemin forestier, nous arrivons à la maison Labarbe, une maison typique à pans de bois où nous occuponhs une belle chambre à l&rsquo;ancienne.</p>
<div id="attachment_633" style="width: 310px" class="wp-caption alignnone"><a href="http://flieg.fr/wordpress/wp-content/uploads/2012/04/P4270218.jpg"><img loading="lazy" decoding="async" aria-describedby="caption-attachment-633" class="size-medium wp-image-633" title="OLYMPUS DIGITAL CAMERA" src="http://flieg.fr/wordpress/wp-content/uploads/2012/04/P4270218-300x225.jpg" alt="" width="300" height="225" srcset="https://www.flieg.fr/wordpress/wp-content/uploads/2012/04/P4270218-300x225.jpg 300w, https://www.flieg.fr/wordpress/wp-content/uploads/2012/04/P4270218-1024x768.jpg 1024w, https://www.flieg.fr/wordpress/wp-content/uploads/2012/04/P4270218-624x468.jpg 624w, https://www.flieg.fr/wordpress/wp-content/uploads/2012/04/P4270218.jpg 2048w" sizes="auto, (max-width: 300px) 100vw, 300px" /></a><p id="caption-attachment-633" class="wp-caption-text">Maison Labarbe</p></div>
<p>A 19h, on nous appelle à dîner. Nous passons à table avec deux autres couples de marcheurs partis du Puy 6 jours après nous. Ils font des étapes de 26 à 28 km. Mais au détour de la conversation, nous apprenons qu&rsquo;ils ont des pieds blessés. Tout se paye&#8230; Après le potage, on nous sert un excellent confit de canard fait maison.</p>

<p>Vendredi 27 avril 2012 En repartant, nous allons voir le fameux&nbsp;élevage&nbsp;de porcs noirs. En fait, il y a juste une truie avec une dizaine de porcelets à voir. Les cochons noirs sont parqués plus loin. Le ciel est toujours bas et il ne pleut pas. Nous rejoignons le chemin que nous devons emprunter sur 500m [&hellip;]</p>
