{"id":570,"date":"2012-04-23T18:09:59","date_gmt":"2012-04-23T17:09:59","guid":{"rendered":"http:\/\/flieg.fr\/?page_id=570"},"modified":"2023-03-21T10:51:36","modified_gmt":"2023-03-21T09:51:36","slug":"jour-27-etape-25-de-castet-arrouy-a-marsolan-21-km-lundi-23-avril","status":"publish","type":"page","link":"https:\/\/www.flieg.fr\/?page_id=570","title":{"rendered":"jour 27 \u00e9tape 25 : de Castet-Arrouy \u00e0 Marsolan : 21 km . Lundi 23 avril"},"content":{"rendered":"<p>Lundi 23 avril 2012<\/p>\n<p>Pluie et Vent et Boue : ce sont les mots d&rsquo;ordre du jour.<br \/>\nLes trois horreurs (m\u00e9t\u00e9orologiques) du marcheur.<\/p>\n<p>Notre h\u00f4te Nat, interrog\u00e9e sur la tendance du jour, nous dit l&rsquo;air songeur :<br \/>\n\u00ab\u00a0Ce sera soleil &#8230; ou pluie&#8230;\u00a0\u00bb<br \/>\nPour aller \u00e0 Lectoure le chemin nous propose de passer \u00e0 travers champs et pr\u00e9s. Nous pr\u00e9f\u00e9rons prendre les d\u00e9partementales. Nous nous faisons rincer abondamment.<\/p>\n<div id=\"attachment_571\" style=\"width: 310px\" class=\"wp-caption alignnone\"><a href=\"http:\/\/flieg.fr\/wordpress\/wp-content\/uploads\/2012\/04\/P4230105.jpg\"><img loading=\"lazy\" decoding=\"async\" aria-describedby=\"caption-attachment-571\" class=\"size-medium wp-image-571\" title=\"OLYMPUS DIGITAL CAMERA\" src=\"http:\/\/flieg.fr\/wordpress\/wp-content\/uploads\/2012\/04\/P4230105-300x225.jpg\" alt=\"\" width=\"300\" height=\"225\" srcset=\"https:\/\/www.flieg.fr\/wordpress\/wp-content\/uploads\/2012\/04\/P4230105-300x225.jpg 300w, https:\/\/www.flieg.fr\/wordpress\/wp-content\/uploads\/2012\/04\/P4230105-1024x768.jpg 1024w, https:\/\/www.flieg.fr\/wordpress\/wp-content\/uploads\/2012\/04\/P4230105-624x468.jpg 624w, https:\/\/www.flieg.fr\/wordpress\/wp-content\/uploads\/2012\/04\/P4230105.jpg 2048w\" sizes=\"auto, (max-width: 300px) 100vw, 300px\" \/><\/a><p id=\"caption-attachment-571\" class=\"wp-caption-text\">Lectoure perch\u00e9e sur sa colline<\/p><\/div>\n<p>Nous achetons de quoi manger, nous visitons la ville : cath\u00e9drale, quartiers anciens (la tannerie royale est \u00e0 vendre (avis aux amateurs)) et nous nous engageons sur le versant sud de la colline. Et l\u00e0, nous voyons pour la premi\u00e8re fois, la cha\u00eene des Pyr\u00e9n\u00e9es dans toute son \u00e9tendue. Nous l&rsquo;atteindrons dans une quinzaine de jours, car elle est encore \u00e0 plus de 250 km.<\/p>\n<div id=\"attachment_574\" style=\"width: 310px\" class=\"wp-caption alignnone\"><a href=\"http:\/\/flieg.fr\/wordpress\/wp-content\/uploads\/2012\/04\/P4230102.jpg\"><img loading=\"lazy\" decoding=\"async\" aria-describedby=\"caption-attachment-574\" class=\"size-medium wp-image-574\" title=\"OLYMPUS DIGITAL CAMERA\" src=\"http:\/\/flieg.fr\/wordpress\/wp-content\/uploads\/2012\/04\/P4230102-300x225.jpg\" alt=\"\" width=\"300\" height=\"225\" srcset=\"https:\/\/www.flieg.fr\/wordpress\/wp-content\/uploads\/2012\/04\/P4230102-300x225.jpg 300w, https:\/\/www.flieg.fr\/wordpress\/wp-content\/uploads\/2012\/04\/P4230102-1024x768.jpg 1024w, https:\/\/www.flieg.fr\/wordpress\/wp-content\/uploads\/2012\/04\/P4230102-624x468.jpg 624w, https:\/\/www.flieg.fr\/wordpress\/wp-content\/uploads\/2012\/04\/P4230102.jpg 2048w\" sizes=\"auto, (max-width: 300px) 100vw, 300px\" \/><\/a><p id=\"caption-attachment-574\" class=\"wp-caption-text\">les Pyr\u00e9n\u00e9es vues de Lectoure<\/p><\/div>\n<p>Sur le chemin vers Marsolan, le vent souffle furieusement et nous prend de face. Nos capes claquent au vent comme des voiles. Elles se tendent \u00e0 se rompre par moment. Faire une photo dans ces conditions, c&rsquo;est courir le risque de bousiller l&rsquo;appareil.<\/p>\n<div id=\"attachment_575\" style=\"width: 310px\" class=\"wp-caption alignnone\"><a href=\"http:\/\/flieg.fr\/wordpress\/wp-content\/uploads\/2012\/04\/P4230110.jpg\"><img loading=\"lazy\" decoding=\"async\" aria-describedby=\"caption-attachment-575\" class=\"size-medium wp-image-575\" title=\"OLYMPUS DIGITAL CAMERA\" src=\"http:\/\/flieg.fr\/wordpress\/wp-content\/uploads\/2012\/04\/P4230110-300x225.jpg\" alt=\"\" width=\"300\" height=\"225\" srcset=\"https:\/\/www.flieg.fr\/wordpress\/wp-content\/uploads\/2012\/04\/P4230110-300x225.jpg 300w, https:\/\/www.flieg.fr\/wordpress\/wp-content\/uploads\/2012\/04\/P4230110-1024x768.jpg 1024w, https:\/\/www.flieg.fr\/wordpress\/wp-content\/uploads\/2012\/04\/P4230110-624x468.jpg 624w, https:\/\/www.flieg.fr\/wordpress\/wp-content\/uploads\/2012\/04\/P4230110.jpg 2048w\" sizes=\"auto, (max-width: 300px) 100vw, 300px\" \/><\/a><p id=\"caption-attachment-575\" class=\"wp-caption-text\">5 km apr\u00e8s avoir quitt\u00e9 Lectoure, le vent se l\u00e8ve<\/p><\/div>\n<p>Par moments les rafales sont si fortes qu&rsquo;elles nous immobilisent. Il a cess\u00e9 de pleuvoir, heureusement. Finalement nous arriverons \u00e0 destination sur la colline du Mieucas.<\/p>\n<div id=\"attachment_576\" style=\"width: 310px\" class=\"wp-caption alignnone\"><a href=\"http:\/\/flieg.fr\/wordpress\/wp-content\/uploads\/2012\/04\/P4230119.jpg\"><img loading=\"lazy\" decoding=\"async\" aria-describedby=\"caption-attachment-576\" class=\"size-medium wp-image-576\" title=\"OLYMPUS DIGITAL CAMERA\" src=\"http:\/\/flieg.fr\/wordpress\/wp-content\/uploads\/2012\/04\/P4230119-300x225.jpg\" alt=\"\" width=\"300\" height=\"225\" srcset=\"https:\/\/www.flieg.fr\/wordpress\/wp-content\/uploads\/2012\/04\/P4230119-300x225.jpg 300w, https:\/\/www.flieg.fr\/wordpress\/wp-content\/uploads\/2012\/04\/P4230119-1024x768.jpg 1024w, https:\/\/www.flieg.fr\/wordpress\/wp-content\/uploads\/2012\/04\/P4230119-624x468.jpg 624w, https:\/\/www.flieg.fr\/wordpress\/wp-content\/uploads\/2012\/04\/P4230119.jpg 2048w\" sizes=\"auto, (max-width: 300px) 100vw, 300px\" \/><\/a><p id=\"caption-attachment-576\" class=\"wp-caption-text\">Accueil au domaine de Mieucas<\/p><\/div>\n<p>Une chambre d&rsquo;h\u00f4te superbe chez l&rsquo;habitant (Mme Tardin qui nous pr\u00eate son PC portable pour le pr\u00e9sent compte rendu).<\/p>\n<div id=\"attachment_613\" style=\"width: 310px\" class=\"wp-caption alignnone\"><a href=\"http:\/\/flieg.fr\/wordpress\/wp-content\/uploads\/2012\/04\/P4230120.jpg\"><img loading=\"lazy\" decoding=\"async\" aria-describedby=\"caption-attachment-613\" class=\"size-medium wp-image-613\" title=\"OLYMPUS DIGITAL CAMERA\" src=\"http:\/\/flieg.fr\/wordpress\/wp-content\/uploads\/2012\/04\/P4230120-300x225.jpg\" alt=\"\" width=\"300\" height=\"225\" srcset=\"https:\/\/www.flieg.fr\/wordpress\/wp-content\/uploads\/2012\/04\/P4230120-300x225.jpg 300w, https:\/\/www.flieg.fr\/wordpress\/wp-content\/uploads\/2012\/04\/P4230120-1024x768.jpg 1024w, https:\/\/www.flieg.fr\/wordpress\/wp-content\/uploads\/2012\/04\/P4230120-624x468.jpg 624w, https:\/\/www.flieg.fr\/wordpress\/wp-content\/uploads\/2012\/04\/P4230120.jpg 2048w\" sizes=\"auto, (max-width: 300px) 100vw, 300px\" \/><\/a><p id=\"caption-attachment-613\" class=\"wp-caption-text\">la chambre \u00e0 Mieucas<\/p><\/div>\n","protected":false},"excerpt":{"rendered":"<p>Lundi 23 avril 2012 Pluie et Vent et Boue : ce sont les mots d&rsquo;ordre du jour. Les trois horreurs (m\u00e9t\u00e9orologiques) du marcheur. Notre h\u00f4te Nat, interrog\u00e9e sur la tendance du jour, nous dit l&rsquo;air songeur : \u00ab\u00a0Ce sera soleil &#8230; ou pluie&#8230;\u00a0\u00bb Pour aller \u00e0 Lectoure le chemin nous propose de passer \u00e0 travers [&hellip;]<\/p>\n","protected":false},"author":3,"featured_media":0,"parent":0,"menu_order":0,"comment_status":"open","ping_status":"open","template":"","meta":{"footnotes":""},"class_list":["post-570","page","type-page","status-publish","hentry"],"_links":{"self":[{"href":"https:\/\/www.flieg.fr\/index.php?rest_route=\/wp\/v2\/pages\/570","targetHints":{"allow":["GET"]}}],"collection":[{"href":"https:\/\/www.flieg.fr\/index.php?rest_route=\/wp\/v2\/pages"}],"about":[{"href":"https:\/\/www.flieg.fr\/index.php?rest_route=\/wp\/v2\/types\/page"}],"author":[{"embeddable":true,"href":"https:\/\/www.flieg.fr\/index.php?rest_route=\/wp\/v2\/users\/3"}],"replies":[{"embeddable":true,"href":"https:\/\/www.flieg.fr\/index.php?rest_route=%2Fwp%2Fv2%2Fcomments&post=570"}],"version-history":[{"count":5,"href":"https:\/\/www.flieg.fr\/index.php?rest_route=\/wp\/v2\/pages\/570\/revisions"}],"predecessor-version":[{"id":2412,"href":"https:\/\/www.flieg.fr\/index.php?rest_route=\/wp\/v2\/pages\/570\/revisions\/2412"}],"wp:attachment":[{"href":"https:\/\/www.flieg.fr\/index.php?rest_route=%2Fwp%2Fv2%2Fmedia&parent=570"}],"curies":[{"name":"wp","href":"https:\/\/api.w.org\/{rel}","templated":true}]}}

jour 27 étape 25 : de Castet-Arrouy à Marsolan : 21 km . Lundi 23 avril

<p>Lundi 23 avril 2012</p>
<p>Pluie et Vent et Boue : ce sont les mots d&rsquo;ordre du jour.<br />
Les trois horreurs (météorologiques) du marcheur.</p>
<p>Notre hôte Nat, interrogée sur la tendance du jour, nous dit l&rsquo;air songeur :<br />
« Ce sera soleil &#8230; ou pluie&#8230; »<br />
Pour aller à Lectoure le chemin nous propose de passer à travers champs et prés. Nous préférons prendre les départementales. Nous nous faisons rincer abondamment.</p>
<div id="attachment_571" style="width: 310px" class="wp-caption alignnone"><a href="http://flieg.fr/wordpress/wp-content/uploads/2012/04/P4230105.jpg"><img loading="lazy" decoding="async" aria-describedby="caption-attachment-571" class="size-medium wp-image-571" title="OLYMPUS DIGITAL CAMERA" src="http://flieg.fr/wordpress/wp-content/uploads/2012/04/P4230105-300x225.jpg" alt="" width="300" height="225" srcset="https://www.flieg.fr/wordpress/wp-content/uploads/2012/04/P4230105-300x225.jpg 300w, https://www.flieg.fr/wordpress/wp-content/uploads/2012/04/P4230105-1024x768.jpg 1024w, https://www.flieg.fr/wordpress/wp-content/uploads/2012/04/P4230105-624x468.jpg 624w, https://www.flieg.fr/wordpress/wp-content/uploads/2012/04/P4230105.jpg 2048w" sizes="auto, (max-width: 300px) 100vw, 300px" /></a><p id="caption-attachment-571" class="wp-caption-text">Lectoure perchée sur sa colline</p></div>
<p>Nous achetons de quoi manger, nous visitons la ville : cathédrale, quartiers anciens (la tannerie royale est à vendre (avis aux amateurs)) et nous nous engageons sur le versant sud de la colline. Et là, nous voyons pour la première fois, la chaîne des Pyrénées dans toute son étendue. Nous l&rsquo;atteindrons dans une quinzaine de jours, car elle est encore à plus de 250 km.</p>
<div id="attachment_574" style="width: 310px" class="wp-caption alignnone"><a href="http://flieg.fr/wordpress/wp-content/uploads/2012/04/P4230102.jpg"><img loading="lazy" decoding="async" aria-describedby="caption-attachment-574" class="size-medium wp-image-574" title="OLYMPUS DIGITAL CAMERA" src="http://flieg.fr/wordpress/wp-content/uploads/2012/04/P4230102-300x225.jpg" alt="" width="300" height="225" srcset="https://www.flieg.fr/wordpress/wp-content/uploads/2012/04/P4230102-300x225.jpg 300w, https://www.flieg.fr/wordpress/wp-content/uploads/2012/04/P4230102-1024x768.jpg 1024w, https://www.flieg.fr/wordpress/wp-content/uploads/2012/04/P4230102-624x468.jpg 624w, https://www.flieg.fr/wordpress/wp-content/uploads/2012/04/P4230102.jpg 2048w" sizes="auto, (max-width: 300px) 100vw, 300px" /></a><p id="caption-attachment-574" class="wp-caption-text">les Pyrénées vues de Lectoure</p></div>
<p>Sur le chemin vers Marsolan, le vent souffle furieusement et nous prend de face. Nos capes claquent au vent comme des voiles. Elles se tendent à se rompre par moment. Faire une photo dans ces conditions, c&rsquo;est courir le risque de bousiller l&rsquo;appareil.</p>
<div id="attachment_575" style="width: 310px" class="wp-caption alignnone"><a href="http://flieg.fr/wordpress/wp-content/uploads/2012/04/P4230110.jpg"><img loading="lazy" decoding="async" aria-describedby="caption-attachment-575" class="size-medium wp-image-575" title="OLYMPUS DIGITAL CAMERA" src="http://flieg.fr/wordpress/wp-content/uploads/2012/04/P4230110-300x225.jpg" alt="" width="300" height="225" srcset="https://www.flieg.fr/wordpress/wp-content/uploads/2012/04/P4230110-300x225.jpg 300w, https://www.flieg.fr/wordpress/wp-content/uploads/2012/04/P4230110-1024x768.jpg 1024w, https://www.flieg.fr/wordpress/wp-content/uploads/2012/04/P4230110-624x468.jpg 624w, https://www.flieg.fr/wordpress/wp-content/uploads/2012/04/P4230110.jpg 2048w" sizes="auto, (max-width: 300px) 100vw, 300px" /></a><p id="caption-attachment-575" class="wp-caption-text">5 km après avoir quitté Lectoure, le vent se lève</p></div>
<p>Par moments les rafales sont si fortes qu&rsquo;elles nous immobilisent. Il a cessé de pleuvoir, heureusement. Finalement nous arriverons à destination sur la colline du Mieucas.</p>
<div id="attachment_576" style="width: 310px" class="wp-caption alignnone"><a href="http://flieg.fr/wordpress/wp-content/uploads/2012/04/P4230119.jpg"><img loading="lazy" decoding="async" aria-describedby="caption-attachment-576" class="size-medium wp-image-576" title="OLYMPUS DIGITAL CAMERA" src="http://flieg.fr/wordpress/wp-content/uploads/2012/04/P4230119-300x225.jpg" alt="" width="300" height="225" srcset="https://www.flieg.fr/wordpress/wp-content/uploads/2012/04/P4230119-300x225.jpg 300w, https://www.flieg.fr/wordpress/wp-content/uploads/2012/04/P4230119-1024x768.jpg 1024w, https://www.flieg.fr/wordpress/wp-content/uploads/2012/04/P4230119-624x468.jpg 624w, https://www.flieg.fr/wordpress/wp-content/uploads/2012/04/P4230119.jpg 2048w" sizes="auto, (max-width: 300px) 100vw, 300px" /></a><p id="caption-attachment-576" class="wp-caption-text">Accueil au domaine de Mieucas</p></div>
<p>Une chambre d&rsquo;hôte superbe chez l&rsquo;habitant (Mme Tardin qui nous prête son PC portable pour le présent compte rendu).</p>
<div id="attachment_613" style="width: 310px" class="wp-caption alignnone"><a href="http://flieg.fr/wordpress/wp-content/uploads/2012/04/P4230120.jpg"><img loading="lazy" decoding="async" aria-describedby="caption-attachment-613" class="size-medium wp-image-613" title="OLYMPUS DIGITAL CAMERA" src="http://flieg.fr/wordpress/wp-content/uploads/2012/04/P4230120-300x225.jpg" alt="" width="300" height="225" srcset="https://www.flieg.fr/wordpress/wp-content/uploads/2012/04/P4230120-300x225.jpg 300w, https://www.flieg.fr/wordpress/wp-content/uploads/2012/04/P4230120-1024x768.jpg 1024w, https://www.flieg.fr/wordpress/wp-content/uploads/2012/04/P4230120-624x468.jpg 624w, https://www.flieg.fr/wordpress/wp-content/uploads/2012/04/P4230120.jpg 2048w" sizes="auto, (max-width: 300px) 100vw, 300px" /></a><p id="caption-attachment-613" class="wp-caption-text">la chambre à Mieucas</p></div>

<p>Lundi 23 avril 2012 Pluie et Vent et Boue : ce sont les mots d&rsquo;ordre du jour. Les trois horreurs (météorologiques) du marcheur. Notre hôte Nat, interrogée sur la tendance du jour, nous dit l&rsquo;air songeur : « Ce sera soleil &#8230; ou pluie&#8230; » Pour aller à Lectoure le chemin nous propose de passer à travers [&hellip;]</p>
