{"id":540,"date":"2012-04-20T15:22:48","date_gmt":"2012-04-20T14:22:48","guid":{"rendered":"http:\/\/flieg.fr\/?page_id=540"},"modified":"2023-03-21T10:50:16","modified_gmt":"2023-03-21T09:50:16","slug":"jour-25-etape-23-de-moissac-a-auvillar-21-km","status":"publish","type":"page","link":"https:\/\/www.flieg.fr\/?page_id=540","title":{"rendered":"jour 25 \u00e9tape 23 : de Moissac \u00e0 Auvillar : 22 km"},"content":{"rendered":"<p>Samedi 21 avril 2012<\/p>\n<p>Nous avons un projet pour nos chaussures de marche quand, pour elles, sonnera l&rsquo;heure de la retraite. L&rsquo;id\u00e9e a \u00e9t\u00e9 lanc\u00e9e par M. Bates, propri\u00e9taire irlandais du g\u00eete Ultreia&#8230;<\/p>\n<div id=\"attachment_548\" style=\"width: 310px\" class=\"wp-caption alignnone\"><a href=\"http:\/\/flieg.fr\/wordpress\/wp-content\/uploads\/2012\/04\/P4200003.jpg\"><img loading=\"lazy\" decoding=\"async\" aria-describedby=\"caption-attachment-548\" class=\"size-medium wp-image-548\" title=\"OLYMPUS DIGITAL CAMERA\" src=\"http:\/\/flieg.fr\/wordpress\/wp-content\/uploads\/2012\/04\/P4200003-300x225.jpg\" alt=\"\" width=\"300\" height=\"225\" srcset=\"https:\/\/www.flieg.fr\/wordpress\/wp-content\/uploads\/2012\/04\/P4200003-300x225.jpg 300w, https:\/\/www.flieg.fr\/wordpress\/wp-content\/uploads\/2012\/04\/P4200003-1024x768.jpg 1024w, https:\/\/www.flieg.fr\/wordpress\/wp-content\/uploads\/2012\/04\/P4200003-624x468.jpg 624w, https:\/\/www.flieg.fr\/wordpress\/wp-content\/uploads\/2012\/04\/P4200003.jpg 2048w\" sizes=\"auto, (max-width: 300px) 100vw, 300px\" \/><\/a><p id=\"caption-attachment-548\" class=\"wp-caption-text\">fili\u00e8re de recyclage pour chaussures usag\u00e9es<\/p><\/div>\n<p>En attendant, nous quittons Moissac sous un crachin continu. Nous longeons le canal lat\u00e9ral au Tarn sur des kilom\u00e8tres. Curieusement, le chemin de halage que nous empruntons est interdit aux chevaux. Il est aussi interdit aux voitures et aux cyclomoteurs. Mais il est asphalt\u00e9. Les arbres se refl\u00e8tent \u00e0 l&rsquo;infini sur les eaux calmes du canal, que nul souffle d&rsquo;air ne vient rider.<\/p>\n<div id=\"attachment_549\" style=\"width: 310px\" class=\"wp-caption alignnone\"><a href=\"http:\/\/flieg.fr\/wordpress\/wp-content\/uploads\/2012\/04\/P4210022.jpg\"><img loading=\"lazy\" decoding=\"async\" aria-describedby=\"caption-attachment-549\" class=\"size-medium wp-image-549\" title=\"OLYMPUS DIGITAL CAMERA\" src=\"http:\/\/flieg.fr\/wordpress\/wp-content\/uploads\/2012\/04\/P4210022-300x225.jpg\" alt=\"\" width=\"300\" height=\"225\" srcset=\"https:\/\/www.flieg.fr\/wordpress\/wp-content\/uploads\/2012\/04\/P4210022-300x225.jpg 300w, https:\/\/www.flieg.fr\/wordpress\/wp-content\/uploads\/2012\/04\/P4210022-1024x768.jpg 1024w, https:\/\/www.flieg.fr\/wordpress\/wp-content\/uploads\/2012\/04\/P4210022-624x468.jpg 624w, https:\/\/www.flieg.fr\/wordpress\/wp-content\/uploads\/2012\/04\/P4210022.jpg 2048w\" sizes=\"auto, (max-width: 300px) 100vw, 300px\" \/><\/a><p id=\"caption-attachment-549\" class=\"wp-caption-text\">le canal lat\u00e9ral au Tarn<\/p><\/div>\n<p>Aujourd&rsquo;hui, ce seront 20 km sur l&rsquo;asphalte mouill\u00e9.<br \/>\nA Pommevic, le crachin tombe toujours. Faute de mieux nous nous installons au sec sous le pr\u00e9au de la salle communale pour manger.<\/p>\n<div id=\"attachment_550\" style=\"width: 310px\" class=\"wp-caption alignnone\"><a href=\"http:\/\/flieg.fr\/wordpress\/wp-content\/uploads\/2012\/04\/P4210027.jpg\"><img loading=\"lazy\" decoding=\"async\" aria-describedby=\"caption-attachment-550\" class=\"size-medium wp-image-550\" title=\"OLYMPUS DIGITAL CAMERA\" src=\"http:\/\/flieg.fr\/wordpress\/wp-content\/uploads\/2012\/04\/P4210027-300x225.jpg\" alt=\"\" width=\"300\" height=\"225\" srcset=\"https:\/\/www.flieg.fr\/wordpress\/wp-content\/uploads\/2012\/04\/P4210027-300x225.jpg 300w, https:\/\/www.flieg.fr\/wordpress\/wp-content\/uploads\/2012\/04\/P4210027-1024x768.jpg 1024w, https:\/\/www.flieg.fr\/wordpress\/wp-content\/uploads\/2012\/04\/P4210027-624x468.jpg 624w, https:\/\/www.flieg.fr\/wordpress\/wp-content\/uploads\/2012\/04\/P4210027.jpg 2048w\" sizes=\"auto, (max-width: 300px) 100vw, 300px\" \/><\/a><p id=\"caption-attachment-550\" class=\"wp-caption-text\">faute de mieux<\/p><\/div>\n<p>Quand nous traversons la Garonne par le grand pont m\u00e9tallique, le crachin cesse enfin et le soleil nous r\u00e9chauffe.<\/p>\n<p><a href=\"http:\/\/flieg.fr\/wordpress\/wp-content\/uploads\/2012\/04\/P4210033.jpg\"><img loading=\"lazy\" decoding=\"async\" class=\"size-medium wp-image-552\" title=\"OLYMPUS DIGITAL CAMERA\" src=\"http:\/\/flieg.fr\/wordpress\/wp-content\/uploads\/2012\/04\/P4210033-300x225.jpg\" alt=\"\" width=\"300\" height=\"225\" srcset=\"https:\/\/www.flieg.fr\/wordpress\/wp-content\/uploads\/2012\/04\/P4210033-300x225.jpg 300w, https:\/\/www.flieg.fr\/wordpress\/wp-content\/uploads\/2012\/04\/P4210033-1024x768.jpg 1024w, https:\/\/www.flieg.fr\/wordpress\/wp-content\/uploads\/2012\/04\/P4210033-624x468.jpg 624w, https:\/\/www.flieg.fr\/wordpress\/wp-content\/uploads\/2012\/04\/P4210033.jpg 2048w\" sizes=\"auto, (max-width: 300px) 100vw, 300px\" \/><\/a><\/p>\n<div class=\"mceTemp\">\n<dl id=\"attachment_552\" class=\"wp-caption alignnone\" style=\"width: 310px;\">\n<dd class=\"wp-caption-dd\">le pont sur la Garonne vu d&rsquo;Auvillar<\/dd>\n<\/dl>\n<\/div>\n<p>Nous arrivons \u00e0 Auvillar, notre village d&rsquo;\u00e9tape. Il est plein de charme, avec ses rues pav\u00e9es, sa halle aux grains ronde,<\/p>\n<div id=\"attachment_553\" style=\"width: 310px\" class=\"wp-caption alignnone\"><a href=\"http:\/\/flieg.fr\/wordpress\/wp-content\/uploads\/2012\/04\/P4210035.jpg\"><img loading=\"lazy\" decoding=\"async\" aria-describedby=\"caption-attachment-553\" class=\"size-medium wp-image-553\" title=\"OLYMPUS DIGITAL CAMERA\" src=\"http:\/\/flieg.fr\/wordpress\/wp-content\/uploads\/2012\/04\/P4210035-300x225.jpg\" alt=\"\" width=\"300\" height=\"225\" srcset=\"https:\/\/www.flieg.fr\/wordpress\/wp-content\/uploads\/2012\/04\/P4210035-300x225.jpg 300w, https:\/\/www.flieg.fr\/wordpress\/wp-content\/uploads\/2012\/04\/P4210035-1024x768.jpg 1024w, https:\/\/www.flieg.fr\/wordpress\/wp-content\/uploads\/2012\/04\/P4210035-624x468.jpg 624w, https:\/\/www.flieg.fr\/wordpress\/wp-content\/uploads\/2012\/04\/P4210035.jpg 2048w\" sizes=\"auto, (max-width: 300px) 100vw, 300px\" \/><\/a><p id=\"caption-attachment-553\" class=\"wp-caption-text\">la halle aux grains d'Auvillar<\/p><\/div>\n<p>son \u00e9glise qui refl\u00e8te une histoire tourment\u00e9e<\/p>\n<div id=\"attachment_554\" style=\"width: 310px\" class=\"wp-caption alignnone\"><a href=\"http:\/\/flieg.fr\/wordpress\/wp-content\/uploads\/2012\/04\/P4210040.jpg\"><img loading=\"lazy\" decoding=\"async\" aria-describedby=\"caption-attachment-554\" class=\"size-medium wp-image-554\" title=\"OLYMPUS DIGITAL CAMERA\" src=\"http:\/\/flieg.fr\/wordpress\/wp-content\/uploads\/2012\/04\/P4210040-300x225.jpg\" alt=\"\" width=\"300\" height=\"225\" srcset=\"https:\/\/www.flieg.fr\/wordpress\/wp-content\/uploads\/2012\/04\/P4210040-300x225.jpg 300w, https:\/\/www.flieg.fr\/wordpress\/wp-content\/uploads\/2012\/04\/P4210040-1024x768.jpg 1024w, https:\/\/www.flieg.fr\/wordpress\/wp-content\/uploads\/2012\/04\/P4210040-624x468.jpg 624w, https:\/\/www.flieg.fr\/wordpress\/wp-content\/uploads\/2012\/04\/P4210040.jpg 2048w\" sizes=\"auto, (max-width: 300px) 100vw, 300px\" \/><\/a><p id=\"caption-attachment-554\" class=\"wp-caption-text\">l'\u00e9glise d'Auvillar imbriqu\u00e9e dans les fortifications de la ville<\/p><\/div>\n<p>et sa tour de l&rsquo;horloge.<\/p>\n<p>Nous avons un peu de mal&nbsp;\u00e0 localiser le cachet pour notre cr\u00e9anciale. Mais la coiffeuse sait trouver la personne qui sait qui peut nous le trouver. Nous montons ensuite vers notre h\u00e9bergeur du soir tout en haut du village.<\/p>\n<p>A partir du centre ville vers le clos du Pech, o\u00f9 nous logerons ce soir, il y a une route qui grimpe continument sur 500m. En haut de la c\u00f4te, M. Sarraut nous re\u00e7oit dans sa villa. L&rsquo;hiver a&nbsp;\u00e9t\u00e9 fatal aux grands eucalyptus qui bordent le chemin d&rsquo;acc\u00e8s. Tous les mimosas sont morts. Mais il reste philosophe : on replantera. Il nous montre notre chambre et nous dit : \u00ab\u00a0Si vous voulez descendre en ville ce soir, pour manger, j&rsquo;ai une petite voiture que je peux vous pr\u00eater.\u00a0\u00bb<\/p>\n<p>Nous apprendrons qu&rsquo;il h\u00e9berge aussi un autre couple ainsi que deux personnes individuelles.<br \/>\nNous le remercions pour son accueil et nous passons sous la douche avant de nous reposer un peu. A 19h15, je vais lui demander la voiture. Elle est devant la villa. Les cl\u00e9s sont dessus. \u00ab\u00a0Elle vous attend\u00a0\u00bb&nbsp; me dit-il.<br \/>\nTout guillerets, nous partons en voiture jusqu&rsquo;au restaurant du centre ville. Nous demandons une table pour deux.<br \/>\nSurprise : \u00ab\u00a0c&rsquo;est complet!\u00a0\u00bb nous dit le ma\u00eetre d&rsquo;h\u00f4tel. C&rsquo;est alors que nous voyons Robert et Rose-Marie, le couple de p\u00e8lerins suisse que nous n&rsquo;avons plus rencontr\u00e9 depuis 10 jours. Ils nous invitent&nbsp;\u00e0 leur table et le tour est jou\u00e9.<br \/>\nNous passons une excellente soir\u00e9e ensemble .<\/p>\n<div id=\"attachment_555\" style=\"width: 310px\" class=\"wp-caption alignnone\"><a href=\"http:\/\/flieg.fr\/wordpress\/wp-content\/uploads\/2012\/04\/P4210045.jpg\"><img loading=\"lazy\" decoding=\"async\" aria-describedby=\"caption-attachment-555\" class=\"size-medium wp-image-555\" title=\"OLYMPUS DIGITAL CAMERA\" src=\"http:\/\/flieg.fr\/wordpress\/wp-content\/uploads\/2012\/04\/P4210045-300x225.jpg\" alt=\"\" width=\"300\" height=\"225\" srcset=\"https:\/\/www.flieg.fr\/wordpress\/wp-content\/uploads\/2012\/04\/P4210045-300x225.jpg 300w, https:\/\/www.flieg.fr\/wordpress\/wp-content\/uploads\/2012\/04\/P4210045-1024x768.jpg 1024w, https:\/\/www.flieg.fr\/wordpress\/wp-content\/uploads\/2012\/04\/P4210045-624x468.jpg 624w, https:\/\/www.flieg.fr\/wordpress\/wp-content\/uploads\/2012\/04\/P4210045.jpg 2048w\" sizes=\"auto, (max-width: 300px) 100vw, 300px\" \/><\/a><p id=\"caption-attachment-555\" class=\"wp-caption-text\">retrouvailles avec Robert et Rose-Marie<\/p><\/div>\n<p>Au menu : souris d&rsquo;agneau au thym et au miel. Et autre surprise : Robert et Rose-Marie logent aussi chez M. Sarraut. Nous leur proposons de les ramener en voiture. Ils en restent tout \u00e9bahis, mais heureux de s&rsquo;\u00e9viter la mont\u00e9e de la c\u00f4te \u00e0 pied.<\/p>\n","protected":false},"excerpt":{"rendered":"<p>Samedi 21 avril 2012 Nous avons un projet pour nos chaussures de marche quand, pour elles, sonnera l&rsquo;heure de la retraite. L&rsquo;id\u00e9e a \u00e9t\u00e9 lanc\u00e9e par M. Bates, propri\u00e9taire irlandais du g\u00eete Ultreia&#8230; En attendant, nous quittons Moissac sous un crachin continu. Nous longeons le canal lat\u00e9ral au Tarn sur des kilom\u00e8tres. Curieusement, le chemin [&hellip;]<\/p>\n","protected":false},"author":3,"featured_media":0,"parent":0,"menu_order":0,"comment_status":"open","ping_status":"open","template":"","meta":{"footnotes":""},"class_list":["post-540","page","type-page","status-publish","hentry"],"_links":{"self":[{"href":"https:\/\/www.flieg.fr\/index.php?rest_route=\/wp\/v2\/pages\/540","targetHints":{"allow":["GET"]}}],"collection":[{"href":"https:\/\/www.flieg.fr\/index.php?rest_route=\/wp\/v2\/pages"}],"about":[{"href":"https:\/\/www.flieg.fr\/index.php?rest_route=\/wp\/v2\/types\/page"}],"author":[{"embeddable":true,"href":"https:\/\/www.flieg.fr\/index.php?rest_route=\/wp\/v2\/users\/3"}],"replies":[{"embeddable":true,"href":"https:\/\/www.flieg.fr\/index.php?rest_route=%2Fwp%2Fv2%2Fcomments&post=540"}],"version-history":[{"count":9,"href":"https:\/\/www.flieg.fr\/index.php?rest_route=\/wp\/v2\/pages\/540\/revisions"}],"predecessor-version":[{"id":2410,"href":"https:\/\/www.flieg.fr\/index.php?rest_route=\/wp\/v2\/pages\/540\/revisions\/2410"}],"wp:attachment":[{"href":"https:\/\/www.flieg.fr\/index.php?rest_route=%2Fwp%2Fv2%2Fmedia&parent=540"}],"curies":[{"name":"wp","href":"https:\/\/api.w.org\/{rel}","templated":true}]}}

jour 25 étape 23 : de Moissac à Auvillar : 22 km

<p>Samedi 21 avril 2012</p>
<p>Nous avons un projet pour nos chaussures de marche quand, pour elles, sonnera l&rsquo;heure de la retraite. L&rsquo;idée a été lancée par M. Bates, propriétaire irlandais du gîte Ultreia&#8230;</p>
<div id="attachment_548" style="width: 310px" class="wp-caption alignnone"><a href="http://flieg.fr/wordpress/wp-content/uploads/2012/04/P4200003.jpg"><img loading="lazy" decoding="async" aria-describedby="caption-attachment-548" class="size-medium wp-image-548" title="OLYMPUS DIGITAL CAMERA" src="http://flieg.fr/wordpress/wp-content/uploads/2012/04/P4200003-300x225.jpg" alt="" width="300" height="225" srcset="https://www.flieg.fr/wordpress/wp-content/uploads/2012/04/P4200003-300x225.jpg 300w, https://www.flieg.fr/wordpress/wp-content/uploads/2012/04/P4200003-1024x768.jpg 1024w, https://www.flieg.fr/wordpress/wp-content/uploads/2012/04/P4200003-624x468.jpg 624w, https://www.flieg.fr/wordpress/wp-content/uploads/2012/04/P4200003.jpg 2048w" sizes="auto, (max-width: 300px) 100vw, 300px" /></a><p id="caption-attachment-548" class="wp-caption-text">filière de recyclage pour chaussures usagées</p></div>
<p>En attendant, nous quittons Moissac sous un crachin continu. Nous longeons le canal latéral au Tarn sur des kilomètres. Curieusement, le chemin de halage que nous empruntons est interdit aux chevaux. Il est aussi interdit aux voitures et aux cyclomoteurs. Mais il est asphalté. Les arbres se reflètent à l&rsquo;infini sur les eaux calmes du canal, que nul souffle d&rsquo;air ne vient rider.</p>
<div id="attachment_549" style="width: 310px" class="wp-caption alignnone"><a href="http://flieg.fr/wordpress/wp-content/uploads/2012/04/P4210022.jpg"><img loading="lazy" decoding="async" aria-describedby="caption-attachment-549" class="size-medium wp-image-549" title="OLYMPUS DIGITAL CAMERA" src="http://flieg.fr/wordpress/wp-content/uploads/2012/04/P4210022-300x225.jpg" alt="" width="300" height="225" srcset="https://www.flieg.fr/wordpress/wp-content/uploads/2012/04/P4210022-300x225.jpg 300w, https://www.flieg.fr/wordpress/wp-content/uploads/2012/04/P4210022-1024x768.jpg 1024w, https://www.flieg.fr/wordpress/wp-content/uploads/2012/04/P4210022-624x468.jpg 624w, https://www.flieg.fr/wordpress/wp-content/uploads/2012/04/P4210022.jpg 2048w" sizes="auto, (max-width: 300px) 100vw, 300px" /></a><p id="caption-attachment-549" class="wp-caption-text">le canal latéral au Tarn</p></div>
<p>Aujourd&rsquo;hui, ce seront 20 km sur l&rsquo;asphalte mouillé.<br />
A Pommevic, le crachin tombe toujours. Faute de mieux nous nous installons au sec sous le préau de la salle communale pour manger.</p>
<div id="attachment_550" style="width: 310px" class="wp-caption alignnone"><a href="http://flieg.fr/wordpress/wp-content/uploads/2012/04/P4210027.jpg"><img loading="lazy" decoding="async" aria-describedby="caption-attachment-550" class="size-medium wp-image-550" title="OLYMPUS DIGITAL CAMERA" src="http://flieg.fr/wordpress/wp-content/uploads/2012/04/P4210027-300x225.jpg" alt="" width="300" height="225" srcset="https://www.flieg.fr/wordpress/wp-content/uploads/2012/04/P4210027-300x225.jpg 300w, https://www.flieg.fr/wordpress/wp-content/uploads/2012/04/P4210027-1024x768.jpg 1024w, https://www.flieg.fr/wordpress/wp-content/uploads/2012/04/P4210027-624x468.jpg 624w, https://www.flieg.fr/wordpress/wp-content/uploads/2012/04/P4210027.jpg 2048w" sizes="auto, (max-width: 300px) 100vw, 300px" /></a><p id="caption-attachment-550" class="wp-caption-text">faute de mieux</p></div>
<p>Quand nous traversons la Garonne par le grand pont métallique, le crachin cesse enfin et le soleil nous réchauffe.</p>
<p><a href="http://flieg.fr/wordpress/wp-content/uploads/2012/04/P4210033.jpg"><img loading="lazy" decoding="async" class="size-medium wp-image-552" title="OLYMPUS DIGITAL CAMERA" src="http://flieg.fr/wordpress/wp-content/uploads/2012/04/P4210033-300x225.jpg" alt="" width="300" height="225" srcset="https://www.flieg.fr/wordpress/wp-content/uploads/2012/04/P4210033-300x225.jpg 300w, https://www.flieg.fr/wordpress/wp-content/uploads/2012/04/P4210033-1024x768.jpg 1024w, https://www.flieg.fr/wordpress/wp-content/uploads/2012/04/P4210033-624x468.jpg 624w, https://www.flieg.fr/wordpress/wp-content/uploads/2012/04/P4210033.jpg 2048w" sizes="auto, (max-width: 300px) 100vw, 300px" /></a></p>
<div class="mceTemp">
<dl id="attachment_552" class="wp-caption alignnone" style="width: 310px;">
<dd class="wp-caption-dd">le pont sur la Garonne vu d&rsquo;Auvillar</dd>
</dl>
</div>
<p>Nous arrivons à Auvillar, notre village d&rsquo;étape. Il est plein de charme, avec ses rues pavées, sa halle aux grains ronde,</p>
<div id="attachment_553" style="width: 310px" class="wp-caption alignnone"><a href="http://flieg.fr/wordpress/wp-content/uploads/2012/04/P4210035.jpg"><img loading="lazy" decoding="async" aria-describedby="caption-attachment-553" class="size-medium wp-image-553" title="OLYMPUS DIGITAL CAMERA" src="http://flieg.fr/wordpress/wp-content/uploads/2012/04/P4210035-300x225.jpg" alt="" width="300" height="225" srcset="https://www.flieg.fr/wordpress/wp-content/uploads/2012/04/P4210035-300x225.jpg 300w, https://www.flieg.fr/wordpress/wp-content/uploads/2012/04/P4210035-1024x768.jpg 1024w, https://www.flieg.fr/wordpress/wp-content/uploads/2012/04/P4210035-624x468.jpg 624w, https://www.flieg.fr/wordpress/wp-content/uploads/2012/04/P4210035.jpg 2048w" sizes="auto, (max-width: 300px) 100vw, 300px" /></a><p id="caption-attachment-553" class="wp-caption-text">la halle aux grains d'Auvillar</p></div>
<p>son église qui reflète une histoire tourmentée</p>
<div id="attachment_554" style="width: 310px" class="wp-caption alignnone"><a href="http://flieg.fr/wordpress/wp-content/uploads/2012/04/P4210040.jpg"><img loading="lazy" decoding="async" aria-describedby="caption-attachment-554" class="size-medium wp-image-554" title="OLYMPUS DIGITAL CAMERA" src="http://flieg.fr/wordpress/wp-content/uploads/2012/04/P4210040-300x225.jpg" alt="" width="300" height="225" srcset="https://www.flieg.fr/wordpress/wp-content/uploads/2012/04/P4210040-300x225.jpg 300w, https://www.flieg.fr/wordpress/wp-content/uploads/2012/04/P4210040-1024x768.jpg 1024w, https://www.flieg.fr/wordpress/wp-content/uploads/2012/04/P4210040-624x468.jpg 624w, https://www.flieg.fr/wordpress/wp-content/uploads/2012/04/P4210040.jpg 2048w" sizes="auto, (max-width: 300px) 100vw, 300px" /></a><p id="caption-attachment-554" class="wp-caption-text">l'église d'Auvillar imbriquée dans les fortifications de la ville</p></div>
<p>et sa tour de l&rsquo;horloge.</p>
<p>Nous avons un peu de mal&nbsp;à localiser le cachet pour notre créanciale. Mais la coiffeuse sait trouver la personne qui sait qui peut nous le trouver. Nous montons ensuite vers notre hébergeur du soir tout en haut du village.</p>
<p>A partir du centre ville vers le clos du Pech, où nous logerons ce soir, il y a une route qui grimpe continument sur 500m. En haut de la côte, M. Sarraut nous reçoit dans sa villa. L&rsquo;hiver a&nbsp;été fatal aux grands eucalyptus qui bordent le chemin d&rsquo;accès. Tous les mimosas sont morts. Mais il reste philosophe : on replantera. Il nous montre notre chambre et nous dit : « Si vous voulez descendre en ville ce soir, pour manger, j&rsquo;ai une petite voiture que je peux vous prêter. »</p>
<p>Nous apprendrons qu&rsquo;il héberge aussi un autre couple ainsi que deux personnes individuelles.<br />
Nous le remercions pour son accueil et nous passons sous la douche avant de nous reposer un peu. A 19h15, je vais lui demander la voiture. Elle est devant la villa. Les clés sont dessus. « Elle vous attend »&nbsp; me dit-il.<br />
Tout guillerets, nous partons en voiture jusqu&rsquo;au restaurant du centre ville. Nous demandons une table pour deux.<br />
Surprise : « c&rsquo;est complet! » nous dit le maître d&rsquo;hôtel. C&rsquo;est alors que nous voyons Robert et Rose-Marie, le couple de pèlerins suisse que nous n&rsquo;avons plus rencontré depuis 10 jours. Ils nous invitent&nbsp;à leur table et le tour est joué.<br />
Nous passons une excellente soirée ensemble .</p>
<div id="attachment_555" style="width: 310px" class="wp-caption alignnone"><a href="http://flieg.fr/wordpress/wp-content/uploads/2012/04/P4210045.jpg"><img loading="lazy" decoding="async" aria-describedby="caption-attachment-555" class="size-medium wp-image-555" title="OLYMPUS DIGITAL CAMERA" src="http://flieg.fr/wordpress/wp-content/uploads/2012/04/P4210045-300x225.jpg" alt="" width="300" height="225" srcset="https://www.flieg.fr/wordpress/wp-content/uploads/2012/04/P4210045-300x225.jpg 300w, https://www.flieg.fr/wordpress/wp-content/uploads/2012/04/P4210045-1024x768.jpg 1024w, https://www.flieg.fr/wordpress/wp-content/uploads/2012/04/P4210045-624x468.jpg 624w, https://www.flieg.fr/wordpress/wp-content/uploads/2012/04/P4210045.jpg 2048w" sizes="auto, (max-width: 300px) 100vw, 300px" /></a><p id="caption-attachment-555" class="wp-caption-text">retrouvailles avec Robert et Rose-Marie</p></div>
<p>Au menu : souris d&rsquo;agneau au thym et au miel. Et autre surprise : Robert et Rose-Marie logent aussi chez M. Sarraut. Nous leur proposons de les ramener en voiture. Ils en restent tout ébahis, mais heureux de s&rsquo;éviter la montée de la côte à pied.</p>

<p>Samedi 21 avril 2012 Nous avons un projet pour nos chaussures de marche quand, pour elles, sonnera l&rsquo;heure de la retraite. L&rsquo;idée a été lancée par M. Bates, propriétaire irlandais du gîte Ultreia&#8230; En attendant, nous quittons Moissac sous un crachin continu. Nous longeons le canal latéral au Tarn sur des kilomètres. Curieusement, le chemin [&hellip;]</p>
