{"id":500,"date":"2012-04-18T16:58:36","date_gmt":"2012-04-18T15:58:36","guid":{"rendered":"http:\/\/flieg.fr\/?page_id=500"},"modified":"2023-03-21T10:49:49","modified_gmt":"2023-03-21T09:49:49","slug":"jour-24-etape-22-de-la-baysse-a-moissac","status":"publish","type":"page","link":"https:\/\/www.flieg.fr\/?page_id=500","title":{"rendered":"jour 24 \u00e9tape 22 : de La Baysse \u00e0 Moissac : 12 km"},"content":{"rendered":"<p>Vendredi 20 avril 2012<\/p>\n<p>Sur la cr\u00eate de la colline avant Moissac apparaissent les premiers vignobles<\/p>\n<div id=\"attachment_535\" style=\"width: 310px\" class=\"wp-caption alignnone\"><a href=\"http:\/\/flieg.fr\/wordpress\/wp-content\/uploads\/2012\/04\/P4200028.jpg\"><img loading=\"lazy\" decoding=\"async\" aria-describedby=\"caption-attachment-535\" class=\"size-medium wp-image-535\" title=\"OLYMPUS DIGITAL CAMERA\" src=\"http:\/\/flieg.fr\/wordpress\/wp-content\/uploads\/2012\/04\/P4200028-300x225.jpg\" alt=\"\" width=\"300\" height=\"225\" srcset=\"https:\/\/www.flieg.fr\/wordpress\/wp-content\/uploads\/2012\/04\/P4200028-300x225.jpg 300w, https:\/\/www.flieg.fr\/wordpress\/wp-content\/uploads\/2012\/04\/P4200028-1024x768.jpg 1024w, https:\/\/www.flieg.fr\/wordpress\/wp-content\/uploads\/2012\/04\/P4200028-624x468.jpg 624w, https:\/\/www.flieg.fr\/wordpress\/wp-content\/uploads\/2012\/04\/P4200028.jpg 2048w\" sizes=\"auto, (max-width: 300px) 100vw, 300px\" \/><\/a><p id=\"caption-attachment-535\" class=\"wp-caption-text\">les pieds de chasselas de Moissac<\/p><\/div>\n<p>De suaves parfums se d\u00e9gagent des premiers jardins de Moissac.<\/p>\n<div id=\"attachment_538\" style=\"width: 310px\" class=\"wp-caption alignnone\"><a href=\"http:\/\/flieg.fr\/wordpress\/wp-content\/uploads\/2012\/04\/P4200033.jpg\"><img loading=\"lazy\" decoding=\"async\" aria-describedby=\"caption-attachment-538\" class=\"size-medium wp-image-538\" title=\"OLYMPUS DIGITAL CAMERA\" src=\"http:\/\/flieg.fr\/wordpress\/wp-content\/uploads\/2012\/04\/P4200033-300x225.jpg\" alt=\"\" width=\"300\" height=\"225\" srcset=\"https:\/\/www.flieg.fr\/wordpress\/wp-content\/uploads\/2012\/04\/P4200033-300x225.jpg 300w, https:\/\/www.flieg.fr\/wordpress\/wp-content\/uploads\/2012\/04\/P4200033-1024x768.jpg 1024w, https:\/\/www.flieg.fr\/wordpress\/wp-content\/uploads\/2012\/04\/P4200033-624x468.jpg 624w, https:\/\/www.flieg.fr\/wordpress\/wp-content\/uploads\/2012\/04\/P4200033.jpg 2048w\" sizes=\"auto, (max-width: 300px) 100vw, 300px\" \/><\/a><p id=\"caption-attachment-538\" class=\"wp-caption-text\">les pivoines sont en fleurs<\/p><\/div>\n<p>Nous comptabilisons 410 km au compteur. Restent 1111 km jusqu&rsquo;\u00e0 Saint Jacques de Compostelle. Nous sommes bien arriv\u00e9s. Sans pluie une fois de plus (la v\u00e9rit\u00e9, c&rsquo;est que nous arrivions \u00e0 Moissac quand un gros nuage noir s&rsquo;est d\u00e9vers\u00e9 pendant une heure, alors que nous patientions sous l&rsquo;auvent d&rsquo;un fleuriste) .<br \/>\nEn haut de la ville, nous d\u00e9couvrons l&rsquo;abbaye Saint Pierre de Moissac.<\/p>\n<div id=\"attachment_533\" style=\"width: 310px\" class=\"wp-caption alignnone\"><a href=\"http:\/\/flieg.fr\/wordpress\/wp-content\/uploads\/2012\/04\/P4200044.jpg\"><img loading=\"lazy\" decoding=\"async\" aria-describedby=\"caption-attachment-533\" class=\"size-medium wp-image-533\" title=\"OLYMPUS DIGITAL CAMERA\" src=\"http:\/\/flieg.fr\/wordpress\/wp-content\/uploads\/2012\/04\/P4200044-300x225.jpg\" alt=\"\" width=\"300\" height=\"225\" srcset=\"https:\/\/www.flieg.fr\/wordpress\/wp-content\/uploads\/2012\/04\/P4200044-300x225.jpg 300w, https:\/\/www.flieg.fr\/wordpress\/wp-content\/uploads\/2012\/04\/P4200044-1024x768.jpg 1024w, https:\/\/www.flieg.fr\/wordpress\/wp-content\/uploads\/2012\/04\/P4200044-624x468.jpg 624w, https:\/\/www.flieg.fr\/wordpress\/wp-content\/uploads\/2012\/04\/P4200044.jpg 2048w\" sizes=\"auto, (max-width: 300px) 100vw, 300px\" \/><\/a><p id=\"caption-attachment-533\" class=\"wp-caption-text\">l'abbaye Saint-Pierre de Moissac<\/p><\/div>\n<p>Et son fameux tympan<\/p>\n<div id=\"attachment_534\" style=\"width: 310px\" class=\"wp-caption alignnone\"><a href=\"http:\/\/flieg.fr\/wordpress\/wp-content\/uploads\/2012\/04\/P4200045.jpg\"><img loading=\"lazy\" decoding=\"async\" aria-describedby=\"caption-attachment-534\" class=\"size-medium wp-image-534\" title=\"OLYMPUS DIGITAL CAMERA\" src=\"http:\/\/flieg.fr\/wordpress\/wp-content\/uploads\/2012\/04\/P4200045-300x225.jpg\" alt=\"\" width=\"300\" height=\"225\" srcset=\"https:\/\/www.flieg.fr\/wordpress\/wp-content\/uploads\/2012\/04\/P4200045-300x225.jpg 300w, https:\/\/www.flieg.fr\/wordpress\/wp-content\/uploads\/2012\/04\/P4200045-1024x768.jpg 1024w, https:\/\/www.flieg.fr\/wordpress\/wp-content\/uploads\/2012\/04\/P4200045-624x468.jpg 624w, https:\/\/www.flieg.fr\/wordpress\/wp-content\/uploads\/2012\/04\/P4200045.jpg 2048w\" sizes=\"auto, (max-width: 300px) 100vw, 300px\" \/><\/a><p id=\"caption-attachment-534\" class=\"wp-caption-text\">le tympan de l'abbaye de Moissac<\/p><\/div>\n<p>Notre chambre d&rsquo;h\u00f4te du jour au g\u00eete Ultreia est super!<\/p>\n<div id=\"attachment_532\" style=\"width: 235px\" class=\"wp-caption alignnone\"><a href=\"http:\/\/flieg.fr\/wordpress\/wp-content\/uploads\/2012\/04\/P42000581.jpg\"><img loading=\"lazy\" decoding=\"async\" aria-describedby=\"caption-attachment-532\" class=\"size-medium wp-image-532\" title=\"OLYMPUS DIGITAL CAMERA\" src=\"http:\/\/flieg.fr\/wordpress\/wp-content\/uploads\/2012\/04\/P42000581-225x300.jpg\" alt=\"\" width=\"225\" height=\"300\" srcset=\"https:\/\/www.flieg.fr\/wordpress\/wp-content\/uploads\/2012\/04\/P42000581-225x300.jpg 225w, https:\/\/www.flieg.fr\/wordpress\/wp-content\/uploads\/2012\/04\/P42000581-768x1024.jpg 768w, https:\/\/www.flieg.fr\/wordpress\/wp-content\/uploads\/2012\/04\/P42000581-624x832.jpg 624w, https:\/\/www.flieg.fr\/wordpress\/wp-content\/uploads\/2012\/04\/P42000581.jpg 1536w\" sizes=\"auto, (max-width: 225px) 100vw, 225px\" \/><\/a><p id=\"caption-attachment-532\" class=\"wp-caption-text\">tout de satin mauve rev\u00eatu...<\/p><\/div>\n<p>Nous avons d\u00e9jeun\u00e9 tranquillement avant d&rsquo;aller faire un tour en ville et visiter le fameux pont canal et le clo\u00eetre.<\/p>\n<div id=\"attachment_529\" style=\"width: 235px\" class=\"wp-caption alignnone\"><a href=\"http:\/\/flieg.fr\/wordpress\/wp-content\/uploads\/2012\/04\/P4200057.jpg\"><img loading=\"lazy\" decoding=\"async\" aria-describedby=\"caption-attachment-529\" class=\"size-medium wp-image-529\" title=\"OLYMPUS DIGITAL CAMERA\" src=\"http:\/\/flieg.fr\/wordpress\/wp-content\/uploads\/2012\/04\/P4200057-225x300.jpg\" alt=\"\" width=\"225\" height=\"300\" srcset=\"https:\/\/www.flieg.fr\/wordpress\/wp-content\/uploads\/2012\/04\/P4200057-225x300.jpg 225w, https:\/\/www.flieg.fr\/wordpress\/wp-content\/uploads\/2012\/04\/P4200057-768x1024.jpg 768w, https:\/\/www.flieg.fr\/wordpress\/wp-content\/uploads\/2012\/04\/P4200057-624x832.jpg 624w, https:\/\/www.flieg.fr\/wordpress\/wp-content\/uploads\/2012\/04\/P4200057.jpg 1536w\" sizes=\"auto, (max-width: 225px) 100vw, 225px\" \/><\/a><p id=\"caption-attachment-529\" class=\"wp-caption-text\">corv\u00e9e de pluche avant le d\u00e9jeuner<\/p><\/div>\n","protected":false},"excerpt":{"rendered":"<p>Vendredi 20 avril 2012 Sur la cr\u00eate de la colline avant Moissac apparaissent les premiers vignobles De suaves parfums se d\u00e9gagent des premiers jardins de Moissac. Nous comptabilisons 410 km au compteur. Restent 1111 km jusqu&rsquo;\u00e0 Saint Jacques de Compostelle. Nous sommes bien arriv\u00e9s. Sans pluie une fois de plus (la v\u00e9rit\u00e9, c&rsquo;est que nous [&hellip;]<\/p>\n","protected":false},"author":3,"featured_media":0,"parent":0,"menu_order":0,"comment_status":"open","ping_status":"open","template":"","meta":{"footnotes":""},"class_list":["post-500","page","type-page","status-publish","hentry"],"_links":{"self":[{"href":"https:\/\/www.flieg.fr\/index.php?rest_route=\/wp\/v2\/pages\/500","targetHints":{"allow":["GET"]}}],"collection":[{"href":"https:\/\/www.flieg.fr\/index.php?rest_route=\/wp\/v2\/pages"}],"about":[{"href":"https:\/\/www.flieg.fr\/index.php?rest_route=\/wp\/v2\/types\/page"}],"author":[{"embeddable":true,"href":"https:\/\/www.flieg.fr\/index.php?rest_route=\/wp\/v2\/users\/3"}],"replies":[{"embeddable":true,"href":"https:\/\/www.flieg.fr\/index.php?rest_route=%2Fwp%2Fv2%2Fcomments&post=500"}],"version-history":[{"count":9,"href":"https:\/\/www.flieg.fr\/index.php?rest_route=\/wp\/v2\/pages\/500\/revisions"}],"predecessor-version":[{"id":2409,"href":"https:\/\/www.flieg.fr\/index.php?rest_route=\/wp\/v2\/pages\/500\/revisions\/2409"}],"wp:attachment":[{"href":"https:\/\/www.flieg.fr\/index.php?rest_route=%2Fwp%2Fv2%2Fmedia&parent=500"}],"curies":[{"name":"wp","href":"https:\/\/api.w.org\/{rel}","templated":true}]}}

jour 24 étape 22 : de La Baysse à Moissac : 12 km

<p>Vendredi 20 avril 2012</p>
<p>Sur la crête de la colline avant Moissac apparaissent les premiers vignobles</p>
<div id="attachment_535" style="width: 310px" class="wp-caption alignnone"><a href="http://flieg.fr/wordpress/wp-content/uploads/2012/04/P4200028.jpg"><img loading="lazy" decoding="async" aria-describedby="caption-attachment-535" class="size-medium wp-image-535" title="OLYMPUS DIGITAL CAMERA" src="http://flieg.fr/wordpress/wp-content/uploads/2012/04/P4200028-300x225.jpg" alt="" width="300" height="225" srcset="https://www.flieg.fr/wordpress/wp-content/uploads/2012/04/P4200028-300x225.jpg 300w, https://www.flieg.fr/wordpress/wp-content/uploads/2012/04/P4200028-1024x768.jpg 1024w, https://www.flieg.fr/wordpress/wp-content/uploads/2012/04/P4200028-624x468.jpg 624w, https://www.flieg.fr/wordpress/wp-content/uploads/2012/04/P4200028.jpg 2048w" sizes="auto, (max-width: 300px) 100vw, 300px" /></a><p id="caption-attachment-535" class="wp-caption-text">les pieds de chasselas de Moissac</p></div>
<p>De suaves parfums se dégagent des premiers jardins de Moissac.</p>
<div id="attachment_538" style="width: 310px" class="wp-caption alignnone"><a href="http://flieg.fr/wordpress/wp-content/uploads/2012/04/P4200033.jpg"><img loading="lazy" decoding="async" aria-describedby="caption-attachment-538" class="size-medium wp-image-538" title="OLYMPUS DIGITAL CAMERA" src="http://flieg.fr/wordpress/wp-content/uploads/2012/04/P4200033-300x225.jpg" alt="" width="300" height="225" srcset="https://www.flieg.fr/wordpress/wp-content/uploads/2012/04/P4200033-300x225.jpg 300w, https://www.flieg.fr/wordpress/wp-content/uploads/2012/04/P4200033-1024x768.jpg 1024w, https://www.flieg.fr/wordpress/wp-content/uploads/2012/04/P4200033-624x468.jpg 624w, https://www.flieg.fr/wordpress/wp-content/uploads/2012/04/P4200033.jpg 2048w" sizes="auto, (max-width: 300px) 100vw, 300px" /></a><p id="caption-attachment-538" class="wp-caption-text">les pivoines sont en fleurs</p></div>
<p>Nous comptabilisons 410 km au compteur. Restent 1111 km jusqu&rsquo;à Saint Jacques de Compostelle. Nous sommes bien arrivés. Sans pluie une fois de plus (la vérité, c&rsquo;est que nous arrivions à Moissac quand un gros nuage noir s&rsquo;est déversé pendant une heure, alors que nous patientions sous l&rsquo;auvent d&rsquo;un fleuriste) .<br />
En haut de la ville, nous découvrons l&rsquo;abbaye Saint Pierre de Moissac.</p>
<div id="attachment_533" style="width: 310px" class="wp-caption alignnone"><a href="http://flieg.fr/wordpress/wp-content/uploads/2012/04/P4200044.jpg"><img loading="lazy" decoding="async" aria-describedby="caption-attachment-533" class="size-medium wp-image-533" title="OLYMPUS DIGITAL CAMERA" src="http://flieg.fr/wordpress/wp-content/uploads/2012/04/P4200044-300x225.jpg" alt="" width="300" height="225" srcset="https://www.flieg.fr/wordpress/wp-content/uploads/2012/04/P4200044-300x225.jpg 300w, https://www.flieg.fr/wordpress/wp-content/uploads/2012/04/P4200044-1024x768.jpg 1024w, https://www.flieg.fr/wordpress/wp-content/uploads/2012/04/P4200044-624x468.jpg 624w, https://www.flieg.fr/wordpress/wp-content/uploads/2012/04/P4200044.jpg 2048w" sizes="auto, (max-width: 300px) 100vw, 300px" /></a><p id="caption-attachment-533" class="wp-caption-text">l'abbaye Saint-Pierre de Moissac</p></div>
<p>Et son fameux tympan</p>
<div id="attachment_534" style="width: 310px" class="wp-caption alignnone"><a href="http://flieg.fr/wordpress/wp-content/uploads/2012/04/P4200045.jpg"><img loading="lazy" decoding="async" aria-describedby="caption-attachment-534" class="size-medium wp-image-534" title="OLYMPUS DIGITAL CAMERA" src="http://flieg.fr/wordpress/wp-content/uploads/2012/04/P4200045-300x225.jpg" alt="" width="300" height="225" srcset="https://www.flieg.fr/wordpress/wp-content/uploads/2012/04/P4200045-300x225.jpg 300w, https://www.flieg.fr/wordpress/wp-content/uploads/2012/04/P4200045-1024x768.jpg 1024w, https://www.flieg.fr/wordpress/wp-content/uploads/2012/04/P4200045-624x468.jpg 624w, https://www.flieg.fr/wordpress/wp-content/uploads/2012/04/P4200045.jpg 2048w" sizes="auto, (max-width: 300px) 100vw, 300px" /></a><p id="caption-attachment-534" class="wp-caption-text">le tympan de l'abbaye de Moissac</p></div>
<p>Notre chambre d&rsquo;hôte du jour au gîte Ultreia est super!</p>
<div id="attachment_532" style="width: 235px" class="wp-caption alignnone"><a href="http://flieg.fr/wordpress/wp-content/uploads/2012/04/P42000581.jpg"><img loading="lazy" decoding="async" aria-describedby="caption-attachment-532" class="size-medium wp-image-532" title="OLYMPUS DIGITAL CAMERA" src="http://flieg.fr/wordpress/wp-content/uploads/2012/04/P42000581-225x300.jpg" alt="" width="225" height="300" srcset="https://www.flieg.fr/wordpress/wp-content/uploads/2012/04/P42000581-225x300.jpg 225w, https://www.flieg.fr/wordpress/wp-content/uploads/2012/04/P42000581-768x1024.jpg 768w, https://www.flieg.fr/wordpress/wp-content/uploads/2012/04/P42000581-624x832.jpg 624w, https://www.flieg.fr/wordpress/wp-content/uploads/2012/04/P42000581.jpg 1536w" sizes="auto, (max-width: 225px) 100vw, 225px" /></a><p id="caption-attachment-532" class="wp-caption-text">tout de satin mauve revêtu...</p></div>
<p>Nous avons déjeuné tranquillement avant d&rsquo;aller faire un tour en ville et visiter le fameux pont canal et le cloître.</p>
<div id="attachment_529" style="width: 235px" class="wp-caption alignnone"><a href="http://flieg.fr/wordpress/wp-content/uploads/2012/04/P4200057.jpg"><img loading="lazy" decoding="async" aria-describedby="caption-attachment-529" class="size-medium wp-image-529" title="OLYMPUS DIGITAL CAMERA" src="http://flieg.fr/wordpress/wp-content/uploads/2012/04/P4200057-225x300.jpg" alt="" width="225" height="300" srcset="https://www.flieg.fr/wordpress/wp-content/uploads/2012/04/P4200057-225x300.jpg 225w, https://www.flieg.fr/wordpress/wp-content/uploads/2012/04/P4200057-768x1024.jpg 768w, https://www.flieg.fr/wordpress/wp-content/uploads/2012/04/P4200057-624x832.jpg 624w, https://www.flieg.fr/wordpress/wp-content/uploads/2012/04/P4200057.jpg 1536w" sizes="auto, (max-width: 225px) 100vw, 225px" /></a><p id="caption-attachment-529" class="wp-caption-text">corvée de pluche avant le déjeuner</p></div>

<p>Vendredi 20 avril 2012 Sur la crête de la colline avant Moissac apparaissent les premiers vignobles De suaves parfums se dégagent des premiers jardins de Moissac. Nous comptabilisons 410 km au compteur. Restent 1111 km jusqu&rsquo;à Saint Jacques de Compostelle. Nous sommes bien arrivés. Sans pluie une fois de plus (la vérité, c&rsquo;est que nous [&hellip;]</p>
