{"id":499,"date":"2012-04-18T16:59:20","date_gmt":"2012-04-18T15:59:20","guid":{"rendered":"http:\/\/flieg.fr\/?page_id=499"},"modified":"2023-03-21T10:48:48","modified_gmt":"2023-03-21T09:48:48","slug":"jour-23-etape-21-de-lauzerte-a-la-baysse","status":"publish","type":"page","link":"https:\/\/www.flieg.fr\/?page_id=499","title":{"rendered":"jour 23 \u00e9tape 21 de Lauzerte \u00e0 La Baysse : 14 km"},"content":{"rendered":"<p>Jeudi 19 avril 2012<\/p>\n<div id=\"message-objects\"><\/div>\n<pre>Ce matin, nous quittons Robert et Maryse. Robert nous ram\u00e8ne sur le chemin a Lauzerte. \nIl pleut sans arr\u00eat jusqu\u2019\u00e0 Lauzerte.<\/pre>\n<div id=\"attachment_521\" style=\"width: 310px\" class=\"wp-caption alignnone\"><a href=\"http:\/\/flieg.fr\/wordpress\/wp-content\/uploads\/2012\/04\/P4190006.jpg\"><img loading=\"lazy\" decoding=\"async\" aria-describedby=\"caption-attachment-521\" class=\"size-medium wp-image-521\" title=\"OLYMPUS DIGITAL CAMERA\" src=\"http:\/\/flieg.fr\/wordpress\/wp-content\/uploads\/2012\/04\/P4190006-300x225.jpg\" alt=\"\" width=\"300\" height=\"225\" srcset=\"https:\/\/www.flieg.fr\/wordpress\/wp-content\/uploads\/2012\/04\/P4190006-300x225.jpg 300w, https:\/\/www.flieg.fr\/wordpress\/wp-content\/uploads\/2012\/04\/P4190006-1024x768.jpg 1024w, https:\/\/www.flieg.fr\/wordpress\/wp-content\/uploads\/2012\/04\/P4190006-624x468.jpg 624w, https:\/\/www.flieg.fr\/wordpress\/wp-content\/uploads\/2012\/04\/P4190006.jpg 2048w\" sizes=\"auto, (max-width: 300px) 100vw, 300px\" \/><\/a><p id=\"caption-attachment-521\" class=\"wp-caption-text\">la ville m\u00e9di\u00e9vale de Lauzerte<\/p><\/div>\n<pre> Le temps d'aller au presbyt\u00e8re faire tamponner nos cr\u00e9anciales et il ne pleut plus.\nL'original cur\u00e9 de Lauzerte nous re\u00e7oit, appose son cachet et nous dit :\n\" Vous avez au moins photographi\u00e9 mon moine? C'est moi qui l'ai fait!\"<\/pre>\n<div>\n<dl id=\"attachment_520\">\n<dt><a href=\"http:\/\/flieg.fr\/wordpress\/wp-content\/uploads\/2012\/04\/P4190001.jpg\"><img loading=\"lazy\" decoding=\"async\" title=\"OLYMPUS DIGITAL CAMERA\" src=\"http:\/\/flieg.fr\/wordpress\/wp-content\/uploads\/2012\/04\/P4190001-300x225.jpg\" alt=\"\" width=\"300\" height=\"225\"><\/a><\/dt>\n<dd>le presbyt\u00e8re de Lauzerte, c&rsquo;est l\u00e0!<\/dd>\n<\/dl>\n<\/div>\n<pre>&nbsp;Il ne pleut plus. On est content d'avoir quitt\u00e9 le Quercy blanc avec ses chemins blancs qui doivent \u00eatre transform\u00e9s en bourbiers. Mais dans le bas Quercy nous d\u00e9couvrons la boue brune.\nElle colle superbement aux chaussures, elle aussi. \n\nIl y a aussi ces instants magiques: en progressant dans un chemin forestier, soudain un pignon de pierre \u00e9merge au-dessus des frondaisons.\nIl est surmont\u00e9 d'une croix et perc\u00e9 de deux cloches. Nich\u00e9e au creux de la combe, au tournant du chemin, loin de tout, une petite chapelle appara\u00eet.\nC'est la chapelle St Sernin entour\u00e9e d'un petit cimeti\u00e8re. Calme et silence.<\/pre>\n<div id=\"attachment_524\" style=\"width: 310px\" class=\"wp-caption alignnone\"><a href=\"http:\/\/flieg.fr\/wordpress\/wp-content\/uploads\/2012\/04\/P4190015.jpg\"><img loading=\"lazy\" decoding=\"async\" aria-describedby=\"caption-attachment-524\" class=\"size-medium wp-image-524\" title=\"OLYMPUS DIGITAL CAMERA\" src=\"http:\/\/flieg.fr\/wordpress\/wp-content\/uploads\/2012\/04\/P4190015-300x225.jpg\" alt=\"\" width=\"300\" height=\"225\" srcset=\"https:\/\/www.flieg.fr\/wordpress\/wp-content\/uploads\/2012\/04\/P4190015-300x225.jpg 300w, https:\/\/www.flieg.fr\/wordpress\/wp-content\/uploads\/2012\/04\/P4190015-1024x768.jpg 1024w, https:\/\/www.flieg.fr\/wordpress\/wp-content\/uploads\/2012\/04\/P4190015-624x468.jpg 624w, https:\/\/www.flieg.fr\/wordpress\/wp-content\/uploads\/2012\/04\/P4190015.jpg 2048w\" sizes=\"auto, (max-width: 300px) 100vw, 300px\" \/><\/a><p id=\"caption-attachment-524\" class=\"wp-caption-text\">la chapelle Saint Sernin<\/p><\/div>\n<pre>Plus loin, nous descendons un chemin entre deux champs. On essaie de ne marcher que sur les touffes d'herbe pour \u00e9viter la boue.\nPeine perdue. Nos chaussures sont de plus en plus crott\u00e9es. Nous d\u00e9cidons de quitter le GR et de rejoindre la d\u00e9partementale la plus proche.\nSur l'asphalte on progresse mieux. Mais il faut faire tr\u00e8s attention. Il faut serrer a gauche et monter sur le bas-cot\u00e9 d\u00e8s que deux voitures doivent se croiser a notre hauteur.\nLa plupart des voitures changent carr\u00e9ment de voie au moment de nous croiser. C'est vraiment sympa de leur part.\nCe soir, nous logeons en chambre d'h\u00f4te \u00e0 la Baysse.<\/pre>\n<div id=\"attachment_525\" style=\"width: 310px\" class=\"wp-caption alignnone\"><a href=\"http:\/\/flieg.fr\/wordpress\/wp-content\/uploads\/2012\/04\/P4200018.jpg\"><img loading=\"lazy\" decoding=\"async\" aria-describedby=\"caption-attachment-525\" class=\"size-medium wp-image-525\" title=\"OLYMPUS DIGITAL CAMERA\" src=\"http:\/\/flieg.fr\/wordpress\/wp-content\/uploads\/2012\/04\/P4200018-300x225.jpg\" alt=\"\" width=\"300\" height=\"225\" srcset=\"https:\/\/www.flieg.fr\/wordpress\/wp-content\/uploads\/2012\/04\/P4200018-300x225.jpg 300w, https:\/\/www.flieg.fr\/wordpress\/wp-content\/uploads\/2012\/04\/P4200018-1024x768.jpg 1024w, https:\/\/www.flieg.fr\/wordpress\/wp-content\/uploads\/2012\/04\/P4200018-624x468.jpg 624w, https:\/\/www.flieg.fr\/wordpress\/wp-content\/uploads\/2012\/04\/P4200018.jpg 2048w\" sizes=\"auto, (max-width: 300px) 100vw, 300px\" \/><\/a><p id=\"caption-attachment-525\" class=\"wp-caption-text\">La Baysse chez G\u00e9rard et Nicole Heinrich<\/p><\/div>\n<pre>\nM. et Mme Heinrich, qui nous re\u00e7oivent, mangent \u00e0 notre table. Anciens parisiens d'origine colmarienne, ils se sont install\u00e9s ici apr\u00e8s avoir tout quitt\u00e9 \u00e0 Paris.\nAutour d'un excellent repas avec magret de canard et pommes sarladaises, nous discutons jusqu'\u00e0 10 heures du soir.<\/pre>\n","protected":false},"excerpt":{"rendered":"<p>Jeudi 19 avril 2012 Ce matin, nous quittons Robert et Maryse. Robert nous ram\u00e8ne sur le chemin a Lauzerte. Il pleut sans arr\u00eat jusqu\u2019\u00e0 Lauzerte. Le temps d&rsquo;aller au presbyt\u00e8re faire tamponner nos cr\u00e9anciales et il ne pleut plus. L&rsquo;original cur\u00e9 de Lauzerte nous re\u00e7oit, appose son cachet et nous dit : \u00a0\u00bb Vous avez [&hellip;]<\/p>\n","protected":false},"author":3,"featured_media":0,"parent":0,"menu_order":0,"comment_status":"open","ping_status":"open","template":"","meta":{"footnotes":""},"class_list":["post-499","page","type-page","status-publish","hentry"],"_links":{"self":[{"href":"https:\/\/www.flieg.fr\/index.php?rest_route=\/wp\/v2\/pages\/499","targetHints":{"allow":["GET"]}}],"collection":[{"href":"https:\/\/www.flieg.fr\/index.php?rest_route=\/wp\/v2\/pages"}],"about":[{"href":"https:\/\/www.flieg.fr\/index.php?rest_route=\/wp\/v2\/types\/page"}],"author":[{"embeddable":true,"href":"https:\/\/www.flieg.fr\/index.php?rest_route=\/wp\/v2\/users\/3"}],"replies":[{"embeddable":true,"href":"https:\/\/www.flieg.fr\/index.php?rest_route=%2Fwp%2Fv2%2Fcomments&post=499"}],"version-history":[{"count":8,"href":"https:\/\/www.flieg.fr\/index.php?rest_route=\/wp\/v2\/pages\/499\/revisions"}],"predecessor-version":[{"id":2408,"href":"https:\/\/www.flieg.fr\/index.php?rest_route=\/wp\/v2\/pages\/499\/revisions\/2408"}],"wp:attachment":[{"href":"https:\/\/www.flieg.fr\/index.php?rest_route=%2Fwp%2Fv2%2Fmedia&parent=499"}],"curies":[{"name":"wp","href":"https:\/\/api.w.org\/{rel}","templated":true}]}}

jour 23 étape 21 de Lauzerte à La Baysse : 14 km

<p>Jeudi 19 avril 2012</p>
<div id="message-objects"></div>
<pre>Ce matin, nous quittons Robert et Maryse. Robert nous ramène sur le chemin a Lauzerte. 
Il pleut sans arrêt jusqu’à Lauzerte.</pre>
<div id="attachment_521" style="width: 310px" class="wp-caption alignnone"><a href="http://flieg.fr/wordpress/wp-content/uploads/2012/04/P4190006.jpg"><img loading="lazy" decoding="async" aria-describedby="caption-attachment-521" class="size-medium wp-image-521" title="OLYMPUS DIGITAL CAMERA" src="http://flieg.fr/wordpress/wp-content/uploads/2012/04/P4190006-300x225.jpg" alt="" width="300" height="225" srcset="https://www.flieg.fr/wordpress/wp-content/uploads/2012/04/P4190006-300x225.jpg 300w, https://www.flieg.fr/wordpress/wp-content/uploads/2012/04/P4190006-1024x768.jpg 1024w, https://www.flieg.fr/wordpress/wp-content/uploads/2012/04/P4190006-624x468.jpg 624w, https://www.flieg.fr/wordpress/wp-content/uploads/2012/04/P4190006.jpg 2048w" sizes="auto, (max-width: 300px) 100vw, 300px" /></a><p id="caption-attachment-521" class="wp-caption-text">la ville médiévale de Lauzerte</p></div>
<pre> Le temps d'aller au presbytère faire tamponner nos créanciales et il ne pleut plus.
L'original curé de Lauzerte nous reçoit, appose son cachet et nous dit :
" Vous avez au moins photographié mon moine? C'est moi qui l'ai fait!"</pre>
<div>
<dl id="attachment_520">
<dt><a href="http://flieg.fr/wordpress/wp-content/uploads/2012/04/P4190001.jpg"><img loading="lazy" decoding="async" title="OLYMPUS DIGITAL CAMERA" src="http://flieg.fr/wordpress/wp-content/uploads/2012/04/P4190001-300x225.jpg" alt="" width="300" height="225"></a></dt>
<dd>le presbytère de Lauzerte, c&rsquo;est là!</dd>
</dl>
</div>
<pre>&nbsp;Il ne pleut plus. On est content d'avoir quitté le Quercy blanc avec ses chemins blancs qui doivent être transformés en bourbiers. Mais dans le bas Quercy nous découvrons la boue brune.
Elle colle superbement aux chaussures, elle aussi. 

Il y a aussi ces instants magiques: en progressant dans un chemin forestier, soudain un pignon de pierre émerge au-dessus des frondaisons.
Il est surmonté d'une croix et percé de deux cloches. Nichée au creux de la combe, au tournant du chemin, loin de tout, une petite chapelle apparaît.
C'est la chapelle St Sernin entourée d'un petit cimetière. Calme et silence.</pre>
<div id="attachment_524" style="width: 310px" class="wp-caption alignnone"><a href="http://flieg.fr/wordpress/wp-content/uploads/2012/04/P4190015.jpg"><img loading="lazy" decoding="async" aria-describedby="caption-attachment-524" class="size-medium wp-image-524" title="OLYMPUS DIGITAL CAMERA" src="http://flieg.fr/wordpress/wp-content/uploads/2012/04/P4190015-300x225.jpg" alt="" width="300" height="225" srcset="https://www.flieg.fr/wordpress/wp-content/uploads/2012/04/P4190015-300x225.jpg 300w, https://www.flieg.fr/wordpress/wp-content/uploads/2012/04/P4190015-1024x768.jpg 1024w, https://www.flieg.fr/wordpress/wp-content/uploads/2012/04/P4190015-624x468.jpg 624w, https://www.flieg.fr/wordpress/wp-content/uploads/2012/04/P4190015.jpg 2048w" sizes="auto, (max-width: 300px) 100vw, 300px" /></a><p id="caption-attachment-524" class="wp-caption-text">la chapelle Saint Sernin</p></div>
<pre>Plus loin, nous descendons un chemin entre deux champs. On essaie de ne marcher que sur les touffes d'herbe pour éviter la boue.
Peine perdue. Nos chaussures sont de plus en plus crottées. Nous décidons de quitter le GR et de rejoindre la départementale la plus proche.
Sur l'asphalte on progresse mieux. Mais il faut faire très attention. Il faut serrer a gauche et monter sur le bas-coté dès que deux voitures doivent se croiser a notre hauteur.
La plupart des voitures changent carrément de voie au moment de nous croiser. C'est vraiment sympa de leur part.
Ce soir, nous logeons en chambre d'hôte à la Baysse.</pre>
<div id="attachment_525" style="width: 310px" class="wp-caption alignnone"><a href="http://flieg.fr/wordpress/wp-content/uploads/2012/04/P4200018.jpg"><img loading="lazy" decoding="async" aria-describedby="caption-attachment-525" class="size-medium wp-image-525" title="OLYMPUS DIGITAL CAMERA" src="http://flieg.fr/wordpress/wp-content/uploads/2012/04/P4200018-300x225.jpg" alt="" width="300" height="225" srcset="https://www.flieg.fr/wordpress/wp-content/uploads/2012/04/P4200018-300x225.jpg 300w, https://www.flieg.fr/wordpress/wp-content/uploads/2012/04/P4200018-1024x768.jpg 1024w, https://www.flieg.fr/wordpress/wp-content/uploads/2012/04/P4200018-624x468.jpg 624w, https://www.flieg.fr/wordpress/wp-content/uploads/2012/04/P4200018.jpg 2048w" sizes="auto, (max-width: 300px) 100vw, 300px" /></a><p id="caption-attachment-525" class="wp-caption-text">La Baysse chez Gérard et Nicole Heinrich</p></div>
<pre>
M. et Mme Heinrich, qui nous reçoivent, mangent à notre table. Anciens parisiens d'origine colmarienne, ils se sont installés ici après avoir tout quitté à Paris.
Autour d'un excellent repas avec magret de canard et pommes sarladaises, nous discutons jusqu'à 10 heures du soir.</pre>

<p>Jeudi 19 avril 2012 Ce matin, nous quittons Robert et Maryse. Robert nous ramène sur le chemin a Lauzerte. Il pleut sans arrêt jusqu’à Lauzerte. Le temps d&rsquo;aller au presbytère faire tamponner nos créanciales et il ne pleut plus. L&rsquo;original curé de Lauzerte nous reçoit, appose son cachet et nous dit :  » Vous avez [&hellip;]</p>
