{"id":463,"date":"2012-04-17T21:14:22","date_gmt":"2012-04-17T20:14:22","guid":{"rendered":"http:\/\/flieg.fr\/?page_id=463"},"modified":"2023-03-21T10:47:47","modified_gmt":"2023-03-21T09:47:47","slug":"jour-21-etape-20-de-pechpeyroux-a-montlauzun-16-km-2","status":"publish","type":"page","link":"https:\/\/www.flieg.fr\/?page_id=463","title":{"rendered":"jour 21 : \u00e9tape 20 : de Pechpeyroux \u00e0 Montlauzun 17 km"},"content":{"rendered":"<p>Mardi 17 avril 2012<\/p>\n<p>Nous estimons que nous devons \u00eatre une cinquantaine de p\u00e8lerins sur la m\u00eame \u00e9tape en ce moment.<br \/>\nCe matin le soleil brille. Mais \u00e7a pince. Il fait 6 degr\u00e9s.<br \/>\nLes talus sont encore tout givr\u00e9s de la nuit. Mais tr\u00e8s vite, le soleil r\u00e9veille la nature et les couleurs.<br \/>\n<a href=\"http:\/\/flieg.fr\/wordpress\/wp-content\/uploads\/2012\/04\/P4170579.jpg\"><img loading=\"lazy\" decoding=\"async\" class=\"alignnone size-medium wp-image-489\" title=\"OLYMPUS DIGITAL CAMERA\" src=\"http:\/\/flieg.fr\/wordpress\/wp-content\/uploads\/2012\/04\/P4170579-300x225.jpg\" alt=\"\" width=\"300\" height=\"225\" srcset=\"https:\/\/www.flieg.fr\/wordpress\/wp-content\/uploads\/2012\/04\/P4170579-300x225.jpg 300w, https:\/\/www.flieg.fr\/wordpress\/wp-content\/uploads\/2012\/04\/P4170579-1024x768.jpg 1024w, https:\/\/www.flieg.fr\/wordpress\/wp-content\/uploads\/2012\/04\/P4170579-624x468.jpg 624w, https:\/\/www.flieg.fr\/wordpress\/wp-content\/uploads\/2012\/04\/P4170579.jpg 2048w\" sizes=\"auto, (max-width: 300px) 100vw, 300px\" \/><\/a><a href=\"http:\/\/flieg.fr\/wordpress\/wp-content\/uploads\/2012\/04\/P4160544.jpg\"><img loading=\"lazy\" decoding=\"async\" class=\"alignnone size-medium wp-image-490\" title=\"OLYMPUS DIGITAL CAMERA\" src=\"http:\/\/flieg.fr\/wordpress\/wp-content\/uploads\/2012\/04\/P4160544-300x225.jpg\" alt=\"\" width=\"300\" height=\"225\" srcset=\"https:\/\/www.flieg.fr\/wordpress\/wp-content\/uploads\/2012\/04\/P4160544-300x225.jpg 300w, https:\/\/www.flieg.fr\/wordpress\/wp-content\/uploads\/2012\/04\/P4160544-1024x768.jpg 1024w, https:\/\/www.flieg.fr\/wordpress\/wp-content\/uploads\/2012\/04\/P4160544-624x468.jpg 624w, https:\/\/www.flieg.fr\/wordpress\/wp-content\/uploads\/2012\/04\/P4160544.jpg 2048w\" sizes=\"auto, (max-width: 300px) 100vw, 300px\" \/><\/a><\/p>\n<p>Nous marchons dans le Quercy blanc. Le sol est argileux et blanc. La luminosit\u00e9 du chemin est intense sous le soleil. Nos yeux sont \u00e9blouis. Il faut \u00e9viter de ne regarder que le chemin. D&rsquo;ailleurs les paysages sont grandioses. Herbe verte, Champs de luzerne ou de de bl\u00e9s d&rsquo;un vert intense, champs de colza d&rsquo;un beau jaune d&rsquo;or.<\/p>\n<div id=\"attachment_485\" style=\"width: 310px\" class=\"wp-caption alignnone\"><a href=\"http:\/\/flieg.fr\/wordpress\/wp-content\/uploads\/2012\/04\/P4170565.jpg\"><img loading=\"lazy\" decoding=\"async\" aria-describedby=\"caption-attachment-485\" class=\"size-medium wp-image-485\" title=\"OLYMPUS DIGITAL CAMERA\" src=\"http:\/\/flieg.fr\/wordpress\/wp-content\/uploads\/2012\/04\/P4170565-300x225.jpg\" alt=\"\" width=\"300\" height=\"225\" srcset=\"https:\/\/www.flieg.fr\/wordpress\/wp-content\/uploads\/2012\/04\/P4170565-300x225.jpg 300w, https:\/\/www.flieg.fr\/wordpress\/wp-content\/uploads\/2012\/04\/P4170565-1024x768.jpg 1024w, https:\/\/www.flieg.fr\/wordpress\/wp-content\/uploads\/2012\/04\/P4170565-624x468.jpg 624w, https:\/\/www.flieg.fr\/wordpress\/wp-content\/uploads\/2012\/04\/P4170565.jpg 2048w\" sizes=\"auto, (max-width: 300px) 100vw, 300px\" \/><\/a><p id=\"caption-attachment-485\" class=\"wp-caption-text\">Le Quercy blanc<\/p><\/div>\n<p>&nbsp;<\/p>\n<div id=\"attachment_486\" style=\"width: 310px\" class=\"wp-caption alignnone\"><a href=\"http:\/\/flieg.fr\/wordpress\/wp-content\/uploads\/2012\/04\/P4170566.jpg\"><img loading=\"lazy\" decoding=\"async\" aria-describedby=\"caption-attachment-486\" class=\"size-medium wp-image-486\" title=\"OLYMPUS DIGITAL CAMERA\" src=\"http:\/\/flieg.fr\/wordpress\/wp-content\/uploads\/2012\/04\/P4170566-300x225.jpg\" alt=\"\" width=\"300\" height=\"225\" srcset=\"https:\/\/www.flieg.fr\/wordpress\/wp-content\/uploads\/2012\/04\/P4170566-300x225.jpg 300w, https:\/\/www.flieg.fr\/wordpress\/wp-content\/uploads\/2012\/04\/P4170566-1024x768.jpg 1024w, https:\/\/www.flieg.fr\/wordpress\/wp-content\/uploads\/2012\/04\/P4170566-624x468.jpg 624w, https:\/\/www.flieg.fr\/wordpress\/wp-content\/uploads\/2012\/04\/P4170566.jpg 2048w\" sizes=\"auto, (max-width: 300px) 100vw, 300px\" \/><\/a><p id=\"caption-attachment-486\" class=\"wp-caption-text\">Colza jaune en Quercy blanc<\/p><\/div>\n<p>A 12h30, nous arrivons \u00e0 Montcuq, juste avant la fermeture de la boulangerie et de la charcuterie.<\/p>\n<div id=\"attachment_488\" style=\"width: 310px\" class=\"wp-caption alignnone\"><a href=\"http:\/\/flieg.fr\/wordpress\/wp-content\/uploads\/2012\/04\/P4170567.jpg\"><img loading=\"lazy\" decoding=\"async\" aria-describedby=\"caption-attachment-488\" class=\"size-medium wp-image-488\" title=\"OLYMPUS DIGITAL CAMERA\" src=\"http:\/\/flieg.fr\/wordpress\/wp-content\/uploads\/2012\/04\/P4170567-300x225.jpg\" alt=\"\" width=\"300\" height=\"225\" srcset=\"https:\/\/www.flieg.fr\/wordpress\/wp-content\/uploads\/2012\/04\/P4170567-300x225.jpg 300w, https:\/\/www.flieg.fr\/wordpress\/wp-content\/uploads\/2012\/04\/P4170567-1024x768.jpg 1024w, https:\/\/www.flieg.fr\/wordpress\/wp-content\/uploads\/2012\/04\/P4170567-624x468.jpg 624w, https:\/\/www.flieg.fr\/wordpress\/wp-content\/uploads\/2012\/04\/P4170567.jpg 2048w\" sizes=\"auto, (max-width: 300px) 100vw, 300px\" \/><\/a><p id=\"caption-attachment-488\" class=\"wp-caption-text\">Montcuq : c'est-y pas beau?<\/p><\/div>\n<p>On se grignote le repas de midi sur les marches de l&rsquo;\u00e9glise. On repart vers Montlauzun qu&rsquo;on atteint \u00e0 15h30. Robert Laveran, membre d&rsquo;Amnesty qui nous avait rejoint quelques temps&nbsp;dans le groupe de Mulhouse, et son ami Jean nous y attendent.<\/p>\n<p>Ce soir nous sommes invit\u00e9s \u00e0 Vayssac \u00e0 40 km de l\u00e0.<br \/>\nRobert et Maryse nous ont pr\u00e9par\u00e9 un plantureux et d\u00e9licieux pot-au-feu.<\/p>\n","protected":false},"excerpt":{"rendered":"<p>Mardi 17 avril 2012 Nous estimons que nous devons \u00eatre une cinquantaine de p\u00e8lerins sur la m\u00eame \u00e9tape en ce moment. Ce matin le soleil brille. Mais \u00e7a pince. Il fait 6 degr\u00e9s. Les talus sont encore tout givr\u00e9s de la nuit. Mais tr\u00e8s vite, le soleil r\u00e9veille la nature et les couleurs. Nous marchons [&hellip;]<\/p>\n","protected":false},"author":3,"featured_media":0,"parent":0,"menu_order":0,"comment_status":"open","ping_status":"open","template":"","meta":{"footnotes":""},"class_list":["post-463","page","type-page","status-publish","hentry"],"_links":{"self":[{"href":"https:\/\/www.flieg.fr\/index.php?rest_route=\/wp\/v2\/pages\/463","targetHints":{"allow":["GET"]}}],"collection":[{"href":"https:\/\/www.flieg.fr\/index.php?rest_route=\/wp\/v2\/pages"}],"about":[{"href":"https:\/\/www.flieg.fr\/index.php?rest_route=\/wp\/v2\/types\/page"}],"author":[{"embeddable":true,"href":"https:\/\/www.flieg.fr\/index.php?rest_route=\/wp\/v2\/users\/3"}],"replies":[{"embeddable":true,"href":"https:\/\/www.flieg.fr\/index.php?rest_route=%2Fwp%2Fv2%2Fcomments&post=463"}],"version-history":[{"count":7,"href":"https:\/\/www.flieg.fr\/index.php?rest_route=\/wp\/v2\/pages\/463\/revisions"}],"predecessor-version":[{"id":2406,"href":"https:\/\/www.flieg.fr\/index.php?rest_route=\/wp\/v2\/pages\/463\/revisions\/2406"}],"wp:attachment":[{"href":"https:\/\/www.flieg.fr\/index.php?rest_route=%2Fwp%2Fv2%2Fmedia&parent=463"}],"curies":[{"name":"wp","href":"https:\/\/api.w.org\/{rel}","templated":true}]}}

jour 21 : étape 20 : de Pechpeyroux à Montlauzun 17 km

<p>Mardi 17 avril 2012</p>
<p>Nous estimons que nous devons être une cinquantaine de pèlerins sur la même étape en ce moment.<br />
Ce matin le soleil brille. Mais ça pince. Il fait 6 degrés.<br />
Les talus sont encore tout givrés de la nuit. Mais très vite, le soleil réveille la nature et les couleurs.<br />
<a href="http://flieg.fr/wordpress/wp-content/uploads/2012/04/P4170579.jpg"><img loading="lazy" decoding="async" class="alignnone size-medium wp-image-489" title="OLYMPUS DIGITAL CAMERA" src="http://flieg.fr/wordpress/wp-content/uploads/2012/04/P4170579-300x225.jpg" alt="" width="300" height="225" srcset="https://www.flieg.fr/wordpress/wp-content/uploads/2012/04/P4170579-300x225.jpg 300w, https://www.flieg.fr/wordpress/wp-content/uploads/2012/04/P4170579-1024x768.jpg 1024w, https://www.flieg.fr/wordpress/wp-content/uploads/2012/04/P4170579-624x468.jpg 624w, https://www.flieg.fr/wordpress/wp-content/uploads/2012/04/P4170579.jpg 2048w" sizes="auto, (max-width: 300px) 100vw, 300px" /></a><a href="http://flieg.fr/wordpress/wp-content/uploads/2012/04/P4160544.jpg"><img loading="lazy" decoding="async" class="alignnone size-medium wp-image-490" title="OLYMPUS DIGITAL CAMERA" src="http://flieg.fr/wordpress/wp-content/uploads/2012/04/P4160544-300x225.jpg" alt="" width="300" height="225" srcset="https://www.flieg.fr/wordpress/wp-content/uploads/2012/04/P4160544-300x225.jpg 300w, https://www.flieg.fr/wordpress/wp-content/uploads/2012/04/P4160544-1024x768.jpg 1024w, https://www.flieg.fr/wordpress/wp-content/uploads/2012/04/P4160544-624x468.jpg 624w, https://www.flieg.fr/wordpress/wp-content/uploads/2012/04/P4160544.jpg 2048w" sizes="auto, (max-width: 300px) 100vw, 300px" /></a></p>
<p>Nous marchons dans le Quercy blanc. Le sol est argileux et blanc. La luminosité du chemin est intense sous le soleil. Nos yeux sont éblouis. Il faut éviter de ne regarder que le chemin. D&rsquo;ailleurs les paysages sont grandioses. Herbe verte, Champs de luzerne ou de de blés d&rsquo;un vert intense, champs de colza d&rsquo;un beau jaune d&rsquo;or.</p>
<div id="attachment_485" style="width: 310px" class="wp-caption alignnone"><a href="http://flieg.fr/wordpress/wp-content/uploads/2012/04/P4170565.jpg"><img loading="lazy" decoding="async" aria-describedby="caption-attachment-485" class="size-medium wp-image-485" title="OLYMPUS DIGITAL CAMERA" src="http://flieg.fr/wordpress/wp-content/uploads/2012/04/P4170565-300x225.jpg" alt="" width="300" height="225" srcset="https://www.flieg.fr/wordpress/wp-content/uploads/2012/04/P4170565-300x225.jpg 300w, https://www.flieg.fr/wordpress/wp-content/uploads/2012/04/P4170565-1024x768.jpg 1024w, https://www.flieg.fr/wordpress/wp-content/uploads/2012/04/P4170565-624x468.jpg 624w, https://www.flieg.fr/wordpress/wp-content/uploads/2012/04/P4170565.jpg 2048w" sizes="auto, (max-width: 300px) 100vw, 300px" /></a><p id="caption-attachment-485" class="wp-caption-text">Le Quercy blanc</p></div>
<p>&nbsp;</p>
<div id="attachment_486" style="width: 310px" class="wp-caption alignnone"><a href="http://flieg.fr/wordpress/wp-content/uploads/2012/04/P4170566.jpg"><img loading="lazy" decoding="async" aria-describedby="caption-attachment-486" class="size-medium wp-image-486" title="OLYMPUS DIGITAL CAMERA" src="http://flieg.fr/wordpress/wp-content/uploads/2012/04/P4170566-300x225.jpg" alt="" width="300" height="225" srcset="https://www.flieg.fr/wordpress/wp-content/uploads/2012/04/P4170566-300x225.jpg 300w, https://www.flieg.fr/wordpress/wp-content/uploads/2012/04/P4170566-1024x768.jpg 1024w, https://www.flieg.fr/wordpress/wp-content/uploads/2012/04/P4170566-624x468.jpg 624w, https://www.flieg.fr/wordpress/wp-content/uploads/2012/04/P4170566.jpg 2048w" sizes="auto, (max-width: 300px) 100vw, 300px" /></a><p id="caption-attachment-486" class="wp-caption-text">Colza jaune en Quercy blanc</p></div>
<p>A 12h30, nous arrivons à Montcuq, juste avant la fermeture de la boulangerie et de la charcuterie.</p>
<div id="attachment_488" style="width: 310px" class="wp-caption alignnone"><a href="http://flieg.fr/wordpress/wp-content/uploads/2012/04/P4170567.jpg"><img loading="lazy" decoding="async" aria-describedby="caption-attachment-488" class="size-medium wp-image-488" title="OLYMPUS DIGITAL CAMERA" src="http://flieg.fr/wordpress/wp-content/uploads/2012/04/P4170567-300x225.jpg" alt="" width="300" height="225" srcset="https://www.flieg.fr/wordpress/wp-content/uploads/2012/04/P4170567-300x225.jpg 300w, https://www.flieg.fr/wordpress/wp-content/uploads/2012/04/P4170567-1024x768.jpg 1024w, https://www.flieg.fr/wordpress/wp-content/uploads/2012/04/P4170567-624x468.jpg 624w, https://www.flieg.fr/wordpress/wp-content/uploads/2012/04/P4170567.jpg 2048w" sizes="auto, (max-width: 300px) 100vw, 300px" /></a><p id="caption-attachment-488" class="wp-caption-text">Montcuq : c'est-y pas beau?</p></div>
<p>On se grignote le repas de midi sur les marches de l&rsquo;église. On repart vers Montlauzun qu&rsquo;on atteint à 15h30. Robert Laveran, membre d&rsquo;Amnesty qui nous avait rejoint quelques temps&nbsp;dans le groupe de Mulhouse, et son ami Jean nous y attendent.</p>
<p>Ce soir nous sommes invités à Vayssac à 40 km de là.<br />
Robert et Maryse nous ont préparé un plantureux et délicieux pot-au-feu.</p>

<p>Mardi 17 avril 2012 Nous estimons que nous devons être une cinquantaine de pèlerins sur la même étape en ce moment. Ce matin le soleil brille. Mais ça pince. Il fait 6 degrés. Les talus sont encore tout givrés de la nuit. Mais très vite, le soleil réveille la nature et les couleurs. Nous marchons [&hellip;]</p>
