{"id":458,"date":"2012-04-17T21:09:25","date_gmt":"2012-04-17T20:09:25","guid":{"rendered":"http:\/\/flieg.fr\/?page_id=458"},"modified":"2023-03-21T10:47:05","modified_gmt":"2023-03-21T09:47:05","slug":"jour-21-etape-20-de-pechpeyroux-a-montlauzun-16-km","status":"publish","type":"page","link":"https:\/\/www.flieg.fr\/?page_id=458","title":{"rendered":"jour 20 : \u00e9tape 19 : de Cahors \u00e0 Pechpeyroux 18 km"},"content":{"rendered":"<p>Lundi 16 avril<br \/>\nOn se l\u00e8ve \u00e0 7h00 comme d&rsquo;habitude, mais cette fois on prend le bus&#8230; pour nous rendre \u00e0 Intersports dans la banlieue commerciame de Cahors. Difficile d&rsquo;y acc\u00e9der \u00e0 pied \u00e0 travers l&rsquo;entrelacs de 4 voies et de ronds-points sans trottoir. A intersports, il faut nous contenter des capes de pluie restantes. Le rayon a \u00e9t\u00e9 pill\u00e9 la semaine derni\u00e8re \u00e0 cause de la pluie. Nous reprenons la route \u00e0 pied en longeant la D653. Quand elle passe sous la voie de chemin de fer, il n&rsquo;y a plus de trottoir. Habill\u00e9 de rouge, je passe devant en serrant bien ma gauche. Mais je suis oblig\u00e9 d&#8217;empi\u00e9ter sur la voie. La crainte c&rsquo;est de se retrouver avec deux camions qui se croisent, ou deux camions qui se suivent. On fait vite; quelques voitures passent en s&rsquo;\u00e9cartant. Ouf! pass\u00e9s. Comment qualifier un \u00ab\u00a0raidillon\u00a0\u00bb qui monte pendant une heure?<\/p>\n<div id=\"attachment_480\" style=\"width: 235px\" class=\"wp-caption alignnone\"><a href=\"http:\/\/flieg.fr\/wordpress\/wp-content\/uploads\/2012\/04\/P4160543.jpg\"><img loading=\"lazy\" decoding=\"async\" aria-describedby=\"caption-attachment-480\" class=\"size-medium wp-image-480\" title=\"OLYMPUS DIGITAL CAMERA\" src=\"http:\/\/flieg.fr\/wordpress\/wp-content\/uploads\/2012\/04\/P4160543-225x300.jpg\" alt=\"\" width=\"225\" height=\"300\" srcset=\"https:\/\/www.flieg.fr\/wordpress\/wp-content\/uploads\/2012\/04\/P4160543-225x300.jpg 225w, https:\/\/www.flieg.fr\/wordpress\/wp-content\/uploads\/2012\/04\/P4160543-768x1024.jpg 768w, https:\/\/www.flieg.fr\/wordpress\/wp-content\/uploads\/2012\/04\/P4160543-624x832.jpg 624w, https:\/\/www.flieg.fr\/wordpress\/wp-content\/uploads\/2012\/04\/P4160543.jpg 1536w\" sizes=\"auto, (max-width: 225px) 100vw, 225px\" \/><\/a><p id=\"caption-attachment-480\" class=\"wp-caption-text\">Tais-toi et marche<\/p><\/div>\n<p>On a chaud, mais arriv\u00e9s sur la cr\u00eate, on est blay\u00e9s par un vent glacial. On a du mal a marcher droit. On est a une altitude de 200m et on a tr\u00e8s froid, malgr\u00e9 les gants et les blousons. Le vent vient de loin et rien ne l&rsquo;arr\u00eate. Surtout pas les maigres genevriers qui arrivent \u00e0 pousser entre les pierres et l&rsquo;argile blanc. On ne peut s&rsquo;abriter nulle part. A 13h pourtant, une halte pour p\u00e8lerins est am\u00e9nag\u00e9e dans une cour de ferme qui fait g\u00eete. Tables pique-nique et petite cahutte en bois avec un distributeur de boissons fraiches et une cafeti\u00e8re Senseo en libre service \u00e0 50 cts le caf\u00e9 (\u00e0 payer sans contr\u00f4le!).<\/p>\n<div id=\"attachment_478\" style=\"width: 235px\" class=\"wp-caption alignnone\"><a href=\"http:\/\/flieg.fr\/wordpress\/wp-content\/uploads\/2012\/04\/P4160546.jpg\"><img loading=\"lazy\" decoding=\"async\" aria-describedby=\"caption-attachment-478\" class=\"size-medium wp-image-478\" title=\"OLYMPUS DIGITAL CAMERA\" src=\"http:\/\/flieg.fr\/wordpress\/wp-content\/uploads\/2012\/04\/P4160546-225x300.jpg\" alt=\"\" width=\"225\" height=\"300\" srcset=\"https:\/\/www.flieg.fr\/wordpress\/wp-content\/uploads\/2012\/04\/P4160546-225x300.jpg 225w, https:\/\/www.flieg.fr\/wordpress\/wp-content\/uploads\/2012\/04\/P4160546-768x1024.jpg 768w, https:\/\/www.flieg.fr\/wordpress\/wp-content\/uploads\/2012\/04\/P4160546-624x832.jpg 624w, https:\/\/www.flieg.fr\/wordpress\/wp-content\/uploads\/2012\/04\/P4160546.jpg 1536w\" sizes=\"auto, (max-width: 225px) 100vw, 225px\" \/><\/a><p id=\"caption-attachment-478\" class=\"wp-caption-text\">un caf\u00e9 bienvenu<\/p><\/div>\n<p>Un bonheur de manger \u00e0 l&rsquo;abri. On repart et on arrive \u00e0 15h30 chez Val\u00e9rie \u00e0 Pechpeyroux.<\/p>\n<div id=\"attachment_481\" style=\"width: 310px\" class=\"wp-caption alignnone\"><a href=\"http:\/\/flieg.fr\/wordpress\/wp-content\/uploads\/2012\/04\/P4170558.jpg\"><img loading=\"lazy\" decoding=\"async\" aria-describedby=\"caption-attachment-481\" class=\"size-medium wp-image-481\" title=\"OLYMPUS DIGITAL CAMERA\" src=\"http:\/\/flieg.fr\/wordpress\/wp-content\/uploads\/2012\/04\/P4170558-300x225.jpg\" alt=\"\" width=\"300\" height=\"225\" srcset=\"https:\/\/www.flieg.fr\/wordpress\/wp-content\/uploads\/2012\/04\/P4170558-300x225.jpg 300w, https:\/\/www.flieg.fr\/wordpress\/wp-content\/uploads\/2012\/04\/P4170558-1024x768.jpg 1024w, https:\/\/www.flieg.fr\/wordpress\/wp-content\/uploads\/2012\/04\/P4170558-624x468.jpg 624w, https:\/\/www.flieg.fr\/wordpress\/wp-content\/uploads\/2012\/04\/P4170558.jpg 2048w\" sizes=\"auto, (max-width: 300px) 100vw, 300px\" \/><\/a><p id=\"caption-attachment-481\" class=\"wp-caption-text\">Pechpeyroux (11 habitants en hiver)<\/p><\/div>\n<p>Michelle planifie les etapes suivantes et appelle les h\u00e9bergements et moi je fais le compte rendu. Certains h\u00e9bergements sont d\u00e9j\u00e0 complets pour dimanche prochain! Il faut dire que certains p\u00e8lerins d\u00e9marrent aussi en cours de chemin (\u00e0 Figeac, \u00e0 Moissac) et plus on avance dans le calendrier, plus il ya de p\u00e8lerins. Apparemment les p\u00e8lerins qui envisagent de faire le chemin d&rsquo;une traite sont plut\u00f4t rares.<\/p>\n<p>Michelle fait aussi la lessive chaque soir. En compensation je porte plus lourd toute la journ\u00e9e. A 17h, arrive Val\u00e9rie chez qui nous une chambre d&rsquo;h\u00f4tes ce soir.<\/p>\n<a href=\"http:\/\/flieg.fr\/wordpress\/wp-content\/uploads\/2012\/04\/P4160556.jpg\"><img loading=\"lazy\" decoding=\"async\" class=\"size-medium wp-image-479\" title=\"OLYMPUS DIGITAL CAMERA\" src=\"http:\/\/flieg.fr\/wordpress\/wp-content\/uploads\/2012\/04\/P4160556-300x225.jpg\" alt=\"\" width=\"300\" height=\"225\" srcset=\"https:\/\/www.flieg.fr\/wordpress\/wp-content\/uploads\/2012\/04\/P4160556-300x225.jpg 300w, https:\/\/www.flieg.fr\/wordpress\/wp-content\/uploads\/2012\/04\/P4160556-1024x768.jpg 1024w, https:\/\/www.flieg.fr\/wordpress\/wp-content\/uploads\/2012\/04\/P4160556-624x468.jpg 624w, https:\/\/www.flieg.fr\/wordpress\/wp-content\/uploads\/2012\/04\/P4160556.jpg 2048w\" sizes=\"auto, (max-width: 300px) 100vw, 300px\" \/><\/a>\n<p>Il y a 86 statuettes de chien pos\u00e9es sur les \u00e9tag\u00e8res de la chambre. Le plus petit chien ne fait pas plus d&rsquo;un centim\u00e8tre et le plus grand (30cm), porte un panonceau \u00ab\u00a0welcome autour du cou). On sera bien gard\u00e9s.<br \/>\nJ&rsquo;ai le privil\u00e8ge d&rsquo;avoir un chevet de lit sans chiens. La maison est gel\u00e9e. Nous poussons le radiateur \u00e9lectrique \u00e0 fond et nous mettons les polaires. Ce soir chez Val\u00e9rie nous sommes 26 : Val\u00e9rie, nous deux, trois chiens et six chats, dehors six chevaux en retraite et six chevaux en pension et deux poneys \u00e0 vendre.<\/p>\n<div id=\"attachment_477\" style=\"width: 310px\" class=\"wp-caption alignnone\"><a href=\"http:\/\/flieg.fr\/wordpress\/wp-content\/uploads\/2012\/04\/P4170557.jpg\"><img loading=\"lazy\" decoding=\"async\" aria-describedby=\"caption-attachment-477\" class=\"size-medium wp-image-477\" title=\"OLYMPUS DIGITAL CAMERA\" src=\"http:\/\/flieg.fr\/wordpress\/wp-content\/uploads\/2012\/04\/P4170557-300x225.jpg\" alt=\"\" width=\"300\" height=\"225\" srcset=\"https:\/\/www.flieg.fr\/wordpress\/wp-content\/uploads\/2012\/04\/P4170557-300x225.jpg 300w, https:\/\/www.flieg.fr\/wordpress\/wp-content\/uploads\/2012\/04\/P4170557-1024x768.jpg 1024w, https:\/\/www.flieg.fr\/wordpress\/wp-content\/uploads\/2012\/04\/P4170557-624x468.jpg 624w, https:\/\/www.flieg.fr\/wordpress\/wp-content\/uploads\/2012\/04\/P4170557.jpg 2048w\" sizes=\"auto, (max-width: 300px) 100vw, 300px\" \/><\/a><p id=\"caption-attachment-477\" class=\"wp-caption-text\">le poney de Val\u00e9rie<\/p><\/div>\n<p>&nbsp;<\/p>\n","protected":false},"excerpt":{"rendered":"<p>Lundi 16 avril On se l\u00e8ve \u00e0 7h00 comme d&rsquo;habitude, mais cette fois on prend le bus&#8230; pour nous rendre \u00e0 Intersports dans la banlieue commerciame de Cahors. Difficile d&rsquo;y acc\u00e9der \u00e0 pied \u00e0 travers l&rsquo;entrelacs de 4 voies et de ronds-points sans trottoir. A intersports, il faut nous contenter des capes de pluie restantes. [&hellip;]<\/p>\n","protected":false},"author":3,"featured_media":0,"parent":0,"menu_order":0,"comment_status":"open","ping_status":"open","template":"","meta":{"footnotes":""},"class_list":["post-458","page","type-page","status-publish","hentry"],"_links":{"self":[{"href":"https:\/\/www.flieg.fr\/index.php?rest_route=\/wp\/v2\/pages\/458","targetHints":{"allow":["GET"]}}],"collection":[{"href":"https:\/\/www.flieg.fr\/index.php?rest_route=\/wp\/v2\/pages"}],"about":[{"href":"https:\/\/www.flieg.fr\/index.php?rest_route=\/wp\/v2\/types\/page"}],"author":[{"embeddable":true,"href":"https:\/\/www.flieg.fr\/index.php?rest_route=\/wp\/v2\/users\/3"}],"replies":[{"embeddable":true,"href":"https:\/\/www.flieg.fr\/index.php?rest_route=%2Fwp%2Fv2%2Fcomments&post=458"}],"version-history":[{"count":11,"href":"https:\/\/www.flieg.fr\/index.php?rest_route=\/wp\/v2\/pages\/458\/revisions"}],"predecessor-version":[{"id":2405,"href":"https:\/\/www.flieg.fr\/index.php?rest_route=\/wp\/v2\/pages\/458\/revisions\/2405"}],"wp:attachment":[{"href":"https:\/\/www.flieg.fr\/index.php?rest_route=%2Fwp%2Fv2%2Fmedia&parent=458"}],"curies":[{"name":"wp","href":"https:\/\/api.w.org\/{rel}","templated":true}]}}