{"id":430,"date":"2012-04-15T18:24:12","date_gmt":"2012-04-15T17:24:12","guid":{"rendered":"http:\/\/flieg.fr\/?page_id=430"},"modified":"2023-03-21T10:44:47","modified_gmt":"2023-03-21T09:44:47","slug":"jour-19-etape-18-de-poudally-a-cahors-17-km","status":"publish","type":"page","link":"https:\/\/www.flieg.fr\/?page_id=430","title":{"rendered":"jour 19 : \u00e9tape 18 de Poudally \u00e0 Cahors 17 km"},"content":{"rendered":"<p>Dimanche 15 avril 2012<br \/>\nObjectif du jour : H\u00f4tel Le Valentr\u00e9 Cahors<br \/>\nCourte \u00e9tape aujourd&rsquo;hui. 17 km. Les quatre pipelettes partent en premier. On d\u00e9couvre un vieux moulin en ruine au bord du chemin. A l&rsquo;int\u00e9rieur, deux immenses meules actionn\u00e9es par des turbines m\u00e9talliques.<\/p>\n<div id=\"attachment_452\" style=\"width: 310px\" class=\"wp-caption alignnone\"><a href=\"http:\/\/flieg.fr\/wordpress\/wp-content\/uploads\/2012\/04\/P4150507.jpg\"><img loading=\"lazy\" decoding=\"async\" aria-describedby=\"caption-attachment-452\" class=\"size-medium wp-image-452\" title=\"OLYMPUS DIGITAL CAMERA\" src=\"http:\/\/flieg.fr\/wordpress\/wp-content\/uploads\/2012\/04\/P4150507-300x225.jpg\" alt=\"\" width=\"300\" height=\"225\" srcset=\"https:\/\/www.flieg.fr\/wordpress\/wp-content\/uploads\/2012\/04\/P4150507-300x225.jpg 300w, https:\/\/www.flieg.fr\/wordpress\/wp-content\/uploads\/2012\/04\/P4150507-1024x768.jpg 1024w, https:\/\/www.flieg.fr\/wordpress\/wp-content\/uploads\/2012\/04\/P4150507-624x468.jpg 624w, https:\/\/www.flieg.fr\/wordpress\/wp-content\/uploads\/2012\/04\/P4150507.jpg 2048w\" sizes=\"auto, (max-width: 300px) 100vw, 300px\" \/><\/a><p id=\"caption-attachment-452\" class=\"wp-caption-text\">tuy\u00e8res et turbines dans un moulin en ruines!<\/p><\/div>\n<p>Un peu plus loin, une magnifique gariotte (abri de berger).<\/p>\n<div id=\"attachment_453\" style=\"width: 310px\" class=\"wp-caption alignnone\"><a href=\"http:\/\/flieg.fr\/wordpress\/wp-content\/uploads\/2012\/04\/P41505151.jpg\"><img loading=\"lazy\" decoding=\"async\" aria-describedby=\"caption-attachment-453\" class=\"size-medium wp-image-453\" title=\"OLYMPUS DIGITAL CAMERA\" src=\"http:\/\/flieg.fr\/wordpress\/wp-content\/uploads\/2012\/04\/P41505151-300x225.jpg\" alt=\"\" width=\"300\" height=\"225\" srcset=\"https:\/\/www.flieg.fr\/wordpress\/wp-content\/uploads\/2012\/04\/P41505151-300x225.jpg 300w, https:\/\/www.flieg.fr\/wordpress\/wp-content\/uploads\/2012\/04\/P41505151-1024x768.jpg 1024w, https:\/\/www.flieg.fr\/wordpress\/wp-content\/uploads\/2012\/04\/P41505151-624x468.jpg 624w, https:\/\/www.flieg.fr\/wordpress\/wp-content\/uploads\/2012\/04\/P41505151.jpg 2048w\" sizes=\"auto, (max-width: 300px) 100vw, 300px\" \/><\/a><p id=\"caption-attachment-453\" class=\"wp-caption-text\">gariotte<\/p><\/div>\n<p>Parfois, quand on voit ce qui nous attend, on a envie de raccrocher son sac.<\/p>\n<p>&nbsp;<\/p>\n<div id=\"attachment_483\" style=\"width: 235px\" class=\"wp-caption alignnone\"><a href=\"http:\/\/flieg.fr\/wordpress\/wp-content\/uploads\/2012\/04\/P41505192.jpg\"><img loading=\"lazy\" decoding=\"async\" aria-describedby=\"caption-attachment-483\" class=\"size-medium wp-image-483\" title=\"OLYMPUS DIGITAL CAMERA\" src=\"http:\/\/flieg.fr\/wordpress\/wp-content\/uploads\/2012\/04\/P41505192-225x300.jpg\" alt=\"\" width=\"225\" height=\"300\" srcset=\"https:\/\/www.flieg.fr\/wordpress\/wp-content\/uploads\/2012\/04\/P41505192-225x300.jpg 225w, https:\/\/www.flieg.fr\/wordpress\/wp-content\/uploads\/2012\/04\/P41505192-768x1024.jpg 768w, https:\/\/www.flieg.fr\/wordpress\/wp-content\/uploads\/2012\/04\/P41505192-624x832.jpg 624w, https:\/\/www.flieg.fr\/wordpress\/wp-content\/uploads\/2012\/04\/P41505192.jpg 1536w\" sizes=\"auto, (max-width: 225px) 100vw, 225px\" \/><\/a><p id=\"caption-attachment-483\" class=\"wp-caption-text\">y en a marre!<\/p><\/div>\n<p>Mais non, le chemin tourne \u00e0 gauche, \u00e0 plat.<br \/>\nPlus loin, sur un chemin de terre, plusieurs voitures viennent \u00e0 notre rencontre. La plupart ralentissent et on partage l&rsquo;espace en bonne intelligence. Une voiture arrive en prenant toute la place avec arrogance. Vous me connaissez. Je garde aussit\u00f4t mon espace pi\u00e9ton avec une \u00e9quivalente arrogance. Mon coude et son r\u00e9troviseur pr\u00e9tendaient au m\u00eame espace . Et paf! Le retroviseur se retrouve repli\u00e9. Non mais! L&rsquo;honneur est sauf.<\/p>\n<p>Cahors se r\u00e9v\u00e8le bien plus accueillant que Figeac. A peine travers\u00e9 le pont Louis Philippe qui enjambe le Lot, il y a&nbsp;l&rsquo;octroi, un petit \u00e9difice construit sur le bord du pont \u00e0 l&rsquo;entr\u00e9e de Cahors. Jadis, les visiteurs devaient y payer une taxe pour entrer dans la ville. Aujourd&rsquo;hui, c&rsquo;est tout le contraire. Nous y sommes accueillis par des b\u00e9n\u00e9voles. G\u00e2teaux, caf\u00e9s, pruneaux, plans, explications. Tout ce qu&rsquo;il faut savoir sur Cahors avec une gentillese et une comp\u00e9tence rare. Ma cape de pluie s&rsquo;\u00e9tant d\u00e9chir\u00e9e, nous projetions de passer par Intersports demain matin, dans la zone commerciale.<\/p>\n<p>Eh bien, on nous a indiqu\u00e9 quel bus prendre, o\u00f9, quand. Et comment rejoindre ensuite le GR \u00e0 pied \u00e0 partir de l\u00e0.<\/p>\n<p>&nbsp;A l&rsquo;h\u00f4tel la r\u00e9ceptionniste nous a acceuillis tout sourire et nous a donn\u00e9 un plan indiquant les rares restaurants ouverts hors saison un dimanche soir.<\/p>\n<p>A la cath\u00e9drale, un b\u00e9n\u00e9vole attendait les rares p\u00e8lerins pour tamponner leur cr\u00e9anciale (15000 dans l&rsquo;ann\u00e9e, quand m\u00eame).<br \/>\nOn a visit\u00e9 la cath\u00e9drale et la vieille ville.<\/p>\n<div id=\"attachment_449\" style=\"width: 310px\" class=\"wp-caption alignnone\"><a href=\"http:\/\/flieg.fr\/wordpress\/wp-content\/uploads\/2012\/04\/P4150531.jpg\"><img loading=\"lazy\" decoding=\"async\" aria-describedby=\"caption-attachment-449\" class=\"size-medium wp-image-449\" title=\"OLYMPUS DIGITAL CAMERA\" src=\"http:\/\/flieg.fr\/wordpress\/wp-content\/uploads\/2012\/04\/P4150531-300x225.jpg\" alt=\"\" width=\"300\" height=\"225\" srcset=\"https:\/\/www.flieg.fr\/wordpress\/wp-content\/uploads\/2012\/04\/P4150531-300x225.jpg 300w, https:\/\/www.flieg.fr\/wordpress\/wp-content\/uploads\/2012\/04\/P4150531-1024x768.jpg 1024w, https:\/\/www.flieg.fr\/wordpress\/wp-content\/uploads\/2012\/04\/P4150531-624x468.jpg 624w, https:\/\/www.flieg.fr\/wordpress\/wp-content\/uploads\/2012\/04\/P4150531.jpg 2048w\" sizes=\"auto, (max-width: 300px) 100vw, 300px\" \/><\/a><p id=\"caption-attachment-449\" class=\"wp-caption-text\">le choeur de la cath\u00e9drale Saint-Etienne<\/p><\/div>\n<div id=\"attachment_448\" style=\"width: 310px\" class=\"wp-caption alignnone\"><a href=\"http:\/\/flieg.fr\/wordpress\/wp-content\/uploads\/2012\/04\/P4150529.jpg\"><img loading=\"lazy\" decoding=\"async\" aria-describedby=\"caption-attachment-448\" class=\"size-medium wp-image-448\" title=\"OLYMPUS DIGITAL CAMERA\" src=\"http:\/\/flieg.fr\/wordpress\/wp-content\/uploads\/2012\/04\/P4150529-300x225.jpg\" alt=\"\" width=\"300\" height=\"225\" srcset=\"https:\/\/www.flieg.fr\/wordpress\/wp-content\/uploads\/2012\/04\/P4150529-300x225.jpg 300w, https:\/\/www.flieg.fr\/wordpress\/wp-content\/uploads\/2012\/04\/P4150529-1024x768.jpg 1024w, https:\/\/www.flieg.fr\/wordpress\/wp-content\/uploads\/2012\/04\/P4150529-624x468.jpg 624w, https:\/\/www.flieg.fr\/wordpress\/wp-content\/uploads\/2012\/04\/P4150529.jpg 2048w\" sizes=\"auto, (max-width: 300px) 100vw, 300px\" \/><\/a><p id=\"caption-attachment-448\" class=\"wp-caption-text\">le pont Valentr\u00e9 au dessus du Lot \u00e0 Cahors<\/p><\/div>\n<p>Il fait un froid de canard. On s&rsquo;est r\u00e9fugi\u00e9s dans une brasserie pour diner d\u00e8s 18h!<br \/>\nNombre de km au compteur : 345<\/p>\n","protected":false},"excerpt":{"rendered":"<p>Dimanche 15 avril 2012 Objectif du jour : H\u00f4tel Le Valentr\u00e9 Cahors Courte \u00e9tape aujourd&rsquo;hui. 17 km. Les quatre pipelettes partent en premier. On d\u00e9couvre un vieux moulin en ruine au bord du chemin. A l&rsquo;int\u00e9rieur, deux immenses meules actionn\u00e9es par des turbines m\u00e9talliques. Un peu plus loin, une magnifique gariotte (abri de berger). Parfois, [&hellip;]<\/p>\n","protected":false},"author":3,"featured_media":0,"parent":0,"menu_order":0,"comment_status":"open","ping_status":"open","template":"","meta":{"footnotes":""},"class_list":["post-430","page","type-page","status-publish","hentry"],"_links":{"self":[{"href":"https:\/\/www.flieg.fr\/index.php?rest_route=\/wp\/v2\/pages\/430","targetHints":{"allow":["GET"]}}],"collection":[{"href":"https:\/\/www.flieg.fr\/index.php?rest_route=\/wp\/v2\/pages"}],"about":[{"href":"https:\/\/www.flieg.fr\/index.php?rest_route=\/wp\/v2\/types\/page"}],"author":[{"embeddable":true,"href":"https:\/\/www.flieg.fr\/index.php?rest_route=\/wp\/v2\/users\/3"}],"replies":[{"embeddable":true,"href":"https:\/\/www.flieg.fr\/index.php?rest_route=%2Fwp%2Fv2%2Fcomments&post=430"}],"version-history":[{"count":11,"href":"https:\/\/www.flieg.fr\/index.php?rest_route=\/wp\/v2\/pages\/430\/revisions"}],"predecessor-version":[{"id":2403,"href":"https:\/\/www.flieg.fr\/index.php?rest_route=\/wp\/v2\/pages\/430\/revisions\/2403"}],"wp:attachment":[{"href":"https:\/\/www.flieg.fr\/index.php?rest_route=%2Fwp%2Fv2%2Fmedia&parent=430"}],"curies":[{"name":"wp","href":"https:\/\/api.w.org\/{rel}","templated":true}]}}

jour 19 : étape 18 de Poudally à Cahors 17 km

<p>Dimanche 15 avril 2012<br />
Objectif du jour : Hôtel Le Valentré Cahors<br />
Courte étape aujourd&rsquo;hui. 17 km. Les quatre pipelettes partent en premier. On découvre un vieux moulin en ruine au bord du chemin. A l&rsquo;intérieur, deux immenses meules actionnées par des turbines métalliques.</p>
<div id="attachment_452" style="width: 310px" class="wp-caption alignnone"><a href="http://flieg.fr/wordpress/wp-content/uploads/2012/04/P4150507.jpg"><img loading="lazy" decoding="async" aria-describedby="caption-attachment-452" class="size-medium wp-image-452" title="OLYMPUS DIGITAL CAMERA" src="http://flieg.fr/wordpress/wp-content/uploads/2012/04/P4150507-300x225.jpg" alt="" width="300" height="225" srcset="https://www.flieg.fr/wordpress/wp-content/uploads/2012/04/P4150507-300x225.jpg 300w, https://www.flieg.fr/wordpress/wp-content/uploads/2012/04/P4150507-1024x768.jpg 1024w, https://www.flieg.fr/wordpress/wp-content/uploads/2012/04/P4150507-624x468.jpg 624w, https://www.flieg.fr/wordpress/wp-content/uploads/2012/04/P4150507.jpg 2048w" sizes="auto, (max-width: 300px) 100vw, 300px" /></a><p id="caption-attachment-452" class="wp-caption-text">tuyères et turbines dans un moulin en ruines!</p></div>
<p>Un peu plus loin, une magnifique gariotte (abri de berger).</p>
<div id="attachment_453" style="width: 310px" class="wp-caption alignnone"><a href="http://flieg.fr/wordpress/wp-content/uploads/2012/04/P41505151.jpg"><img loading="lazy" decoding="async" aria-describedby="caption-attachment-453" class="size-medium wp-image-453" title="OLYMPUS DIGITAL CAMERA" src="http://flieg.fr/wordpress/wp-content/uploads/2012/04/P41505151-300x225.jpg" alt="" width="300" height="225" srcset="https://www.flieg.fr/wordpress/wp-content/uploads/2012/04/P41505151-300x225.jpg 300w, https://www.flieg.fr/wordpress/wp-content/uploads/2012/04/P41505151-1024x768.jpg 1024w, https://www.flieg.fr/wordpress/wp-content/uploads/2012/04/P41505151-624x468.jpg 624w, https://www.flieg.fr/wordpress/wp-content/uploads/2012/04/P41505151.jpg 2048w" sizes="auto, (max-width: 300px) 100vw, 300px" /></a><p id="caption-attachment-453" class="wp-caption-text">gariotte</p></div>
<p>Parfois, quand on voit ce qui nous attend, on a envie de raccrocher son sac.</p>
<p>&nbsp;</p>
<div id="attachment_483" style="width: 235px" class="wp-caption alignnone"><a href="http://flieg.fr/wordpress/wp-content/uploads/2012/04/P41505192.jpg"><img loading="lazy" decoding="async" aria-describedby="caption-attachment-483" class="size-medium wp-image-483" title="OLYMPUS DIGITAL CAMERA" src="http://flieg.fr/wordpress/wp-content/uploads/2012/04/P41505192-225x300.jpg" alt="" width="225" height="300" srcset="https://www.flieg.fr/wordpress/wp-content/uploads/2012/04/P41505192-225x300.jpg 225w, https://www.flieg.fr/wordpress/wp-content/uploads/2012/04/P41505192-768x1024.jpg 768w, https://www.flieg.fr/wordpress/wp-content/uploads/2012/04/P41505192-624x832.jpg 624w, https://www.flieg.fr/wordpress/wp-content/uploads/2012/04/P41505192.jpg 1536w" sizes="auto, (max-width: 225px) 100vw, 225px" /></a><p id="caption-attachment-483" class="wp-caption-text">y en a marre!</p></div>
<p>Mais non, le chemin tourne à gauche, à plat.<br />
Plus loin, sur un chemin de terre, plusieurs voitures viennent à notre rencontre. La plupart ralentissent et on partage l&rsquo;espace en bonne intelligence. Une voiture arrive en prenant toute la place avec arrogance. Vous me connaissez. Je garde aussitôt mon espace piéton avec une équivalente arrogance. Mon coude et son rétroviseur prétendaient au même espace . Et paf! Le retroviseur se retrouve replié. Non mais! L&rsquo;honneur est sauf.</p>
<p>Cahors se révèle bien plus accueillant que Figeac. A peine traversé le pont Louis Philippe qui enjambe le Lot, il y a&nbsp;l&rsquo;octroi, un petit édifice construit sur le bord du pont à l&rsquo;entrée de Cahors. Jadis, les visiteurs devaient y payer une taxe pour entrer dans la ville. Aujourd&rsquo;hui, c&rsquo;est tout le contraire. Nous y sommes accueillis par des bénévoles. Gâteaux, cafés, pruneaux, plans, explications. Tout ce qu&rsquo;il faut savoir sur Cahors avec une gentillese et une compétence rare. Ma cape de pluie s&rsquo;étant déchirée, nous projetions de passer par Intersports demain matin, dans la zone commerciale.</p>
<p>Eh bien, on nous a indiqué quel bus prendre, où, quand. Et comment rejoindre ensuite le GR à pied à partir de là.</p>
<p>&nbsp;A l&rsquo;hôtel la réceptionniste nous a acceuillis tout sourire et nous a donné un plan indiquant les rares restaurants ouverts hors saison un dimanche soir.</p>
<p>A la cathédrale, un bénévole attendait les rares pèlerins pour tamponner leur créanciale (15000 dans l&rsquo;année, quand même).<br />
On a visité la cathédrale et la vieille ville.</p>
<div id="attachment_449" style="width: 310px" class="wp-caption alignnone"><a href="http://flieg.fr/wordpress/wp-content/uploads/2012/04/P4150531.jpg"><img loading="lazy" decoding="async" aria-describedby="caption-attachment-449" class="size-medium wp-image-449" title="OLYMPUS DIGITAL CAMERA" src="http://flieg.fr/wordpress/wp-content/uploads/2012/04/P4150531-300x225.jpg" alt="" width="300" height="225" srcset="https://www.flieg.fr/wordpress/wp-content/uploads/2012/04/P4150531-300x225.jpg 300w, https://www.flieg.fr/wordpress/wp-content/uploads/2012/04/P4150531-1024x768.jpg 1024w, https://www.flieg.fr/wordpress/wp-content/uploads/2012/04/P4150531-624x468.jpg 624w, https://www.flieg.fr/wordpress/wp-content/uploads/2012/04/P4150531.jpg 2048w" sizes="auto, (max-width: 300px) 100vw, 300px" /></a><p id="caption-attachment-449" class="wp-caption-text">le choeur de la cathédrale Saint-Etienne</p></div>
<div id="attachment_448" style="width: 310px" class="wp-caption alignnone"><a href="http://flieg.fr/wordpress/wp-content/uploads/2012/04/P4150529.jpg"><img loading="lazy" decoding="async" aria-describedby="caption-attachment-448" class="size-medium wp-image-448" title="OLYMPUS DIGITAL CAMERA" src="http://flieg.fr/wordpress/wp-content/uploads/2012/04/P4150529-300x225.jpg" alt="" width="300" height="225" srcset="https://www.flieg.fr/wordpress/wp-content/uploads/2012/04/P4150529-300x225.jpg 300w, https://www.flieg.fr/wordpress/wp-content/uploads/2012/04/P4150529-1024x768.jpg 1024w, https://www.flieg.fr/wordpress/wp-content/uploads/2012/04/P4150529-624x468.jpg 624w, https://www.flieg.fr/wordpress/wp-content/uploads/2012/04/P4150529.jpg 2048w" sizes="auto, (max-width: 300px) 100vw, 300px" /></a><p id="caption-attachment-448" class="wp-caption-text">le pont Valentré au dessus du Lot à Cahors</p></div>
<p>Il fait un froid de canard. On s&rsquo;est réfugiés dans une brasserie pour diner dès 18h!<br />
Nombre de km au compteur : 345</p>

<p>Dimanche 15 avril 2012 Objectif du jour : Hôtel Le Valentré Cahors Courte étape aujourd&rsquo;hui. 17 km. Les quatre pipelettes partent en premier. On découvre un vieux moulin en ruine au bord du chemin. A l&rsquo;intérieur, deux immenses meules actionnées par des turbines métalliques. Un peu plus loin, une magnifique gariotte (abri de berger). Parfois, [&hellip;]</p>
