{"id":425,"date":"2012-04-14T17:48:56","date_gmt":"2012-04-14T16:48:56","guid":{"rendered":"http:\/\/flieg.fr\/?page_id=425"},"modified":"2023-03-21T10:43:57","modified_gmt":"2023-03-21T09:43:57","slug":"jour-18-etape-17-de-limogne-en-quercy-a-poudally-20km","status":"publish","type":"page","link":"https:\/\/www.flieg.fr\/?page_id=425","title":{"rendered":"jour 18 : \u00e9tape 17 de Limogne en Quercy \u00e0 Poudally 20km"},"content":{"rendered":"<p>Samedi 14 avril 2012<br \/>\nObjectif du jour : le mas de Poudally<br \/>\nNous partons les premiers. Les allemands ont le m\u00eame objectif du jour que nous. Le ciel est gris et les nuages un peu mena\u00e7ants, mais sans plus. On double une vieille dame et plus loin un groupe de quatre fran\u00e7ais. A 11h on arrive \u00e0 Varaire o\u00f9 se trouve la seule \u00e9picerie sur notre chemin. Nous achetons de quoi faire un sandwich. Nous repartons sous un ciel changeant, mais nous n&rsquo;aurons pas de pluie toute la journ\u00e9e. Les paysages sont beaux. Une statue Saint Jacques au bord du chemin.<\/p>\n<div id=\"attachment_439\" style=\"width: 310px\" class=\"wp-caption alignnone\"><a href=\"http:\/\/flieg.fr\/wordpress\/wp-content\/uploads\/2012\/04\/P4140501.jpg\"><img loading=\"lazy\" decoding=\"async\" aria-describedby=\"caption-attachment-439\" class=\"size-medium wp-image-439\" title=\"OLYMPUS DIGITAL CAMERA\" src=\"http:\/\/flieg.fr\/wordpress\/wp-content\/uploads\/2012\/04\/P4140501-300x225.jpg\" alt=\"\" width=\"300\" height=\"225\" srcset=\"https:\/\/www.flieg.fr\/wordpress\/wp-content\/uploads\/2012\/04\/P4140501-300x225.jpg 300w, https:\/\/www.flieg.fr\/wordpress\/wp-content\/uploads\/2012\/04\/P4140501-1024x768.jpg 1024w, https:\/\/www.flieg.fr\/wordpress\/wp-content\/uploads\/2012\/04\/P4140501-624x468.jpg 624w, https:\/\/www.flieg.fr\/wordpress\/wp-content\/uploads\/2012\/04\/P4140501.jpg 2048w\" sizes=\"auto, (max-width: 300px) 100vw, 300px\" \/><\/a><p id=\"caption-attachment-439\" class=\"wp-caption-text\">Saint-Jacques avec un sabot en ex voto<\/p><\/div>\n<p>Un puits.<\/p>\n<p><a href=\"http:\/\/flieg.fr\/wordpress\/wp-content\/uploads\/2012\/04\/P4140497.jpg\"><img loading=\"lazy\" decoding=\"async\" class=\"alignnone size-medium wp-image-441\" title=\"OLYMPUS DIGITAL CAMERA\" src=\"http:\/\/flieg.fr\/wordpress\/wp-content\/uploads\/2012\/04\/P4140497-300x225.jpg\" alt=\"\" width=\"300\" height=\"225\" srcset=\"https:\/\/www.flieg.fr\/wordpress\/wp-content\/uploads\/2012\/04\/P4140497-300x225.jpg 300w, https:\/\/www.flieg.fr\/wordpress\/wp-content\/uploads\/2012\/04\/P4140497-1024x768.jpg 1024w, https:\/\/www.flieg.fr\/wordpress\/wp-content\/uploads\/2012\/04\/P4140497-624x468.jpg 624w, https:\/\/www.flieg.fr\/wordpress\/wp-content\/uploads\/2012\/04\/P4140497.jpg 2048w\" sizes=\"auto, (max-width: 300px) 100vw, 300px\" \/><\/a><\/p>\n<p>Un banc (tr\u00e8s tr\u00e8s rare) que nous nous h\u00e2tons d&rsquo;occuper pour prendre notre casse-croute de midi.<\/p>\n<div id=\"attachment_440\" style=\"width: 310px\" class=\"wp-caption alignnone\"><a href=\"http:\/\/flieg.fr\/wordpress\/wp-content\/uploads\/2012\/04\/P4140499.jpg\"><img loading=\"lazy\" decoding=\"async\" aria-describedby=\"caption-attachment-440\" class=\"size-medium wp-image-440\" title=\"OLYMPUS DIGITAL CAMERA\" src=\"http:\/\/flieg.fr\/wordpress\/wp-content\/uploads\/2012\/04\/P4140499-300x225.jpg\" alt=\"\" width=\"300\" height=\"225\" srcset=\"https:\/\/www.flieg.fr\/wordpress\/wp-content\/uploads\/2012\/04\/P4140499-300x225.jpg 300w, https:\/\/www.flieg.fr\/wordpress\/wp-content\/uploads\/2012\/04\/P4140499-1024x768.jpg 1024w, https:\/\/www.flieg.fr\/wordpress\/wp-content\/uploads\/2012\/04\/P4140499-624x468.jpg 624w, https:\/\/www.flieg.fr\/wordpress\/wp-content\/uploads\/2012\/04\/P4140499.jpg 2048w\" sizes=\"auto, (max-width: 300px) 100vw, 300px\" \/><\/a><p id=\"caption-attachment-440\" class=\"wp-caption-text\">le banc pour p\u00e8lerins dans le village de Bach<\/p><\/div>\n<p>On n&rsquo;entend que le p\u00e9piement des oiseaux, le clocher sonne l&rsquo;ang\u00e9lus. Un groupe de quatre p\u00e8lerines monte le chemin en discutant \u00e0 qui mieux mieux. De vraies pipelettes. Elles nous prennent en photo au passage. Nous reprenons la route et au bout de 10km, le gite de Poudally.<\/p>\n<div id=\"attachment_442\" style=\"width: 310px\" class=\"wp-caption alignnone\"><a href=\"http:\/\/flieg.fr\/wordpress\/wp-content\/uploads\/2012\/04\/P4140504.jpg\"><img loading=\"lazy\" decoding=\"async\" aria-describedby=\"caption-attachment-442\" class=\"size-medium wp-image-442\" title=\"OLYMPUS DIGITAL CAMERA\" src=\"http:\/\/flieg.fr\/wordpress\/wp-content\/uploads\/2012\/04\/P4140504-300x225.jpg\" alt=\"\" width=\"300\" height=\"225\" srcset=\"https:\/\/www.flieg.fr\/wordpress\/wp-content\/uploads\/2012\/04\/P4140504-300x225.jpg 300w, https:\/\/www.flieg.fr\/wordpress\/wp-content\/uploads\/2012\/04\/P4140504-1024x768.jpg 1024w, https:\/\/www.flieg.fr\/wordpress\/wp-content\/uploads\/2012\/04\/P4140504-624x468.jpg 624w, https:\/\/www.flieg.fr\/wordpress\/wp-content\/uploads\/2012\/04\/P4140504.jpg 2048w\" sizes=\"auto, (max-width: 300px) 100vw, 300px\" \/><\/a><p id=\"caption-attachment-442\" class=\"wp-caption-text\">le gite de Poudally (partie ancienne)<\/p><\/div>\n<p>Tr\u00e8s confortable, du moins dans la partie toute neuve dans laquelle nous sommes log\u00e9s. Il n&rsquo;est que 14h30, mais le chemin \u00e9tait plat. Caillouteux, boueux, mais plat. Douche-repos.<br \/>\nLe soir, on nous sert une bonne soupe aux croutons gratin\u00e9s, des lasagnes aux courgettes et au saumon et un tiramisu. Nous engrangeons les calories qu&rsquo;il faut. A notre table, les quatre allemands et un jeune couple de Toulouse arriv\u00e9 \u00e0 moto qui s&rsquo;\u00e9tonne de notre p\u00e9riple. A la table \u00e0 c\u00f4t\u00e9 les quatre pipelettes en p\u00e8lerinage bavardent avec entrain. Tout le monde en profite. Ce soir le gite est complet avec 27 personnes.<\/p>\n<p>Bien arriv\u00e9s sans pluie \u00e0 14h30<\/p>\n","protected":false},"excerpt":{"rendered":"<p>Samedi 14 avril 2012 Objectif du jour : le mas de Poudally Nous partons les premiers. Les allemands ont le m\u00eame objectif du jour que nous. Le ciel est gris et les nuages un peu mena\u00e7ants, mais sans plus. On double une vieille dame et plus loin un groupe de quatre fran\u00e7ais. A 11h on [&hellip;]<\/p>\n","protected":false},"author":3,"featured_media":0,"parent":0,"menu_order":0,"comment_status":"open","ping_status":"open","template":"","meta":{"footnotes":""},"class_list":["post-425","page","type-page","status-publish","hentry"],"_links":{"self":[{"href":"https:\/\/www.flieg.fr\/index.php?rest_route=\/wp\/v2\/pages\/425","targetHints":{"allow":["GET"]}}],"collection":[{"href":"https:\/\/www.flieg.fr\/index.php?rest_route=\/wp\/v2\/pages"}],"about":[{"href":"https:\/\/www.flieg.fr\/index.php?rest_route=\/wp\/v2\/types\/page"}],"author":[{"embeddable":true,"href":"https:\/\/www.flieg.fr\/index.php?rest_route=\/wp\/v2\/users\/3"}],"replies":[{"embeddable":true,"href":"https:\/\/www.flieg.fr\/index.php?rest_route=%2Fwp%2Fv2%2Fcomments&post=425"}],"version-history":[{"count":5,"href":"https:\/\/www.flieg.fr\/index.php?rest_route=\/wp\/v2\/pages\/425\/revisions"}],"predecessor-version":[{"id":2402,"href":"https:\/\/www.flieg.fr\/index.php?rest_route=\/wp\/v2\/pages\/425\/revisions\/2402"}],"wp:attachment":[{"href":"https:\/\/www.flieg.fr\/index.php?rest_route=%2Fwp%2Fv2%2Fmedia&parent=425"}],"curies":[{"name":"wp","href":"https:\/\/api.w.org\/{rel}","templated":true}]}}

jour 18 : étape 17 de Limogne en Quercy à Poudally 20km

<p>Samedi 14 avril 2012<br />
Objectif du jour : le mas de Poudally<br />
Nous partons les premiers. Les allemands ont le même objectif du jour que nous. Le ciel est gris et les nuages un peu menaçants, mais sans plus. On double une vieille dame et plus loin un groupe de quatre français. A 11h on arrive à Varaire où se trouve la seule épicerie sur notre chemin. Nous achetons de quoi faire un sandwich. Nous repartons sous un ciel changeant, mais nous n&rsquo;aurons pas de pluie toute la journée. Les paysages sont beaux. Une statue Saint Jacques au bord du chemin.</p>
<div id="attachment_439" style="width: 310px" class="wp-caption alignnone"><a href="http://flieg.fr/wordpress/wp-content/uploads/2012/04/P4140501.jpg"><img loading="lazy" decoding="async" aria-describedby="caption-attachment-439" class="size-medium wp-image-439" title="OLYMPUS DIGITAL CAMERA" src="http://flieg.fr/wordpress/wp-content/uploads/2012/04/P4140501-300x225.jpg" alt="" width="300" height="225" srcset="https://www.flieg.fr/wordpress/wp-content/uploads/2012/04/P4140501-300x225.jpg 300w, https://www.flieg.fr/wordpress/wp-content/uploads/2012/04/P4140501-1024x768.jpg 1024w, https://www.flieg.fr/wordpress/wp-content/uploads/2012/04/P4140501-624x468.jpg 624w, https://www.flieg.fr/wordpress/wp-content/uploads/2012/04/P4140501.jpg 2048w" sizes="auto, (max-width: 300px) 100vw, 300px" /></a><p id="caption-attachment-439" class="wp-caption-text">Saint-Jacques avec un sabot en ex voto</p></div>
<p>Un puits.</p>
<p><a href="http://flieg.fr/wordpress/wp-content/uploads/2012/04/P4140497.jpg"><img loading="lazy" decoding="async" class="alignnone size-medium wp-image-441" title="OLYMPUS DIGITAL CAMERA" src="http://flieg.fr/wordpress/wp-content/uploads/2012/04/P4140497-300x225.jpg" alt="" width="300" height="225" srcset="https://www.flieg.fr/wordpress/wp-content/uploads/2012/04/P4140497-300x225.jpg 300w, https://www.flieg.fr/wordpress/wp-content/uploads/2012/04/P4140497-1024x768.jpg 1024w, https://www.flieg.fr/wordpress/wp-content/uploads/2012/04/P4140497-624x468.jpg 624w, https://www.flieg.fr/wordpress/wp-content/uploads/2012/04/P4140497.jpg 2048w" sizes="auto, (max-width: 300px) 100vw, 300px" /></a></p>
<p>Un banc (très très rare) que nous nous hâtons d&rsquo;occuper pour prendre notre casse-croute de midi.</p>
<div id="attachment_440" style="width: 310px" class="wp-caption alignnone"><a href="http://flieg.fr/wordpress/wp-content/uploads/2012/04/P4140499.jpg"><img loading="lazy" decoding="async" aria-describedby="caption-attachment-440" class="size-medium wp-image-440" title="OLYMPUS DIGITAL CAMERA" src="http://flieg.fr/wordpress/wp-content/uploads/2012/04/P4140499-300x225.jpg" alt="" width="300" height="225" srcset="https://www.flieg.fr/wordpress/wp-content/uploads/2012/04/P4140499-300x225.jpg 300w, https://www.flieg.fr/wordpress/wp-content/uploads/2012/04/P4140499-1024x768.jpg 1024w, https://www.flieg.fr/wordpress/wp-content/uploads/2012/04/P4140499-624x468.jpg 624w, https://www.flieg.fr/wordpress/wp-content/uploads/2012/04/P4140499.jpg 2048w" sizes="auto, (max-width: 300px) 100vw, 300px" /></a><p id="caption-attachment-440" class="wp-caption-text">le banc pour pèlerins dans le village de Bach</p></div>
<p>On n&rsquo;entend que le pépiement des oiseaux, le clocher sonne l&rsquo;angélus. Un groupe de quatre pèlerines monte le chemin en discutant à qui mieux mieux. De vraies pipelettes. Elles nous prennent en photo au passage. Nous reprenons la route et au bout de 10km, le gite de Poudally.</p>
<div id="attachment_442" style="width: 310px" class="wp-caption alignnone"><a href="http://flieg.fr/wordpress/wp-content/uploads/2012/04/P4140504.jpg"><img loading="lazy" decoding="async" aria-describedby="caption-attachment-442" class="size-medium wp-image-442" title="OLYMPUS DIGITAL CAMERA" src="http://flieg.fr/wordpress/wp-content/uploads/2012/04/P4140504-300x225.jpg" alt="" width="300" height="225" srcset="https://www.flieg.fr/wordpress/wp-content/uploads/2012/04/P4140504-300x225.jpg 300w, https://www.flieg.fr/wordpress/wp-content/uploads/2012/04/P4140504-1024x768.jpg 1024w, https://www.flieg.fr/wordpress/wp-content/uploads/2012/04/P4140504-624x468.jpg 624w, https://www.flieg.fr/wordpress/wp-content/uploads/2012/04/P4140504.jpg 2048w" sizes="auto, (max-width: 300px) 100vw, 300px" /></a><p id="caption-attachment-442" class="wp-caption-text">le gite de Poudally (partie ancienne)</p></div>
<p>Très confortable, du moins dans la partie toute neuve dans laquelle nous sommes logés. Il n&rsquo;est que 14h30, mais le chemin était plat. Caillouteux, boueux, mais plat. Douche-repos.<br />
Le soir, on nous sert une bonne soupe aux croutons gratinés, des lasagnes aux courgettes et au saumon et un tiramisu. Nous engrangeons les calories qu&rsquo;il faut. A notre table, les quatre allemands et un jeune couple de Toulouse arrivé à moto qui s&rsquo;étonne de notre périple. A la table à côté les quatre pipelettes en pèlerinage bavardent avec entrain. Tout le monde en profite. Ce soir le gite est complet avec 27 personnes.</p>
<p>Bien arrivés sans pluie à 14h30</p>

<p>Samedi 14 avril 2012 Objectif du jour : le mas de Poudally Nous partons les premiers. Les allemands ont le même objectif du jour que nous. Le ciel est gris et les nuages un peu menaçants, mais sans plus. On double une vieille dame et plus loin un groupe de quatre français. A 11h on [&hellip;]</p>
