{"id":3482,"date":"2025-09-14T18:29:33","date_gmt":"2025-09-14T17:29:33","guid":{"rendered":"https:\/\/www.flieg.fr\/?page_id=3482"},"modified":"2025-09-16T11:46:05","modified_gmt":"2025-09-16T10:46:05","slug":"2025-le-chemin-de-compostelle-de-cluny-au-puy-en-velay","status":"publish","type":"page","link":"https:\/\/www.flieg.fr\/?page_id=3482","title":{"rendered":"2025 : le chemin de Cluny au Puy en Velay"},"content":{"rendered":"<p>&nbsp;<\/p>\n<p>Dernier maillon : de Cluny au Puy en Velay<br \/>\n303 km en 20 jours, soit une moyenne de 15 km par jour. Nous avons d\u00fb limiter les distances parce qu&rsquo;il y a presque chaque jour de gros d\u00e9nivel\u00e9s, entre 400 et 600 m.<\/p>\n<p><a href=\"https:\/\/www.flieg.fr\/wordpress\/wp-content\/uploads\/2025\/09\/Trace-de-Cluny-au-Puy-en-Velay.jpg\"><img loading=\"lazy\" decoding=\"async\" class=\"alignnone size-full wp-image-3500\" src=\"https:\/\/www.flieg.fr\/wordpress\/wp-content\/uploads\/2025\/09\/Trace-de-Cluny-au-Puy-en-Velay.jpg\" alt=\"\" width=\"332\" height=\"448\" srcset=\"https:\/\/www.flieg.fr\/wordpress\/wp-content\/uploads\/2025\/09\/Trace-de-Cluny-au-Puy-en-Velay.jpg 332w, https:\/\/www.flieg.fr\/wordpress\/wp-content\/uploads\/2025\/09\/Trace-de-Cluny-au-Puy-en-Velay-222x300.jpg 222w\" sizes=\"auto, (max-width: 332px) 100vw, 332px\" \/><\/a><\/p>\n<p>Avons nous r\u00e9serv\u00e9 les h\u00e9bergements ?<br \/>\nOui, tous les h\u00e9bergements sont r\u00e9serv\u00e9s.<br \/>\nNous avons rapidement fait le constat que sur ce parcours \u00e0 faible densit\u00e9 d&rsquo;habitants, il n&rsquo;y a que tr\u00e8s peu d&rsquo;h\u00e9bergements et donc il faut tout r\u00e9server avant m\u00eame de partir.<\/p>\n<p>Qu&rsquo;avons-nous modifi\u00e9 dans nos \u00e9quipements ?<br \/>\n&#8211; achat d&rsquo;\u00e9paulettes sp\u00e9cialement rembourr\u00e9es au niveau des bretelles de sacs \u00e0 dos.<br \/>\n&#8211; remplacement du logiciel GPS\u00a0 Iphig\u00e9nie par le logiciel Visorando. Il est meilleur parce que c&rsquo;est une \u00e9quipe alsacienne de Soultz qui l&rsquo;a d\u00e9velopp\u00e9. Voil\u00e0, c&rsquo;est dit.<\/p>\n<p><a href=\"https:\/\/www.flieg.fr\/?page_id=3482\"><img loading=\"lazy\" decoding=\"async\" class=\"alignnone wp-image-3523 size-full\" src=\"https:\/\/www.flieg.fr\/wordpress\/wp-content\/uploads\/2025\/09\/page-precedente.jpg\" alt=\"\" width=\"50\" height=\"50\" \/><\/a><a href=\"https:\/\/www.flieg.fr\/?page_id=3491\"><img loading=\"lazy\" decoding=\"async\" class=\"wp-image-2961 alignright\" src=\"https:\/\/www.flieg.fr\/wordpress\/wp-content\/uploads\/2024\/05\/md_5aeaff6fd71da.jpg\" alt=\"\" width=\"50\" height=\"50\" srcset=\"https:\/\/www.flieg.fr\/wordpress\/wp-content\/uploads\/2024\/05\/md_5aeaff6fd71da.jpg 640w, https:\/\/www.flieg.fr\/wordpress\/wp-content\/uploads\/2024\/05\/md_5aeaff6fd71da-300x300.jpg 300w, https:\/\/www.flieg.fr\/wordpress\/wp-content\/uploads\/2024\/05\/md_5aeaff6fd71da-150x150.jpg 150w, https:\/\/www.flieg.fr\/wordpress\/wp-content\/uploads\/2024\/05\/md_5aeaff6fd71da-624x624.jpg 624w\" sizes=\"auto, (max-width: 50px) 100vw, 50px\" \/><\/a><\/p>\n","protected":false},"excerpt":{"rendered":"<p>&nbsp; Dernier maillon : de Cluny au Puy en Velay 303 km en 20 jours, soit une moyenne de 15 km par jour. Nous avons d\u00fb limiter les distances parce qu&rsquo;il y a presque chaque jour de gros d\u00e9nivel\u00e9s, entre 400 et 600 m. Avons nous r\u00e9serv\u00e9 les h\u00e9bergements ? Oui, tous les h\u00e9bergements sont [&hellip;]<\/p>\n","protected":false},"author":3,"featured_media":0,"parent":0,"menu_order":0,"comment_status":"closed","ping_status":"closed","template":"","meta":{"footnotes":""},"class_list":["post-3482","page","type-page","status-publish","hentry"],"_links":{"self":[{"href":"https:\/\/www.flieg.fr\/index.php?rest_route=\/wp\/v2\/pages\/3482","targetHints":{"allow":["GET"]}}],"collection":[{"href":"https:\/\/www.flieg.fr\/index.php?rest_route=\/wp\/v2\/pages"}],"about":[{"href":"https:\/\/www.flieg.fr\/index.php?rest_route=\/wp\/v2\/types\/page"}],"author":[{"embeddable":true,"href":"https:\/\/www.flieg.fr\/index.php?rest_route=\/wp\/v2\/users\/3"}],"replies":[{"embeddable":true,"href":"https:\/\/www.flieg.fr\/index.php?rest_route=%2Fwp%2Fv2%2Fcomments&post=3482"}],"version-history":[{"count":7,"href":"https:\/\/www.flieg.fr\/index.php?rest_route=\/wp\/v2\/pages\/3482\/revisions"}],"predecessor-version":[{"id":3485,"href":"https:\/\/www.flieg.fr\/index.php?rest_route=\/wp\/v2\/pages\/3482\/revisions\/3485"}],"wp:attachment":[{"href":"https:\/\/www.flieg.fr\/index.php?rest_route=%2Fwp%2Fv2%2Fmedia&parent=3482"}],"curies":[{"name":"wp","href":"https:\/\/api.w.org\/{rel}","templated":true}]}}

<p>&nbsp;</p>
<p>Dernier maillon : de Cluny au Puy en Velay<br />
303 km en 20 jours, soit une moyenne de 15 km par jour. Nous avons dû limiter les distances parce qu&rsquo;il y a presque chaque jour de gros dénivelés, entre 400 et 600 m.</p>
<p><a href="https://www.flieg.fr/wordpress/wp-content/uploads/2025/09/Trace-de-Cluny-au-Puy-en-Velay.jpg"><img loading="lazy" decoding="async" class="alignnone size-full wp-image-3500" src="https://www.flieg.fr/wordpress/wp-content/uploads/2025/09/Trace-de-Cluny-au-Puy-en-Velay.jpg" alt="" width="332" height="448" srcset="https://www.flieg.fr/wordpress/wp-content/uploads/2025/09/Trace-de-Cluny-au-Puy-en-Velay.jpg 332w, https://www.flieg.fr/wordpress/wp-content/uploads/2025/09/Trace-de-Cluny-au-Puy-en-Velay-222x300.jpg 222w" sizes="auto, (max-width: 332px) 100vw, 332px" /></a></p>
<p>Avons nous réservé les hébergements ?<br />
Oui, tous les hébergements sont réservés.<br />
Nous avons rapidement fait le constat que sur ce parcours à faible densité d&rsquo;habitants, il n&rsquo;y a que très peu d&rsquo;hébergements et donc il faut tout réserver avant même de partir.</p>
<p>Qu&rsquo;avons-nous modifié dans nos équipements ?<br />
&#8211; achat d&rsquo;épaulettes spécialement rembourrées au niveau des bretelles de sacs à dos.<br />
&#8211; remplacement du logiciel GPS  Iphigénie par le logiciel Visorando. Il est meilleur parce que c&rsquo;est une équipe alsacienne de Soultz qui l&rsquo;a développé. Voilà, c&rsquo;est dit.</p>
<p><a href="https://www.flieg.fr/?page_id=3482"><img loading="lazy" decoding="async" class="alignnone wp-image-3523 size-full" src="https://www.flieg.fr/wordpress/wp-content/uploads/2025/09/page-precedente.jpg" alt="" width="50" height="50" /></a><a href="https://www.flieg.fr/?page_id=3491"><img loading="lazy" decoding="async" class="wp-image-2961 alignright" src="https://www.flieg.fr/wordpress/wp-content/uploads/2024/05/md_5aeaff6fd71da.jpg" alt="" width="50" height="50" srcset="https://www.flieg.fr/wordpress/wp-content/uploads/2024/05/md_5aeaff6fd71da.jpg 640w, https://www.flieg.fr/wordpress/wp-content/uploads/2024/05/md_5aeaff6fd71da-300x300.jpg 300w, https://www.flieg.fr/wordpress/wp-content/uploads/2024/05/md_5aeaff6fd71da-150x150.jpg 150w, https://www.flieg.fr/wordpress/wp-content/uploads/2024/05/md_5aeaff6fd71da-624x624.jpg 624w" sizes="auto, (max-width: 50px) 100vw, 50px" /></a></p>

<p>&nbsp; Dernier maillon : de Cluny au Puy en Velay 303 km en 20 jours, soit une moyenne de 15 km par jour. Nous avons dû limiter les distances parce qu&rsquo;il y a presque chaque jour de gros dénivelés, entre 400 et 600 m. Avons nous réservé les hébergements ? Oui, tous les hébergements sont [&hellip;]</p>
