{"id":3346,"date":"2024-06-12T19:42:12","date_gmt":"2024-06-12T18:42:12","guid":{"rendered":"https:\/\/www.flieg.fr\/?page_id=3346"},"modified":"2024-06-14T10:47:50","modified_gmt":"2024-06-14T09:47:50","slug":"etape-18-de-saint-gengoux-a-colonges","status":"publish","type":"page","link":"https:\/\/www.flieg.fr\/?page_id=3346","title":{"rendered":"Etape 18 : de Saint-Gengoux \u00e0 Collonges"},"content":{"rendered":"<p style=\"text-align: left;\">Jeudi 13 juin 2024<\/p>\n<p>23,15 km en 6h45.D\u00e9nivel\u00e9 : 295+ et 195-<\/p>\n<p>Cumul 329,11 km moyenne journali\u00e8re 18,28 km<\/p>\n<p>Ce matin, catastrophe : mon t\u00e9l\u00e9phone ne s&rsquo;est pas recharg\u00e9. Le jour o\u00f9 il me faut pouvoir utiliser un max le\u00a0 GPS&#8230;<\/p>\n<p><a href=\"https:\/\/www.flieg.fr\/wordpress\/wp-content\/uploads\/2024\/06\/IMG-20240613-WA0002.jpg\"><img loading=\"lazy\" decoding=\"async\" class=\"alignnone size-large wp-image-3357\" src=\"https:\/\/www.flieg.fr\/wordpress\/wp-content\/uploads\/2024\/06\/IMG-20240613-WA0002-1024x576.jpg\" alt=\"\" width=\"625\" height=\"352\" srcset=\"https:\/\/www.flieg.fr\/wordpress\/wp-content\/uploads\/2024\/06\/IMG-20240613-WA0002-1024x576.jpg 1024w, https:\/\/www.flieg.fr\/wordpress\/wp-content\/uploads\/2024\/06\/IMG-20240613-WA0002-300x169.jpg 300w, https:\/\/www.flieg.fr\/wordpress\/wp-content\/uploads\/2024\/06\/IMG-20240613-WA0002-768x432.jpg 768w, https:\/\/www.flieg.fr\/wordpress\/wp-content\/uploads\/2024\/06\/IMG-20240613-WA0002-1536x864.jpg 1536w, https:\/\/www.flieg.fr\/wordpress\/wp-content\/uploads\/2024\/06\/IMG-20240613-WA0002-624x351.jpg 624w, https:\/\/www.flieg.fr\/wordpress\/wp-content\/uploads\/2024\/06\/IMG-20240613-WA0002.jpg 2048w\" sizes=\"auto, (max-width: 625px) 100vw, 625px\" \/><\/a><\/p>\n<p>Contemplation<\/p>\n<p><a href=\"https:\/\/www.flieg.fr\/wordpress\/wp-content\/uploads\/2024\/06\/IMG-20240613-WA0000.jpg\"><img loading=\"lazy\" decoding=\"async\" class=\"alignnone size-large wp-image-3355\" src=\"https:\/\/www.flieg.fr\/wordpress\/wp-content\/uploads\/2024\/06\/IMG-20240613-WA0000-1024x576.jpg\" alt=\"\" width=\"625\" height=\"352\" srcset=\"https:\/\/www.flieg.fr\/wordpress\/wp-content\/uploads\/2024\/06\/IMG-20240613-WA0000-1024x576.jpg 1024w, https:\/\/www.flieg.fr\/wordpress\/wp-content\/uploads\/2024\/06\/IMG-20240613-WA0000-300x169.jpg 300w, https:\/\/www.flieg.fr\/wordpress\/wp-content\/uploads\/2024\/06\/IMG-20240613-WA0000-768x432.jpg 768w, https:\/\/www.flieg.fr\/wordpress\/wp-content\/uploads\/2024\/06\/IMG-20240613-WA0000-1536x864.jpg 1536w, https:\/\/www.flieg.fr\/wordpress\/wp-content\/uploads\/2024\/06\/IMG-20240613-WA0000-624x351.jpg 624w, https:\/\/www.flieg.fr\/wordpress\/wp-content\/uploads\/2024\/06\/IMG-20240613-WA0000.jpg 2048w\" sizes=\"auto, (max-width: 625px) 100vw, 625px\" \/><\/a><\/p>\n<p>Contemplation<\/p>\n<p><a href=\"https:\/\/www.flieg.fr\/wordpress\/wp-content\/uploads\/2024\/06\/IMG-20240613-WA0004.jpg\"><img loading=\"lazy\" decoding=\"async\" class=\"alignnone size-large wp-image-3358\" src=\"https:\/\/www.flieg.fr\/wordpress\/wp-content\/uploads\/2024\/06\/IMG-20240613-WA0004-1024x576.jpg\" alt=\"\" width=\"625\" height=\"352\" srcset=\"https:\/\/www.flieg.fr\/wordpress\/wp-content\/uploads\/2024\/06\/IMG-20240613-WA0004-1024x576.jpg 1024w, https:\/\/www.flieg.fr\/wordpress\/wp-content\/uploads\/2024\/06\/IMG-20240613-WA0004-300x169.jpg 300w, https:\/\/www.flieg.fr\/wordpress\/wp-content\/uploads\/2024\/06\/IMG-20240613-WA0004-768x432.jpg 768w, https:\/\/www.flieg.fr\/wordpress\/wp-content\/uploads\/2024\/06\/IMG-20240613-WA0004-1536x864.jpg 1536w, https:\/\/www.flieg.fr\/wordpress\/wp-content\/uploads\/2024\/06\/IMG-20240613-WA0004-624x351.jpg 624w, https:\/\/www.flieg.fr\/wordpress\/wp-content\/uploads\/2024\/06\/IMG-20240613-WA0004.jpg 2048w\" sizes=\"auto, (max-width: 625px) 100vw, 625px\" \/><\/a><\/p>\n<p>Insensiblement, les paysages changent. Les vignes laissent place \u00e0 des cultures c\u00e9r\u00e9alieres.<\/p>\n<p><a href=\"https:\/\/www.flieg.fr\/wordpress\/wp-content\/uploads\/2024\/06\/IMG-20240613-WA0003.jpg\"><img loading=\"lazy\" decoding=\"async\" class=\"alignnone size-large wp-image-3359\" src=\"https:\/\/www.flieg.fr\/wordpress\/wp-content\/uploads\/2024\/06\/IMG-20240613-WA0003-1024x576.jpg\" alt=\"\" width=\"625\" height=\"352\" srcset=\"https:\/\/www.flieg.fr\/wordpress\/wp-content\/uploads\/2024\/06\/IMG-20240613-WA0003-1024x576.jpg 1024w, https:\/\/www.flieg.fr\/wordpress\/wp-content\/uploads\/2024\/06\/IMG-20240613-WA0003-300x169.jpg 300w, https:\/\/www.flieg.fr\/wordpress\/wp-content\/uploads\/2024\/06\/IMG-20240613-WA0003-768x432.jpg 768w, https:\/\/www.flieg.fr\/wordpress\/wp-content\/uploads\/2024\/06\/IMG-20240613-WA0003-1536x864.jpg 1536w, https:\/\/www.flieg.fr\/wordpress\/wp-content\/uploads\/2024\/06\/IMG-20240613-WA0003-624x351.jpg 624w, https:\/\/www.flieg.fr\/wordpress\/wp-content\/uploads\/2024\/06\/IMG-20240613-WA0003.jpg 2048w\" sizes=\"auto, (max-width: 625px) 100vw, 625px\" \/><\/a><\/p>\n<p>Dans le village de Saint-Hippolyte, un vestige d&rsquo;une splendeur pass\u00e9e : un prieur\u00e9 immense<\/p>\n<p><a href=\"https:\/\/www.flieg.fr\/wordpress\/wp-content\/uploads\/2024\/06\/IMG-20240613-WA0005.jpg\"><img loading=\"lazy\" decoding=\"async\" class=\"alignnone size-large wp-image-3360\" src=\"https:\/\/www.flieg.fr\/wordpress\/wp-content\/uploads\/2024\/06\/IMG-20240613-WA0005-1024x576.jpg\" alt=\"\" width=\"625\" height=\"352\" srcset=\"https:\/\/www.flieg.fr\/wordpress\/wp-content\/uploads\/2024\/06\/IMG-20240613-WA0005-1024x576.jpg 1024w, https:\/\/www.flieg.fr\/wordpress\/wp-content\/uploads\/2024\/06\/IMG-20240613-WA0005-300x169.jpg 300w, https:\/\/www.flieg.fr\/wordpress\/wp-content\/uploads\/2024\/06\/IMG-20240613-WA0005-768x432.jpg 768w, https:\/\/www.flieg.fr\/wordpress\/wp-content\/uploads\/2024\/06\/IMG-20240613-WA0005-1536x864.jpg 1536w, https:\/\/www.flieg.fr\/wordpress\/wp-content\/uploads\/2024\/06\/IMG-20240613-WA0005-624x351.jpg 624w, https:\/\/www.flieg.fr\/wordpress\/wp-content\/uploads\/2024\/06\/IMG-20240613-WA0005.jpg 2048w\" sizes=\"auto, (max-width: 625px) 100vw, 625px\" \/><\/a><\/p>\n<p>Arriv\u00e9e \u00e0 Taiz\u00e9<\/p>\n<p><!--more--><a href=\"https:\/\/www.flieg.fr\/wordpress\/wp-content\/uploads\/2024\/06\/IMG-20240613-WA0007.jpg\"><img loading=\"lazy\" decoding=\"async\" class=\"alignnone size-large wp-image-3361\" src=\"https:\/\/www.flieg.fr\/wordpress\/wp-content\/uploads\/2024\/06\/IMG-20240613-WA0007-1024x576.jpg\" alt=\"\" width=\"625\" height=\"352\" srcset=\"https:\/\/www.flieg.fr\/wordpress\/wp-content\/uploads\/2024\/06\/IMG-20240613-WA0007-1024x576.jpg 1024w, https:\/\/www.flieg.fr\/wordpress\/wp-content\/uploads\/2024\/06\/IMG-20240613-WA0007-300x169.jpg 300w, https:\/\/www.flieg.fr\/wordpress\/wp-content\/uploads\/2024\/06\/IMG-20240613-WA0007-768x432.jpg 768w, https:\/\/www.flieg.fr\/wordpress\/wp-content\/uploads\/2024\/06\/IMG-20240613-WA0007-1536x864.jpg 1536w, https:\/\/www.flieg.fr\/wordpress\/wp-content\/uploads\/2024\/06\/IMG-20240613-WA0007-624x351.jpg 624w, https:\/\/www.flieg.fr\/wordpress\/wp-content\/uploads\/2024\/06\/IMG-20240613-WA0007.jpg 2048w\" sizes=\"auto, (max-width: 625px) 100vw, 625px\" \/><\/a><\/p>\n<p>Choeur de l&rsquo;\u00e9glise<\/p>\n<p><a href=\"https:\/\/www.flieg.fr\/wordpress\/wp-content\/uploads\/2024\/06\/IMG-20240613-WA0001.jpg\"><img loading=\"lazy\" decoding=\"async\" class=\"alignnone size-large wp-image-3362\" src=\"https:\/\/www.flieg.fr\/wordpress\/wp-content\/uploads\/2024\/06\/IMG-20240613-WA0001-1024x576.jpg\" alt=\"\" width=\"625\" height=\"352\" srcset=\"https:\/\/www.flieg.fr\/wordpress\/wp-content\/uploads\/2024\/06\/IMG-20240613-WA0001-1024x576.jpg 1024w, https:\/\/www.flieg.fr\/wordpress\/wp-content\/uploads\/2024\/06\/IMG-20240613-WA0001-300x169.jpg 300w, https:\/\/www.flieg.fr\/wordpress\/wp-content\/uploads\/2024\/06\/IMG-20240613-WA0001-768x432.jpg 768w, https:\/\/www.flieg.fr\/wordpress\/wp-content\/uploads\/2024\/06\/IMG-20240613-WA0001-1536x864.jpg 1536w, https:\/\/www.flieg.fr\/wordpress\/wp-content\/uploads\/2024\/06\/IMG-20240613-WA0001-624x351.jpg 624w, https:\/\/www.flieg.fr\/wordpress\/wp-content\/uploads\/2024\/06\/IMG-20240613-WA0001.jpg 2048w\" sizes=\"auto, (max-width: 625px) 100vw, 625px\" \/><\/a><\/p>\n<p>Vitrail de la Pentec\u00f4te souvent utilis\u00e9 par Michelle dans ses cours.<\/p>\n<p>&nbsp;<\/p>\n<p>Nous avons fait n crochet par Taiz\u00e9.\u00a0 Nous ne connaissions pas le lieu et nous avons \u00e9t\u00e9 surpris de d\u00e9couvrir une grosse structure d&rsquo;accueil adapt\u00e9e aux jeunes et aux tr\u00e8s grands groupes.<\/p>\n<p>Un peu perdus, on en a profit\u00e9 pour recharger la batterie de mon t\u00e9l\u00e9phone et r\u00e9cup\u00e9rer la fonction GPS.<\/p>\n<p>On en a eu bien besoin pour suivre le chemin hors piste que Michel avait choisi.<\/p>\n<p>&nbsp;<\/p>\n<p><a href=\"https:\/\/www.flieg.fr\/wordpress\/wp-content\/uploads\/2024\/06\/20240613_153230-scaled.jpg\"><img loading=\"lazy\" decoding=\"async\" class=\"alignnone size-large wp-image-3352\" src=\"https:\/\/www.flieg.fr\/wordpress\/wp-content\/uploads\/2024\/06\/20240613_153230-1024x576.jpg\" alt=\"\" width=\"625\" height=\"352\" srcset=\"https:\/\/www.flieg.fr\/wordpress\/wp-content\/uploads\/2024\/06\/20240613_153230-1024x576.jpg 1024w, https:\/\/www.flieg.fr\/wordpress\/wp-content\/uploads\/2024\/06\/20240613_153230-300x169.jpg 300w, https:\/\/www.flieg.fr\/wordpress\/wp-content\/uploads\/2024\/06\/20240613_153230-768x432.jpg 768w, https:\/\/www.flieg.fr\/wordpress\/wp-content\/uploads\/2024\/06\/20240613_153230-1536x864.jpg 1536w, https:\/\/www.flieg.fr\/wordpress\/wp-content\/uploads\/2024\/06\/20240613_153230-2048x1152.jpg 2048w, https:\/\/www.flieg.fr\/wordpress\/wp-content\/uploads\/2024\/06\/20240613_153230-624x351.jpg 624w\" sizes=\"auto, (max-width: 625px) 100vw, 625px\" \/><\/a><\/p>\n<p>Des brebis pas perdues nous regardent arriver \u00e0 Colllnges o\u00f9 nous passerons la nuit.<\/p>\n<p><a href=\"https:\/\/www.flieg.fr\/wordpress\/?page_id=3365\"><img loading=\"lazy\" decoding=\"async\" class=\"wp-image-2961 aligncenter\" src=\"https:\/\/www.flieg.fr\/wordpress\/wp-content\/uploads\/2024\/05\/md_5aeaff6fd71da.jpg\" alt=\"\" width=\"64\" height=\"64\" srcset=\"https:\/\/www.flieg.fr\/wordpress\/wp-content\/uploads\/2024\/05\/md_5aeaff6fd71da.jpg 640w, https:\/\/www.flieg.fr\/wordpress\/wp-content\/uploads\/2024\/05\/md_5aeaff6fd71da-300x300.jpg 300w, https:\/\/www.flieg.fr\/wordpress\/wp-content\/uploads\/2024\/05\/md_5aeaff6fd71da-150x150.jpg 150w, https:\/\/www.flieg.fr\/wordpress\/wp-content\/uploads\/2024\/05\/md_5aeaff6fd71da-624x624.jpg 624w\" sizes=\"auto, (max-width: 64px) 100vw, 64px\" \/><\/a><\/p>\n","protected":false},"excerpt":{"rendered":"<p>Jeudi 13 juin 2024 23,15 km en 6h45.D\u00e9nivel\u00e9 : 295+ et 195- Cumul 329,11 km moyenne journali\u00e8re 18,28 km Ce matin, catastrophe : mon t\u00e9l\u00e9phone ne s&rsquo;est pas recharg\u00e9. Le jour o\u00f9 il me faut pouvoir utiliser un max le\u00a0 GPS&#8230; Contemplation Contemplation Insensiblement, les paysages changent. Les vignes laissent place \u00e0 des cultures c\u00e9r\u00e9alieres. [&hellip;]<\/p>\n","protected":false},"author":3,"featured_media":0,"parent":0,"menu_order":0,"comment_status":"closed","ping_status":"closed","template":"","meta":{"footnotes":""},"class_list":["post-3346","page","type-page","status-publish","hentry"],"_links":{"self":[{"href":"https:\/\/www.flieg.fr\/index.php?rest_route=\/wp\/v2\/pages\/3346","targetHints":{"allow":["GET"]}}],"collection":[{"href":"https:\/\/www.flieg.fr\/index.php?rest_route=\/wp\/v2\/pages"}],"about":[{"href":"https:\/\/www.flieg.fr\/index.php?rest_route=\/wp\/v2\/types\/page"}],"author":[{"embeddable":true,"href":"https:\/\/www.flieg.fr\/index.php?rest_route=\/wp\/v2\/users\/3"}],"replies":[{"embeddable":true,"href":"https:\/\/www.flieg.fr\/index.php?rest_route=%2Fwp%2Fv2%2Fcomments&post=3346"}],"version-history":[{"count":10,"href":"https:\/\/www.flieg.fr\/index.php?rest_route=\/wp\/v2\/pages\/3346\/revisions"}],"predecessor-version":[{"id":3381,"href":"https:\/\/www.flieg.fr\/index.php?rest_route=\/wp\/v2\/pages\/3346\/revisions\/3381"}],"wp:attachment":[{"href":"https:\/\/www.flieg.fr\/index.php?rest_route=%2Fwp%2Fv2%2Fmedia&parent=3346"}],"curies":[{"name":"wp","href":"https:\/\/api.w.org\/{rel}","templated":true}]}}

Etape 18 : de Saint-Gengoux à Collonges

<p style="text-align: left;">Jeudi 13 juin 2024</p>
<p>23,15 km en 6h45.Dénivelé : 295+ et 195-</p>
<p>Cumul 329,11 km moyenne journalière 18,28 km</p>
<p>Ce matin, catastrophe : mon téléphone ne s&rsquo;est pas rechargé. Le jour où il me faut pouvoir utiliser un max le  GPS&#8230;</p>
<p><a href="https://www.flieg.fr/wordpress/wp-content/uploads/2024/06/IMG-20240613-WA0002.jpg"><img loading="lazy" decoding="async" class="alignnone size-large wp-image-3357" src="https://www.flieg.fr/wordpress/wp-content/uploads/2024/06/IMG-20240613-WA0002-1024x576.jpg" alt="" width="625" height="352" srcset="https://www.flieg.fr/wordpress/wp-content/uploads/2024/06/IMG-20240613-WA0002-1024x576.jpg 1024w, https://www.flieg.fr/wordpress/wp-content/uploads/2024/06/IMG-20240613-WA0002-300x169.jpg 300w, https://www.flieg.fr/wordpress/wp-content/uploads/2024/06/IMG-20240613-WA0002-768x432.jpg 768w, https://www.flieg.fr/wordpress/wp-content/uploads/2024/06/IMG-20240613-WA0002-1536x864.jpg 1536w, https://www.flieg.fr/wordpress/wp-content/uploads/2024/06/IMG-20240613-WA0002-624x351.jpg 624w, https://www.flieg.fr/wordpress/wp-content/uploads/2024/06/IMG-20240613-WA0002.jpg 2048w" sizes="auto, (max-width: 625px) 100vw, 625px" /></a></p>
<p>Contemplation</p>
<p><a href="https://www.flieg.fr/wordpress/wp-content/uploads/2024/06/IMG-20240613-WA0000.jpg"><img loading="lazy" decoding="async" class="alignnone size-large wp-image-3355" src="https://www.flieg.fr/wordpress/wp-content/uploads/2024/06/IMG-20240613-WA0000-1024x576.jpg" alt="" width="625" height="352" srcset="https://www.flieg.fr/wordpress/wp-content/uploads/2024/06/IMG-20240613-WA0000-1024x576.jpg 1024w, https://www.flieg.fr/wordpress/wp-content/uploads/2024/06/IMG-20240613-WA0000-300x169.jpg 300w, https://www.flieg.fr/wordpress/wp-content/uploads/2024/06/IMG-20240613-WA0000-768x432.jpg 768w, https://www.flieg.fr/wordpress/wp-content/uploads/2024/06/IMG-20240613-WA0000-1536x864.jpg 1536w, https://www.flieg.fr/wordpress/wp-content/uploads/2024/06/IMG-20240613-WA0000-624x351.jpg 624w, https://www.flieg.fr/wordpress/wp-content/uploads/2024/06/IMG-20240613-WA0000.jpg 2048w" sizes="auto, (max-width: 625px) 100vw, 625px" /></a></p>
<p>Contemplation</p>
<p><a href="https://www.flieg.fr/wordpress/wp-content/uploads/2024/06/IMG-20240613-WA0004.jpg"><img loading="lazy" decoding="async" class="alignnone size-large wp-image-3358" src="https://www.flieg.fr/wordpress/wp-content/uploads/2024/06/IMG-20240613-WA0004-1024x576.jpg" alt="" width="625" height="352" srcset="https://www.flieg.fr/wordpress/wp-content/uploads/2024/06/IMG-20240613-WA0004-1024x576.jpg 1024w, https://www.flieg.fr/wordpress/wp-content/uploads/2024/06/IMG-20240613-WA0004-300x169.jpg 300w, https://www.flieg.fr/wordpress/wp-content/uploads/2024/06/IMG-20240613-WA0004-768x432.jpg 768w, https://www.flieg.fr/wordpress/wp-content/uploads/2024/06/IMG-20240613-WA0004-1536x864.jpg 1536w, https://www.flieg.fr/wordpress/wp-content/uploads/2024/06/IMG-20240613-WA0004-624x351.jpg 624w, https://www.flieg.fr/wordpress/wp-content/uploads/2024/06/IMG-20240613-WA0004.jpg 2048w" sizes="auto, (max-width: 625px) 100vw, 625px" /></a></p>
<p>Insensiblement, les paysages changent. Les vignes laissent place à des cultures céréalieres.</p>
<p><a href="https://www.flieg.fr/wordpress/wp-content/uploads/2024/06/IMG-20240613-WA0003.jpg"><img loading="lazy" decoding="async" class="alignnone size-large wp-image-3359" src="https://www.flieg.fr/wordpress/wp-content/uploads/2024/06/IMG-20240613-WA0003-1024x576.jpg" alt="" width="625" height="352" srcset="https://www.flieg.fr/wordpress/wp-content/uploads/2024/06/IMG-20240613-WA0003-1024x576.jpg 1024w, https://www.flieg.fr/wordpress/wp-content/uploads/2024/06/IMG-20240613-WA0003-300x169.jpg 300w, https://www.flieg.fr/wordpress/wp-content/uploads/2024/06/IMG-20240613-WA0003-768x432.jpg 768w, https://www.flieg.fr/wordpress/wp-content/uploads/2024/06/IMG-20240613-WA0003-1536x864.jpg 1536w, https://www.flieg.fr/wordpress/wp-content/uploads/2024/06/IMG-20240613-WA0003-624x351.jpg 624w, https://www.flieg.fr/wordpress/wp-content/uploads/2024/06/IMG-20240613-WA0003.jpg 2048w" sizes="auto, (max-width: 625px) 100vw, 625px" /></a></p>
<p>Dans le village de Saint-Hippolyte, un vestige d&rsquo;une splendeur passée : un prieuré immense</p>
<p><a href="https://www.flieg.fr/wordpress/wp-content/uploads/2024/06/IMG-20240613-WA0005.jpg"><img loading="lazy" decoding="async" class="alignnone size-large wp-image-3360" src="https://www.flieg.fr/wordpress/wp-content/uploads/2024/06/IMG-20240613-WA0005-1024x576.jpg" alt="" width="625" height="352" srcset="https://www.flieg.fr/wordpress/wp-content/uploads/2024/06/IMG-20240613-WA0005-1024x576.jpg 1024w, https://www.flieg.fr/wordpress/wp-content/uploads/2024/06/IMG-20240613-WA0005-300x169.jpg 300w, https://www.flieg.fr/wordpress/wp-content/uploads/2024/06/IMG-20240613-WA0005-768x432.jpg 768w, https://www.flieg.fr/wordpress/wp-content/uploads/2024/06/IMG-20240613-WA0005-1536x864.jpg 1536w, https://www.flieg.fr/wordpress/wp-content/uploads/2024/06/IMG-20240613-WA0005-624x351.jpg 624w, https://www.flieg.fr/wordpress/wp-content/uploads/2024/06/IMG-20240613-WA0005.jpg 2048w" sizes="auto, (max-width: 625px) 100vw, 625px" /></a></p>
<p>Arrivée à Taizé</p>
<p><!--more--><a href="https://www.flieg.fr/wordpress/wp-content/uploads/2024/06/IMG-20240613-WA0007.jpg"><img loading="lazy" decoding="async" class="alignnone size-large wp-image-3361" src="https://www.flieg.fr/wordpress/wp-content/uploads/2024/06/IMG-20240613-WA0007-1024x576.jpg" alt="" width="625" height="352" srcset="https://www.flieg.fr/wordpress/wp-content/uploads/2024/06/IMG-20240613-WA0007-1024x576.jpg 1024w, https://www.flieg.fr/wordpress/wp-content/uploads/2024/06/IMG-20240613-WA0007-300x169.jpg 300w, https://www.flieg.fr/wordpress/wp-content/uploads/2024/06/IMG-20240613-WA0007-768x432.jpg 768w, https://www.flieg.fr/wordpress/wp-content/uploads/2024/06/IMG-20240613-WA0007-1536x864.jpg 1536w, https://www.flieg.fr/wordpress/wp-content/uploads/2024/06/IMG-20240613-WA0007-624x351.jpg 624w, https://www.flieg.fr/wordpress/wp-content/uploads/2024/06/IMG-20240613-WA0007.jpg 2048w" sizes="auto, (max-width: 625px) 100vw, 625px" /></a></p>
<p>Choeur de l&rsquo;église</p>
<p><a href="https://www.flieg.fr/wordpress/wp-content/uploads/2024/06/IMG-20240613-WA0001.jpg"><img loading="lazy" decoding="async" class="alignnone size-large wp-image-3362" src="https://www.flieg.fr/wordpress/wp-content/uploads/2024/06/IMG-20240613-WA0001-1024x576.jpg" alt="" width="625" height="352" srcset="https://www.flieg.fr/wordpress/wp-content/uploads/2024/06/IMG-20240613-WA0001-1024x576.jpg 1024w, https://www.flieg.fr/wordpress/wp-content/uploads/2024/06/IMG-20240613-WA0001-300x169.jpg 300w, https://www.flieg.fr/wordpress/wp-content/uploads/2024/06/IMG-20240613-WA0001-768x432.jpg 768w, https://www.flieg.fr/wordpress/wp-content/uploads/2024/06/IMG-20240613-WA0001-1536x864.jpg 1536w, https://www.flieg.fr/wordpress/wp-content/uploads/2024/06/IMG-20240613-WA0001-624x351.jpg 624w, https://www.flieg.fr/wordpress/wp-content/uploads/2024/06/IMG-20240613-WA0001.jpg 2048w" sizes="auto, (max-width: 625px) 100vw, 625px" /></a></p>
<p>Vitrail de la Pentecôte souvent utilisé par Michelle dans ses cours.</p>
<p>&nbsp;</p>
<p>Nous avons fait n crochet par Taizé.  Nous ne connaissions pas le lieu et nous avons été surpris de découvrir une grosse structure d&rsquo;accueil adaptée aux jeunes et aux très grands groupes.</p>
<p>Un peu perdus, on en a profité pour recharger la batterie de mon téléphone et récupérer la fonction GPS.</p>
<p>On en a eu bien besoin pour suivre le chemin hors piste que Michel avait choisi.</p>
<p>&nbsp;</p>
<p><a href="https://www.flieg.fr/wordpress/wp-content/uploads/2024/06/20240613_153230-scaled.jpg"><img loading="lazy" decoding="async" class="alignnone size-large wp-image-3352" src="https://www.flieg.fr/wordpress/wp-content/uploads/2024/06/20240613_153230-1024x576.jpg" alt="" width="625" height="352" srcset="https://www.flieg.fr/wordpress/wp-content/uploads/2024/06/20240613_153230-1024x576.jpg 1024w, https://www.flieg.fr/wordpress/wp-content/uploads/2024/06/20240613_153230-300x169.jpg 300w, https://www.flieg.fr/wordpress/wp-content/uploads/2024/06/20240613_153230-768x432.jpg 768w, https://www.flieg.fr/wordpress/wp-content/uploads/2024/06/20240613_153230-1536x864.jpg 1536w, https://www.flieg.fr/wordpress/wp-content/uploads/2024/06/20240613_153230-2048x1152.jpg 2048w, https://www.flieg.fr/wordpress/wp-content/uploads/2024/06/20240613_153230-624x351.jpg 624w" sizes="auto, (max-width: 625px) 100vw, 625px" /></a></p>
<p>Des brebis pas perdues nous regardent arriver à Colllnges où nous passerons la nuit.</p>
<p><a href="https://www.flieg.fr/wordpress/?page_id=3365"><img loading="lazy" decoding="async" class="wp-image-2961 aligncenter" src="https://www.flieg.fr/wordpress/wp-content/uploads/2024/05/md_5aeaff6fd71da.jpg" alt="" width="64" height="64" srcset="https://www.flieg.fr/wordpress/wp-content/uploads/2024/05/md_5aeaff6fd71da.jpg 640w, https://www.flieg.fr/wordpress/wp-content/uploads/2024/05/md_5aeaff6fd71da-300x300.jpg 300w, https://www.flieg.fr/wordpress/wp-content/uploads/2024/05/md_5aeaff6fd71da-150x150.jpg 150w, https://www.flieg.fr/wordpress/wp-content/uploads/2024/05/md_5aeaff6fd71da-624x624.jpg 624w" sizes="auto, (max-width: 64px) 100vw, 64px" /></a></p>

<p>Jeudi 13 juin 2024 23,15 km en 6h45.Dénivelé : 295+ et 195- Cumul 329,11 km moyenne journalière 18,28 km Ce matin, catastrophe : mon téléphone ne s&rsquo;est pas rechargé. Le jour où il me faut pouvoir utiliser un max le  GPS&#8230; Contemplation Contemplation Insensiblement, les paysages changent. Les vignes laissent place à des cultures céréalieres. [&hellip;]</p>
