{"id":3274,"date":"2024-06-10T15:31:28","date_gmt":"2024-06-10T14:31:28","guid":{"rendered":"https:\/\/www.flieg.fr\/?page_id=3274"},"modified":"2024-06-11T18:20:02","modified_gmt":"2024-06-11T17:20:02","slug":"etape-15-de-beaune-a-chagny","status":"publish","type":"page","link":"https:\/\/www.flieg.fr\/?page_id=3274","title":{"rendered":"Etape 15 : de Beaune \u00e0 Chagny"},"content":{"rendered":"<p>Lundi 10 juin 2024<\/p>\n<p>19,70km en 5h25 de marche. D\u00e9nivel\u00e9 : 107+ et 149-<\/p>\n<p>Cumul 262,82km Moyenne journali\u00e8re 17,52 km<\/p>\n<p>La m\u00e9t\u00e9o nous est favorable. Nous gal\u00e9rons un peu pour rallier Beaune sud-ouest \u00e0 partir de Beaune sud-est o\u00f9 se trouvait notre h\u00f4tel.<\/p>\n<p><a href=\"https:\/\/www.flieg.fr\/wordpress\/wp-content\/uploads\/2024\/06\/IMG-20240610-WA0000.jpg\"><img loading=\"lazy\" decoding=\"async\" class=\"alignnone size-large wp-image-3282\" src=\"https:\/\/www.flieg.fr\/wordpress\/wp-content\/uploads\/2024\/06\/IMG-20240610-WA0000-1024x576.jpg\" alt=\"\" width=\"625\" height=\"352\" srcset=\"https:\/\/www.flieg.fr\/wordpress\/wp-content\/uploads\/2024\/06\/IMG-20240610-WA0000-1024x576.jpg 1024w, https:\/\/www.flieg.fr\/wordpress\/wp-content\/uploads\/2024\/06\/IMG-20240610-WA0000-300x169.jpg 300w, https:\/\/www.flieg.fr\/wordpress\/wp-content\/uploads\/2024\/06\/IMG-20240610-WA0000-768x432.jpg 768w, https:\/\/www.flieg.fr\/wordpress\/wp-content\/uploads\/2024\/06\/IMG-20240610-WA0000-1536x864.jpg 1536w, https:\/\/www.flieg.fr\/wordpress\/wp-content\/uploads\/2024\/06\/IMG-20240610-WA0000-624x351.jpg 624w, https:\/\/www.flieg.fr\/wordpress\/wp-content\/uploads\/2024\/06\/IMG-20240610-WA0000.jpg 1600w\" sizes=\"auto, (max-width: 625px) 100vw, 625px\" \/><\/a><\/p>\n<p>Nous tentons de rejoindre Pommard. Le clos Pommard est devant nous, mais nous ne pouvons que le longer car le clos Pommard est&#8230;clos<\/p>\n<p>On ne peut m\u00eame pas le voir derri\u00e8re son mur de 3m de hauteur.<\/p>\n<p><a href=\"https:\/\/www.flieg.fr\/wordpress\/wp-content\/uploads\/2024\/06\/IMG-20240610-WA0001.jpg\"><img loading=\"lazy\" decoding=\"async\" class=\"alignnone size-large wp-image-3281\" src=\"https:\/\/www.flieg.fr\/wordpress\/wp-content\/uploads\/2024\/06\/IMG-20240610-WA0001-1024x576.jpg\" alt=\"\" width=\"625\" height=\"352\" srcset=\"https:\/\/www.flieg.fr\/wordpress\/wp-content\/uploads\/2024\/06\/IMG-20240610-WA0001-1024x576.jpg 1024w, https:\/\/www.flieg.fr\/wordpress\/wp-content\/uploads\/2024\/06\/IMG-20240610-WA0001-300x169.jpg 300w, https:\/\/www.flieg.fr\/wordpress\/wp-content\/uploads\/2024\/06\/IMG-20240610-WA0001-768x432.jpg 768w, https:\/\/www.flieg.fr\/wordpress\/wp-content\/uploads\/2024\/06\/IMG-20240610-WA0001-1536x864.jpg 1536w, https:\/\/www.flieg.fr\/wordpress\/wp-content\/uploads\/2024\/06\/IMG-20240610-WA0001-624x351.jpg 624w, https:\/\/www.flieg.fr\/wordpress\/wp-content\/uploads\/2024\/06\/IMG-20240610-WA0001.jpg 1600w\" sizes=\"auto, (max-width: 625px) 100vw, 625px\" \/><\/a><\/p>\n<p><a href=\"https:\/\/www.flieg.fr\/wordpress\/wp-content\/uploads\/2024\/06\/20240610_101449-scaled.jpg\"><img loading=\"lazy\" decoding=\"async\" class=\"alignnone size-large wp-image-3280\" src=\"https:\/\/www.flieg.fr\/wordpress\/wp-content\/uploads\/2024\/06\/20240610_101449-1024x576.jpg\" alt=\"\" width=\"625\" height=\"352\" srcset=\"https:\/\/www.flieg.fr\/wordpress\/wp-content\/uploads\/2024\/06\/20240610_101449-1024x576.jpg 1024w, https:\/\/www.flieg.fr\/wordpress\/wp-content\/uploads\/2024\/06\/20240610_101449-300x169.jpg 300w, https:\/\/www.flieg.fr\/wordpress\/wp-content\/uploads\/2024\/06\/20240610_101449-768x432.jpg 768w, https:\/\/www.flieg.fr\/wordpress\/wp-content\/uploads\/2024\/06\/20240610_101449-1536x864.jpg 1536w, https:\/\/www.flieg.fr\/wordpress\/wp-content\/uploads\/2024\/06\/20240610_101449-2048x1152.jpg 2048w, https:\/\/www.flieg.fr\/wordpress\/wp-content\/uploads\/2024\/06\/20240610_101449-624x351.jpg 624w\" sizes=\"auto, (max-width: 625px) 100vw, 625px\" \/><\/a><\/p>\n<p>Le village de Pommard<\/p>\n<p><a href=\"https:\/\/www.flieg.fr\/wordpress\/wp-content\/uploads\/2024\/06\/IMG-20240610-WA0002.jpg\"><img loading=\"lazy\" decoding=\"async\" class=\"alignnone size-large wp-image-3291\" src=\"https:\/\/www.flieg.fr\/wordpress\/wp-content\/uploads\/2024\/06\/IMG-20240610-WA0002-576x1024.jpg\" alt=\"\" width=\"576\" height=\"1024\" srcset=\"https:\/\/www.flieg.fr\/wordpress\/wp-content\/uploads\/2024\/06\/IMG-20240610-WA0002-576x1024.jpg 576w, https:\/\/www.flieg.fr\/wordpress\/wp-content\/uploads\/2024\/06\/IMG-20240610-WA0002-169x300.jpg 169w, https:\/\/www.flieg.fr\/wordpress\/wp-content\/uploads\/2024\/06\/IMG-20240610-WA0002-768x1365.jpg 768w, https:\/\/www.flieg.fr\/wordpress\/wp-content\/uploads\/2024\/06\/IMG-20240610-WA0002-864x1536.jpg 864w, https:\/\/www.flieg.fr\/wordpress\/wp-content\/uploads\/2024\/06\/IMG-20240610-WA0002-624x1109.jpg 624w, https:\/\/www.flieg.fr\/wordpress\/wp-content\/uploads\/2024\/06\/IMG-20240610-WA0002.jpg 900w\" sizes=\"auto, (max-width: 576px) 100vw, 576px\" \/><\/a><\/p>\n<p>Fontaine du premier Empire, dite fontaine de l&rsquo;artichaut \u00e0 Pommard<\/p>\n<p><a href=\"https:\/\/www.flieg.fr\/wordpress\/wp-content\/uploads\/2024\/06\/20240610_104920-scaled.jpg\"><img loading=\"lazy\" decoding=\"async\" class=\"alignnone size-large wp-image-3285\" src=\"https:\/\/www.flieg.fr\/wordpress\/wp-content\/uploads\/2024\/06\/20240610_104920-1024x576.jpg\" alt=\"\" width=\"625\" height=\"352\" srcset=\"https:\/\/www.flieg.fr\/wordpress\/wp-content\/uploads\/2024\/06\/20240610_104920-1024x576.jpg 1024w, https:\/\/www.flieg.fr\/wordpress\/wp-content\/uploads\/2024\/06\/20240610_104920-300x169.jpg 300w, https:\/\/www.flieg.fr\/wordpress\/wp-content\/uploads\/2024\/06\/20240610_104920-768x432.jpg 768w, https:\/\/www.flieg.fr\/wordpress\/wp-content\/uploads\/2024\/06\/20240610_104920-1536x864.jpg 1536w, https:\/\/www.flieg.fr\/wordpress\/wp-content\/uploads\/2024\/06\/20240610_104920-2048x1152.jpg 2048w, https:\/\/www.flieg.fr\/wordpress\/wp-content\/uploads\/2024\/06\/20240610_104920-624x351.jpg 624w\" sizes=\"auto, (max-width: 625px) 100vw, 625px\" \/><\/a><\/p>\n<p>Il y a de l&rsquo;activit\u00e9 dans le vignoble. On d\u00e9chante tr\u00e8s vite en voyant le nombre de machines pulv\u00e9risatrices que nous croisons et dont les nuages nous atteignent avec une puanteur vinaigr\u00e9e. On est loin de la flagrance qui se d\u00e9gage d&rsquo;un verre de grand cru de Bourgogne.<\/p>\n<p>Soyons optimiste et disons qu&rsquo;il y a des marges de progr\u00e8s<\/p>\n<p><a href=\"https:\/\/www.flieg.fr\/wordpress\/wp-content\/uploads\/2024\/06\/20240610_105505-scaled.jpg\"><img loading=\"lazy\" decoding=\"async\" class=\"alignnone size-large wp-image-3287\" src=\"https:\/\/www.flieg.fr\/wordpress\/wp-content\/uploads\/2024\/06\/20240610_105505-1024x576.jpg\" alt=\"\" width=\"625\" height=\"352\" srcset=\"https:\/\/www.flieg.fr\/wordpress\/wp-content\/uploads\/2024\/06\/20240610_105505-1024x576.jpg 1024w, https:\/\/www.flieg.fr\/wordpress\/wp-content\/uploads\/2024\/06\/20240610_105505-300x169.jpg 300w, https:\/\/www.flieg.fr\/wordpress\/wp-content\/uploads\/2024\/06\/20240610_105505-768x432.jpg 768w, https:\/\/www.flieg.fr\/wordpress\/wp-content\/uploads\/2024\/06\/20240610_105505-1536x864.jpg 1536w, https:\/\/www.flieg.fr\/wordpress\/wp-content\/uploads\/2024\/06\/20240610_105505-2048x1152.jpg 2048w, https:\/\/www.flieg.fr\/wordpress\/wp-content\/uploads\/2024\/06\/20240610_105505-624x351.jpg 624w\" sizes=\"auto, (max-width: 625px) 100vw, 625px\" \/><\/a><\/p>\n<p><a href=\"https:\/\/www.flieg.fr\/wordpress\/wp-content\/uploads\/2024\/06\/20240610_102340-scaled.jpg\"><img loading=\"lazy\" decoding=\"async\" class=\"alignnone size-large wp-image-3284\" src=\"https:\/\/www.flieg.fr\/wordpress\/wp-content\/uploads\/2024\/06\/20240610_102340-576x1024.jpg\" alt=\"\" width=\"576\" height=\"1024\" srcset=\"https:\/\/www.flieg.fr\/wordpress\/wp-content\/uploads\/2024\/06\/20240610_102340-576x1024.jpg 576w, https:\/\/www.flieg.fr\/wordpress\/wp-content\/uploads\/2024\/06\/20240610_102340-169x300.jpg 169w, https:\/\/www.flieg.fr\/wordpress\/wp-content\/uploads\/2024\/06\/20240610_102340-768x1365.jpg 768w, https:\/\/www.flieg.fr\/wordpress\/wp-content\/uploads\/2024\/06\/20240610_102340-864x1536.jpg 864w, https:\/\/www.flieg.fr\/wordpress\/wp-content\/uploads\/2024\/06\/20240610_102340-1152x2048.jpg 1152w, https:\/\/www.flieg.fr\/wordpress\/wp-content\/uploads\/2024\/06\/20240610_102340-624x1109.jpg 624w, https:\/\/www.flieg.fr\/wordpress\/wp-content\/uploads\/2024\/06\/20240610_102340-scaled.jpg 1440w\" sizes=\"auto, (max-width: 576px) 100vw, 576px\" \/><\/a><\/p>\n<p>On en traverse des grands crus<\/p>\n<p><a href=\"https:\/\/www.flieg.fr\/wordpress\/wp-content\/uploads\/2024\/06\/20240610_110715-scaled.jpg\"><img loading=\"lazy\" decoding=\"async\" class=\"alignnone size-large wp-image-3288\" src=\"https:\/\/www.flieg.fr\/wordpress\/wp-content\/uploads\/2024\/06\/20240610_110715-1024x576.jpg\" alt=\"\" width=\"625\" height=\"352\" srcset=\"https:\/\/www.flieg.fr\/wordpress\/wp-content\/uploads\/2024\/06\/20240610_110715-1024x576.jpg 1024w, https:\/\/www.flieg.fr\/wordpress\/wp-content\/uploads\/2024\/06\/20240610_110715-300x169.jpg 300w, https:\/\/www.flieg.fr\/wordpress\/wp-content\/uploads\/2024\/06\/20240610_110715-768x432.jpg 768w, https:\/\/www.flieg.fr\/wordpress\/wp-content\/uploads\/2024\/06\/20240610_110715-1536x864.jpg 1536w, https:\/\/www.flieg.fr\/wordpress\/wp-content\/uploads\/2024\/06\/20240610_110715-2048x1152.jpg 2048w, https:\/\/www.flieg.fr\/wordpress\/wp-content\/uploads\/2024\/06\/20240610_110715-624x351.jpg 624w\" sizes=\"auto, (max-width: 625px) 100vw, 625px\" \/><\/a><\/p>\n<p>Il y a aussi des clos ouverts \u00e0 la vue, d\u00e9limit\u00e9s par des murets blonds en pierres s\u00e8ches<\/p>\n<p><a href=\"https:\/\/www.flieg.fr\/wordpress\/wp-content\/uploads\/2024\/06\/20240610_110733-scaled.jpg\"><img loading=\"lazy\" decoding=\"async\" class=\"alignnone size-large wp-image-3289\" src=\"https:\/\/www.flieg.fr\/wordpress\/wp-content\/uploads\/2024\/06\/20240610_110733-1024x576.jpg\" alt=\"\" width=\"625\" height=\"352\" srcset=\"https:\/\/www.flieg.fr\/wordpress\/wp-content\/uploads\/2024\/06\/20240610_110733-1024x576.jpg 1024w, https:\/\/www.flieg.fr\/wordpress\/wp-content\/uploads\/2024\/06\/20240610_110733-300x169.jpg 300w, https:\/\/www.flieg.fr\/wordpress\/wp-content\/uploads\/2024\/06\/20240610_110733-768x432.jpg 768w, https:\/\/www.flieg.fr\/wordpress\/wp-content\/uploads\/2024\/06\/20240610_110733-1536x864.jpg 1536w, https:\/\/www.flieg.fr\/wordpress\/wp-content\/uploads\/2024\/06\/20240610_110733-2048x1152.jpg 2048w, https:\/\/www.flieg.fr\/wordpress\/wp-content\/uploads\/2024\/06\/20240610_110733-624x351.jpg 624w\" sizes=\"auto, (max-width: 625px) 100vw, 625px\" \/><\/a><\/p>\n<p><a href=\"https:\/\/www.flieg.fr\/wordpress\/wp-content\/uploads\/2024\/06\/20240610_110756-scaled.jpg\"><img loading=\"lazy\" decoding=\"async\" class=\"alignnone size-large wp-image-3290\" src=\"https:\/\/www.flieg.fr\/wordpress\/wp-content\/uploads\/2024\/06\/20240610_110756-1024x576.jpg\" alt=\"\" width=\"625\" height=\"352\" srcset=\"https:\/\/www.flieg.fr\/wordpress\/wp-content\/uploads\/2024\/06\/20240610_110756-1024x576.jpg 1024w, https:\/\/www.flieg.fr\/wordpress\/wp-content\/uploads\/2024\/06\/20240610_110756-300x169.jpg 300w, https:\/\/www.flieg.fr\/wordpress\/wp-content\/uploads\/2024\/06\/20240610_110756-768x432.jpg 768w, https:\/\/www.flieg.fr\/wordpress\/wp-content\/uploads\/2024\/06\/20240610_110756-1536x864.jpg 1536w, https:\/\/www.flieg.fr\/wordpress\/wp-content\/uploads\/2024\/06\/20240610_110756-2048x1152.jpg 2048w, https:\/\/www.flieg.fr\/wordpress\/wp-content\/uploads\/2024\/06\/20240610_110756-624x351.jpg 624w\" sizes=\"auto, (max-width: 625px) 100vw, 625px\" \/><\/a><\/p>\n<p><a href=\"https:\/\/www.flieg.fr\/wordpress\/wp-content\/uploads\/2024\/06\/20240610_122725-scaled.jpg\"><img loading=\"lazy\" decoding=\"async\" class=\"alignnone size-large wp-image-3294\" src=\"https:\/\/www.flieg.fr\/wordpress\/wp-content\/uploads\/2024\/06\/20240610_122725-1024x576.jpg\" alt=\"\" width=\"625\" height=\"352\" srcset=\"https:\/\/www.flieg.fr\/wordpress\/wp-content\/uploads\/2024\/06\/20240610_122725-1024x576.jpg 1024w, https:\/\/www.flieg.fr\/wordpress\/wp-content\/uploads\/2024\/06\/20240610_122725-300x169.jpg 300w, https:\/\/www.flieg.fr\/wordpress\/wp-content\/uploads\/2024\/06\/20240610_122725-768x432.jpg 768w, https:\/\/www.flieg.fr\/wordpress\/wp-content\/uploads\/2024\/06\/20240610_122725-1536x864.jpg 1536w, https:\/\/www.flieg.fr\/wordpress\/wp-content\/uploads\/2024\/06\/20240610_122725-2048x1152.jpg 2048w, https:\/\/www.flieg.fr\/wordpress\/wp-content\/uploads\/2024\/06\/20240610_122725-624x351.jpg 624w\" sizes=\"auto, (max-width: 625px) 100vw, 625px\" \/><\/a><\/p>\n<p>La fontaine de Meursault<\/p>\n<p><a href=\"https:\/\/www.flieg.fr\/wordpress\/wp-content\/uploads\/2024\/06\/IMG-20240610-WA0008.jpg\"><img loading=\"lazy\" decoding=\"async\" class=\"alignnone size-large wp-image-3295\" src=\"https:\/\/www.flieg.fr\/wordpress\/wp-content\/uploads\/2024\/06\/IMG-20240610-WA0008-1024x576.jpg\" alt=\"\" width=\"625\" height=\"352\" srcset=\"https:\/\/www.flieg.fr\/wordpress\/wp-content\/uploads\/2024\/06\/IMG-20240610-WA0008-1024x576.jpg 1024w, https:\/\/www.flieg.fr\/wordpress\/wp-content\/uploads\/2024\/06\/IMG-20240610-WA0008-300x169.jpg 300w, https:\/\/www.flieg.fr\/wordpress\/wp-content\/uploads\/2024\/06\/IMG-20240610-WA0008-768x432.jpg 768w, https:\/\/www.flieg.fr\/wordpress\/wp-content\/uploads\/2024\/06\/IMG-20240610-WA0008-1536x864.jpg 1536w, https:\/\/www.flieg.fr\/wordpress\/wp-content\/uploads\/2024\/06\/IMG-20240610-WA0008-624x351.jpg 624w, https:\/\/www.flieg.fr\/wordpress\/wp-content\/uploads\/2024\/06\/IMG-20240610-WA0008.jpg 1600w\" sizes=\"auto, (max-width: 625px) 100vw, 625px\" \/><\/a><\/p>\n<p><a href=\"https:\/\/www.flieg.fr\/wordpress\/wp-content\/uploads\/2024\/06\/IMG-20240610-WA0007.jpg\"><img loading=\"lazy\" decoding=\"async\" class=\"alignnone size-large wp-image-3296\" src=\"https:\/\/www.flieg.fr\/wordpress\/wp-content\/uploads\/2024\/06\/IMG-20240610-WA0007-1024x576.jpg\" alt=\"\" width=\"625\" height=\"352\" srcset=\"https:\/\/www.flieg.fr\/wordpress\/wp-content\/uploads\/2024\/06\/IMG-20240610-WA0007-1024x576.jpg 1024w, https:\/\/www.flieg.fr\/wordpress\/wp-content\/uploads\/2024\/06\/IMG-20240610-WA0007-300x169.jpg 300w, https:\/\/www.flieg.fr\/wordpress\/wp-content\/uploads\/2024\/06\/IMG-20240610-WA0007-768x432.jpg 768w, https:\/\/www.flieg.fr\/wordpress\/wp-content\/uploads\/2024\/06\/IMG-20240610-WA0007-1536x864.jpg 1536w, https:\/\/www.flieg.fr\/wordpress\/wp-content\/uploads\/2024\/06\/IMG-20240610-WA0007-624x351.jpg 624w, https:\/\/www.flieg.fr\/wordpress\/wp-content\/uploads\/2024\/06\/IMG-20240610-WA0007.jpg 1600w\" sizes=\"auto, (max-width: 625px) 100vw, 625px\" \/><\/a><\/p>\n<p>Encore un grand cru<\/p>\n<p><a href=\"https:\/\/www.flieg.fr\/wordpress\/wp-content\/uploads\/2024\/06\/IMG-20240610-WA0006.jpg\"><img loading=\"lazy\" decoding=\"async\" class=\"alignnone size-large wp-image-3297\" src=\"https:\/\/www.flieg.fr\/wordpress\/wp-content\/uploads\/2024\/06\/IMG-20240610-WA0006-1024x576.jpg\" alt=\"\" width=\"625\" height=\"352\" srcset=\"https:\/\/www.flieg.fr\/wordpress\/wp-content\/uploads\/2024\/06\/IMG-20240610-WA0006-1024x576.jpg 1024w, https:\/\/www.flieg.fr\/wordpress\/wp-content\/uploads\/2024\/06\/IMG-20240610-WA0006-300x169.jpg 300w, https:\/\/www.flieg.fr\/wordpress\/wp-content\/uploads\/2024\/06\/IMG-20240610-WA0006-768x432.jpg 768w, https:\/\/www.flieg.fr\/wordpress\/wp-content\/uploads\/2024\/06\/IMG-20240610-WA0006-1536x864.jpg 1536w, https:\/\/www.flieg.fr\/wordpress\/wp-content\/uploads\/2024\/06\/IMG-20240610-WA0006-624x351.jpg 624w, https:\/\/www.flieg.fr\/wordpress\/wp-content\/uploads\/2024\/06\/IMG-20240610-WA0006.jpg 1600w\" sizes=\"auto, (max-width: 625px) 100vw, 625px\" \/><\/a><\/p>\n<p>Arriv\u00e9e \u00e0 Chagny plut\u00f4t que pr\u00e9vu. Nous profitons des terrasses de la ville en attendant l&rsquo;heure fix\u00e9e par notre logeuse.<\/p>\n<p><a href=\"https:\/\/www.flieg.fr\/wordpress\/?page_id=3300\"><img loading=\"lazy\" decoding=\"async\" class=\"wp-image-2961 aligncenter\" src=\"https:\/\/www.flieg.fr\/wordpress\/wp-content\/uploads\/2024\/05\/md_5aeaff6fd71da.jpg\" alt=\"\" width=\"64\" height=\"64\" srcset=\"https:\/\/www.flieg.fr\/wordpress\/wp-content\/uploads\/2024\/05\/md_5aeaff6fd71da.jpg 640w, https:\/\/www.flieg.fr\/wordpress\/wp-content\/uploads\/2024\/05\/md_5aeaff6fd71da-300x300.jpg 300w, https:\/\/www.flieg.fr\/wordpress\/wp-content\/uploads\/2024\/05\/md_5aeaff6fd71da-150x150.jpg 150w, https:\/\/www.flieg.fr\/wordpress\/wp-content\/uploads\/2024\/05\/md_5aeaff6fd71da-624x624.jpg 624w\" sizes=\"auto, (max-width: 64px) 100vw, 64px\" \/><\/a><\/p>\n<p>&nbsp;<\/p>\n<p>&nbsp;<\/p>\n","protected":false},"excerpt":{"rendered":"<p>Lundi 10 juin 2024 19,70km en 5h25 de marche. D\u00e9nivel\u00e9 : 107+ et 149- Cumul 262,82km Moyenne journali\u00e8re 17,52 km La m\u00e9t\u00e9o nous est favorable. Nous gal\u00e9rons un peu pour rallier Beaune sud-ouest \u00e0 partir de Beaune sud-est o\u00f9 se trouvait notre h\u00f4tel. Nous tentons de rejoindre Pommard. Le clos Pommard est devant nous, mais [&hellip;]<\/p>\n","protected":false},"author":3,"featured_media":0,"parent":0,"menu_order":0,"comment_status":"closed","ping_status":"closed","template":"","meta":{"footnotes":""},"class_list":["post-3274","page","type-page","status-publish","hentry"],"_links":{"self":[{"href":"https:\/\/www.flieg.fr\/index.php?rest_route=\/wp\/v2\/pages\/3274","targetHints":{"allow":["GET"]}}],"collection":[{"href":"https:\/\/www.flieg.fr\/index.php?rest_route=\/wp\/v2\/pages"}],"about":[{"href":"https:\/\/www.flieg.fr\/index.php?rest_route=\/wp\/v2\/types\/page"}],"author":[{"embeddable":true,"href":"https:\/\/www.flieg.fr\/index.php?rest_route=\/wp\/v2\/users\/3"}],"replies":[{"embeddable":true,"href":"https:\/\/www.flieg.fr\/index.php?rest_route=%2Fwp%2Fv2%2Fcomments&post=3274"}],"version-history":[{"count":9,"href":"https:\/\/www.flieg.fr\/index.php?rest_route=\/wp\/v2\/pages\/3274\/revisions"}],"predecessor-version":[{"id":3310,"href":"https:\/\/www.flieg.fr\/index.php?rest_route=\/wp\/v2\/pages\/3274\/revisions\/3310"}],"wp:attachment":[{"href":"https:\/\/www.flieg.fr\/index.php?rest_route=%2Fwp%2Fv2%2Fmedia&parent=3274"}],"curies":[{"name":"wp","href":"https:\/\/api.w.org\/{rel}","templated":true}]}}