{"id":3207,"date":"2024-06-06T17:05:54","date_gmt":"2024-06-06T16:05:54","guid":{"rendered":"https:\/\/www.flieg.fr\/?page_id=3207"},"modified":"2024-06-08T12:53:24","modified_gmt":"2024-06-08T11:53:24","slug":"etape-12-de-esbarres-a-labbaye-de-citeaux","status":"publish","type":"page","link":"https:\/\/www.flieg.fr\/?page_id=3207","title":{"rendered":"Etape 12 : de Esbarres \u00e0 l&rsquo;abbaye de Citeaux"},"content":{"rendered":"<p>Vendredi 7 juin 2024<\/p>\n<p>12,72 km en 3h28 de marche. D\u00e9nivel\u00e9 : 85+ et 90-<\/p>\n<p>Cumul 203,63 km<\/p>\n<p>La journ\u00e9e s&rsquo;annonce belle. L&rsquo;\u00e9tape est courte et facile.<\/p>\n<p><a href=\"https:\/\/www.flieg.fr\/wordpress\/wp-content\/uploads\/2024\/06\/IMG-20240607-WA0000.jpg\"><img loading=\"lazy\" decoding=\"async\" class=\"alignnone size-large wp-image-3219\" src=\"https:\/\/www.flieg.fr\/wordpress\/wp-content\/uploads\/2024\/06\/IMG-20240607-WA0000-1024x576.jpg\" alt=\"\" width=\"625\" height=\"352\" srcset=\"https:\/\/www.flieg.fr\/wordpress\/wp-content\/uploads\/2024\/06\/IMG-20240607-WA0000-1024x576.jpg 1024w, https:\/\/www.flieg.fr\/wordpress\/wp-content\/uploads\/2024\/06\/IMG-20240607-WA0000-300x169.jpg 300w, https:\/\/www.flieg.fr\/wordpress\/wp-content\/uploads\/2024\/06\/IMG-20240607-WA0000-768x432.jpg 768w, https:\/\/www.flieg.fr\/wordpress\/wp-content\/uploads\/2024\/06\/IMG-20240607-WA0000-1536x864.jpg 1536w, https:\/\/www.flieg.fr\/wordpress\/wp-content\/uploads\/2024\/06\/IMG-20240607-WA0000-624x351.jpg 624w, https:\/\/www.flieg.fr\/wordpress\/wp-content\/uploads\/2024\/06\/IMG-20240607-WA0000.jpg 1600w\" sizes=\"auto, (max-width: 625px) 100vw, 625px\" \/><\/a><\/p>\n<p>On marche d&rsquo;un bon pas sous le soleil.<\/p>\n<p>Il y a de belles fleurs et\u00a0 une biodiversit\u00e9 impressionnante dans l&rsquo;esp\u00e8ce moustique. Mais ils sont tous carnivores. On ne peut pas s&rsquo;arr\u00eater de marcher sans se faire d\u00e9vorer.<\/p>\n<p><a href=\"https:\/\/www.flieg.fr\/wordpress\/wp-content\/uploads\/2024\/06\/20240607_112459-scaled.jpg\"><img loading=\"lazy\" decoding=\"async\" class=\"alignnone size-large wp-image-3216\" src=\"https:\/\/www.flieg.fr\/wordpress\/wp-content\/uploads\/2024\/06\/20240607_112459-576x1024.jpg\" alt=\"\" width=\"576\" height=\"1024\" srcset=\"https:\/\/www.flieg.fr\/wordpress\/wp-content\/uploads\/2024\/06\/20240607_112459-576x1024.jpg 576w, https:\/\/www.flieg.fr\/wordpress\/wp-content\/uploads\/2024\/06\/20240607_112459-169x300.jpg 169w, https:\/\/www.flieg.fr\/wordpress\/wp-content\/uploads\/2024\/06\/20240607_112459-768x1365.jpg 768w, https:\/\/www.flieg.fr\/wordpress\/wp-content\/uploads\/2024\/06\/20240607_112459-864x1536.jpg 864w, https:\/\/www.flieg.fr\/wordpress\/wp-content\/uploads\/2024\/06\/20240607_112459-1152x2048.jpg 1152w, https:\/\/www.flieg.fr\/wordpress\/wp-content\/uploads\/2024\/06\/20240607_112459-624x1109.jpg 624w, https:\/\/www.flieg.fr\/wordpress\/wp-content\/uploads\/2024\/06\/20240607_112459-scaled.jpg 1440w\" sizes=\"auto, (max-width: 576px) 100vw, 576px\" \/><\/a><\/p>\n<p>Orchis de Fuchs<\/p>\n<p><a href=\"https:\/\/www.flieg.fr\/wordpress\/wp-content\/uploads\/2024\/06\/20240607_114151-scaled.jpg\"><img loading=\"lazy\" decoding=\"async\" class=\"alignnone size-large wp-image-3222\" src=\"https:\/\/www.flieg.fr\/wordpress\/wp-content\/uploads\/2024\/06\/20240607_114151-576x1024.jpg\" alt=\"\" width=\"576\" height=\"1024\" srcset=\"https:\/\/www.flieg.fr\/wordpress\/wp-content\/uploads\/2024\/06\/20240607_114151-576x1024.jpg 576w, https:\/\/www.flieg.fr\/wordpress\/wp-content\/uploads\/2024\/06\/20240607_114151-169x300.jpg 169w, https:\/\/www.flieg.fr\/wordpress\/wp-content\/uploads\/2024\/06\/20240607_114151-768x1365.jpg 768w, https:\/\/www.flieg.fr\/wordpress\/wp-content\/uploads\/2024\/06\/20240607_114151-864x1536.jpg 864w, https:\/\/www.flieg.fr\/wordpress\/wp-content\/uploads\/2024\/06\/20240607_114151-1152x2048.jpg 1152w, https:\/\/www.flieg.fr\/wordpress\/wp-content\/uploads\/2024\/06\/20240607_114151-624x1109.jpg 624w, https:\/\/www.flieg.fr\/wordpress\/wp-content\/uploads\/2024\/06\/20240607_114151-scaled.jpg 1440w\" sizes=\"auto, (max-width: 576px) 100vw, 576px\" \/><\/a><\/p>\n<p>&nbsp;<\/p>\n<p>Orchis de Fuchs blanche<\/p>\n<p><a href=\"https:\/\/www.flieg.fr\/wordpress\/wp-content\/uploads\/2024\/06\/IMG-20240607-WA0002.jpg\"><img loading=\"lazy\" decoding=\"async\" class=\"alignnone size-large wp-image-3223\" src=\"https:\/\/www.flieg.fr\/wordpress\/wp-content\/uploads\/2024\/06\/IMG-20240607-WA0002-1024x576.jpg\" alt=\"\" width=\"625\" height=\"352\" srcset=\"https:\/\/www.flieg.fr\/wordpress\/wp-content\/uploads\/2024\/06\/IMG-20240607-WA0002-1024x576.jpg 1024w, https:\/\/www.flieg.fr\/wordpress\/wp-content\/uploads\/2024\/06\/IMG-20240607-WA0002-300x169.jpg 300w, https:\/\/www.flieg.fr\/wordpress\/wp-content\/uploads\/2024\/06\/IMG-20240607-WA0002-768x432.jpg 768w, https:\/\/www.flieg.fr\/wordpress\/wp-content\/uploads\/2024\/06\/IMG-20240607-WA0002-1536x864.jpg 1536w, https:\/\/www.flieg.fr\/wordpress\/wp-content\/uploads\/2024\/06\/IMG-20240607-WA0002-624x351.jpg 624w, https:\/\/www.flieg.fr\/wordpress\/wp-content\/uploads\/2024\/06\/IMG-20240607-WA0002.jpg 1600w\" sizes=\"auto, (max-width: 625px) 100vw, 625px\" \/><\/a>bracht\u00e9es de tilleuls<\/p>\n<p><a href=\"https:\/\/www.flieg.fr\/wordpress\/wp-content\/uploads\/2024\/06\/20240607_143151-scaled.jpg\"><img loading=\"lazy\" decoding=\"async\" class=\"alignnone size-large wp-image-3224\" src=\"https:\/\/www.flieg.fr\/wordpress\/wp-content\/uploads\/2024\/06\/20240607_143151-1024x576.jpg\" alt=\"\" width=\"625\" height=\"352\" srcset=\"https:\/\/www.flieg.fr\/wordpress\/wp-content\/uploads\/2024\/06\/20240607_143151-1024x576.jpg 1024w, https:\/\/www.flieg.fr\/wordpress\/wp-content\/uploads\/2024\/06\/20240607_143151-300x169.jpg 300w, https:\/\/www.flieg.fr\/wordpress\/wp-content\/uploads\/2024\/06\/20240607_143151-768x432.jpg 768w, https:\/\/www.flieg.fr\/wordpress\/wp-content\/uploads\/2024\/06\/20240607_143151-1536x864.jpg 1536w, https:\/\/www.flieg.fr\/wordpress\/wp-content\/uploads\/2024\/06\/20240607_143151-2048x1152.jpg 2048w, https:\/\/www.flieg.fr\/wordpress\/wp-content\/uploads\/2024\/06\/20240607_143151-624x351.jpg 624w\" sizes=\"auto, (max-width: 625px) 100vw, 625px\" \/><\/a><\/p>\n<p><a href=\"https:\/\/www.flieg.fr\/wordpress\/wp-content\/uploads\/2024\/06\/20240607_130543-scaled.jpg\"><img loading=\"lazy\" decoding=\"async\" class=\"alignnone size-large wp-image-3225\" src=\"https:\/\/www.flieg.fr\/wordpress\/wp-content\/uploads\/2024\/06\/20240607_130543-576x1024.jpg\" alt=\"\" width=\"576\" height=\"1024\" srcset=\"https:\/\/www.flieg.fr\/wordpress\/wp-content\/uploads\/2024\/06\/20240607_130543-576x1024.jpg 576w, https:\/\/www.flieg.fr\/wordpress\/wp-content\/uploads\/2024\/06\/20240607_130543-169x300.jpg 169w, https:\/\/www.flieg.fr\/wordpress\/wp-content\/uploads\/2024\/06\/20240607_130543-768x1365.jpg 768w, https:\/\/www.flieg.fr\/wordpress\/wp-content\/uploads\/2024\/06\/20240607_130543-864x1536.jpg 864w, https:\/\/www.flieg.fr\/wordpress\/wp-content\/uploads\/2024\/06\/20240607_130543-1152x2048.jpg 1152w, https:\/\/www.flieg.fr\/wordpress\/wp-content\/uploads\/2024\/06\/20240607_130543-624x1109.jpg 624w, https:\/\/www.flieg.fr\/wordpress\/wp-content\/uploads\/2024\/06\/20240607_130543-scaled.jpg 1440w\" sizes=\"auto, (max-width: 576px) 100vw, 576px\" \/><\/a><\/p>\n<p>On est accueillis \u00e0 bras ouverts : ah, c&rsquo;est vous Michelle et Michel ? Venez boire un caf\u00e9.<\/p>\n<p><a href=\"https:\/\/www.flieg.fr\/wordpress\/wp-content\/uploads\/2024\/06\/20240607_173346-scaled.jpg\"><img loading=\"lazy\" decoding=\"async\" class=\"alignnone size-large wp-image-3229\" src=\"https:\/\/www.flieg.fr\/wordpress\/wp-content\/uploads\/2024\/06\/20240607_173346-1024x576.jpg\" alt=\"\" width=\"625\" height=\"352\" srcset=\"https:\/\/www.flieg.fr\/wordpress\/wp-content\/uploads\/2024\/06\/20240607_173346-1024x576.jpg 1024w, https:\/\/www.flieg.fr\/wordpress\/wp-content\/uploads\/2024\/06\/20240607_173346-300x169.jpg 300w, https:\/\/www.flieg.fr\/wordpress\/wp-content\/uploads\/2024\/06\/20240607_173346-768x432.jpg 768w, https:\/\/www.flieg.fr\/wordpress\/wp-content\/uploads\/2024\/06\/20240607_173346-1536x864.jpg 1536w, https:\/\/www.flieg.fr\/wordpress\/wp-content\/uploads\/2024\/06\/20240607_173346-2048x1152.jpg 2048w, https:\/\/www.flieg.fr\/wordpress\/wp-content\/uploads\/2024\/06\/20240607_173346-624x351.jpg 624w\" sizes=\"auto, (max-width: 625px) 100vw, 625px\" \/><\/a><\/p>\n<p><a href=\"https:\/\/www.flieg.fr\/wordpress\/wp-content\/uploads\/2024\/06\/20240607_145524-scaled.jpg\"><img loading=\"lazy\" decoding=\"async\" class=\"alignnone size-large wp-image-3227\" src=\"https:\/\/www.flieg.fr\/wordpress\/wp-content\/uploads\/2024\/06\/20240607_145524-1024x576.jpg\" alt=\"\" width=\"625\" height=\"352\" srcset=\"https:\/\/www.flieg.fr\/wordpress\/wp-content\/uploads\/2024\/06\/20240607_145524-1024x576.jpg 1024w, https:\/\/www.flieg.fr\/wordpress\/wp-content\/uploads\/2024\/06\/20240607_145524-300x169.jpg 300w, https:\/\/www.flieg.fr\/wordpress\/wp-content\/uploads\/2024\/06\/20240607_145524-768x432.jpg 768w, https:\/\/www.flieg.fr\/wordpress\/wp-content\/uploads\/2024\/06\/20240607_145524-1536x864.jpg 1536w, https:\/\/www.flieg.fr\/wordpress\/wp-content\/uploads\/2024\/06\/20240607_145524-2048x1152.jpg 2048w, https:\/\/www.flieg.fr\/wordpress\/wp-content\/uploads\/2024\/06\/20240607_145524-624x351.jpg 624w\" sizes=\"auto, (max-width: 625px) 100vw, 625px\" \/><\/a><\/p>\n<p>Ce soir nous sommes all\u00e9s aux v\u00eapres \u00e0 18h.<\/p>\n<p>12 moines sont encore pr\u00e9sents.<\/p>\n<p>Pens\u00e9e pour notre cousin Pierre qui ne peut plus marcher et qui marche avec nous gr\u00e2ce \u00e0 internet.<\/p>\n<p>Repas du soir frugal et en silence&#8230;<\/p>\n<p><a href=\"https:\/\/www.flieg.fr\/wordpress\/?page_id=3231\"><img loading=\"lazy\" decoding=\"async\" class=\"wp-image-2961 aligncenter\" src=\"https:\/\/www.flieg.fr\/wordpress\/wp-content\/uploads\/2024\/05\/md_5aeaff6fd71da.jpg\" alt=\"\" width=\"64\" height=\"64\" srcset=\"https:\/\/www.flieg.fr\/wordpress\/wp-content\/uploads\/2024\/05\/md_5aeaff6fd71da.jpg 640w, https:\/\/www.flieg.fr\/wordpress\/wp-content\/uploads\/2024\/05\/md_5aeaff6fd71da-300x300.jpg 300w, https:\/\/www.flieg.fr\/wordpress\/wp-content\/uploads\/2024\/05\/md_5aeaff6fd71da-150x150.jpg 150w, https:\/\/www.flieg.fr\/wordpress\/wp-content\/uploads\/2024\/05\/md_5aeaff6fd71da-624x624.jpg 624w\" sizes=\"auto, (max-width: 64px) 100vw, 64px\" \/><\/a><\/p>\n","protected":false},"excerpt":{"rendered":"<p>Vendredi 7 juin 2024 12,72 km en 3h28 de marche. D\u00e9nivel\u00e9 : 85+ et 90- Cumul 203,63 km La journ\u00e9e s&rsquo;annonce belle. L&rsquo;\u00e9tape est courte et facile. On marche d&rsquo;un bon pas sous le soleil. Il y a de belles fleurs et\u00a0 une biodiversit\u00e9 impressionnante dans l&rsquo;esp\u00e8ce moustique. Mais ils sont tous carnivores. On ne [&hellip;]<\/p>\n","protected":false},"author":3,"featured_media":0,"parent":0,"menu_order":0,"comment_status":"closed","ping_status":"closed","template":"","meta":{"footnotes":""},"class_list":["post-3207","page","type-page","status-publish","hentry"],"_links":{"self":[{"href":"https:\/\/www.flieg.fr\/index.php?rest_route=\/wp\/v2\/pages\/3207","targetHints":{"allow":["GET"]}}],"collection":[{"href":"https:\/\/www.flieg.fr\/index.php?rest_route=\/wp\/v2\/pages"}],"about":[{"href":"https:\/\/www.flieg.fr\/index.php?rest_route=\/wp\/v2\/types\/page"}],"author":[{"embeddable":true,"href":"https:\/\/www.flieg.fr\/index.php?rest_route=\/wp\/v2\/users\/3"}],"replies":[{"embeddable":true,"href":"https:\/\/www.flieg.fr\/index.php?rest_route=%2Fwp%2Fv2%2Fcomments&post=3207"}],"version-history":[{"count":8,"href":"https:\/\/www.flieg.fr\/index.php?rest_route=\/wp\/v2\/pages\/3207\/revisions"}],"predecessor-version":[{"id":3234,"href":"https:\/\/www.flieg.fr\/index.php?rest_route=\/wp\/v2\/pages\/3207\/revisions\/3234"}],"wp:attachment":[{"href":"https:\/\/www.flieg.fr\/index.php?rest_route=%2Fwp%2Fv2%2Fmedia&parent=3207"}],"curies":[{"name":"wp","href":"https:\/\/api.w.org\/{rel}","templated":true}]}}

Etape 12 : de Esbarres à l&rsquo;abbaye de Citeaux

<p>Vendredi 7 juin 2024</p>
<p>12,72 km en 3h28 de marche. Dénivelé : 85+ et 90-</p>
<p>Cumul 203,63 km</p>
<p>La journée s&rsquo;annonce belle. L&rsquo;étape est courte et facile.</p>
<p><a href="https://www.flieg.fr/wordpress/wp-content/uploads/2024/06/IMG-20240607-WA0000.jpg"><img loading="lazy" decoding="async" class="alignnone size-large wp-image-3219" src="https://www.flieg.fr/wordpress/wp-content/uploads/2024/06/IMG-20240607-WA0000-1024x576.jpg" alt="" width="625" height="352" srcset="https://www.flieg.fr/wordpress/wp-content/uploads/2024/06/IMG-20240607-WA0000-1024x576.jpg 1024w, https://www.flieg.fr/wordpress/wp-content/uploads/2024/06/IMG-20240607-WA0000-300x169.jpg 300w, https://www.flieg.fr/wordpress/wp-content/uploads/2024/06/IMG-20240607-WA0000-768x432.jpg 768w, https://www.flieg.fr/wordpress/wp-content/uploads/2024/06/IMG-20240607-WA0000-1536x864.jpg 1536w, https://www.flieg.fr/wordpress/wp-content/uploads/2024/06/IMG-20240607-WA0000-624x351.jpg 624w, https://www.flieg.fr/wordpress/wp-content/uploads/2024/06/IMG-20240607-WA0000.jpg 1600w" sizes="auto, (max-width: 625px) 100vw, 625px" /></a></p>
<p>On marche d&rsquo;un bon pas sous le soleil.</p>
<p>Il y a de belles fleurs et  une biodiversité impressionnante dans l&rsquo;espèce moustique. Mais ils sont tous carnivores. On ne peut pas s&rsquo;arrêter de marcher sans se faire dévorer.</p>
<p><a href="https://www.flieg.fr/wordpress/wp-content/uploads/2024/06/20240607_112459-scaled.jpg"><img loading="lazy" decoding="async" class="alignnone size-large wp-image-3216" src="https://www.flieg.fr/wordpress/wp-content/uploads/2024/06/20240607_112459-576x1024.jpg" alt="" width="576" height="1024" srcset="https://www.flieg.fr/wordpress/wp-content/uploads/2024/06/20240607_112459-576x1024.jpg 576w, https://www.flieg.fr/wordpress/wp-content/uploads/2024/06/20240607_112459-169x300.jpg 169w, https://www.flieg.fr/wordpress/wp-content/uploads/2024/06/20240607_112459-768x1365.jpg 768w, https://www.flieg.fr/wordpress/wp-content/uploads/2024/06/20240607_112459-864x1536.jpg 864w, https://www.flieg.fr/wordpress/wp-content/uploads/2024/06/20240607_112459-1152x2048.jpg 1152w, https://www.flieg.fr/wordpress/wp-content/uploads/2024/06/20240607_112459-624x1109.jpg 624w, https://www.flieg.fr/wordpress/wp-content/uploads/2024/06/20240607_112459-scaled.jpg 1440w" sizes="auto, (max-width: 576px) 100vw, 576px" /></a></p>
<p>Orchis de Fuchs</p>
<p><a href="https://www.flieg.fr/wordpress/wp-content/uploads/2024/06/20240607_114151-scaled.jpg"><img loading="lazy" decoding="async" class="alignnone size-large wp-image-3222" src="https://www.flieg.fr/wordpress/wp-content/uploads/2024/06/20240607_114151-576x1024.jpg" alt="" width="576" height="1024" srcset="https://www.flieg.fr/wordpress/wp-content/uploads/2024/06/20240607_114151-576x1024.jpg 576w, https://www.flieg.fr/wordpress/wp-content/uploads/2024/06/20240607_114151-169x300.jpg 169w, https://www.flieg.fr/wordpress/wp-content/uploads/2024/06/20240607_114151-768x1365.jpg 768w, https://www.flieg.fr/wordpress/wp-content/uploads/2024/06/20240607_114151-864x1536.jpg 864w, https://www.flieg.fr/wordpress/wp-content/uploads/2024/06/20240607_114151-1152x2048.jpg 1152w, https://www.flieg.fr/wordpress/wp-content/uploads/2024/06/20240607_114151-624x1109.jpg 624w, https://www.flieg.fr/wordpress/wp-content/uploads/2024/06/20240607_114151-scaled.jpg 1440w" sizes="auto, (max-width: 576px) 100vw, 576px" /></a></p>
<p>&nbsp;</p>
<p>Orchis de Fuchs blanche</p>
<p><a href="https://www.flieg.fr/wordpress/wp-content/uploads/2024/06/IMG-20240607-WA0002.jpg"><img loading="lazy" decoding="async" class="alignnone size-large wp-image-3223" src="https://www.flieg.fr/wordpress/wp-content/uploads/2024/06/IMG-20240607-WA0002-1024x576.jpg" alt="" width="625" height="352" srcset="https://www.flieg.fr/wordpress/wp-content/uploads/2024/06/IMG-20240607-WA0002-1024x576.jpg 1024w, https://www.flieg.fr/wordpress/wp-content/uploads/2024/06/IMG-20240607-WA0002-300x169.jpg 300w, https://www.flieg.fr/wordpress/wp-content/uploads/2024/06/IMG-20240607-WA0002-768x432.jpg 768w, https://www.flieg.fr/wordpress/wp-content/uploads/2024/06/IMG-20240607-WA0002-1536x864.jpg 1536w, https://www.flieg.fr/wordpress/wp-content/uploads/2024/06/IMG-20240607-WA0002-624x351.jpg 624w, https://www.flieg.fr/wordpress/wp-content/uploads/2024/06/IMG-20240607-WA0002.jpg 1600w" sizes="auto, (max-width: 625px) 100vw, 625px" /></a>brachtées de tilleuls</p>
<p><a href="https://www.flieg.fr/wordpress/wp-content/uploads/2024/06/20240607_143151-scaled.jpg"><img loading="lazy" decoding="async" class="alignnone size-large wp-image-3224" src="https://www.flieg.fr/wordpress/wp-content/uploads/2024/06/20240607_143151-1024x576.jpg" alt="" width="625" height="352" srcset="https://www.flieg.fr/wordpress/wp-content/uploads/2024/06/20240607_143151-1024x576.jpg 1024w, https://www.flieg.fr/wordpress/wp-content/uploads/2024/06/20240607_143151-300x169.jpg 300w, https://www.flieg.fr/wordpress/wp-content/uploads/2024/06/20240607_143151-768x432.jpg 768w, https://www.flieg.fr/wordpress/wp-content/uploads/2024/06/20240607_143151-1536x864.jpg 1536w, https://www.flieg.fr/wordpress/wp-content/uploads/2024/06/20240607_143151-2048x1152.jpg 2048w, https://www.flieg.fr/wordpress/wp-content/uploads/2024/06/20240607_143151-624x351.jpg 624w" sizes="auto, (max-width: 625px) 100vw, 625px" /></a></p>
<p><a href="https://www.flieg.fr/wordpress/wp-content/uploads/2024/06/20240607_130543-scaled.jpg"><img loading="lazy" decoding="async" class="alignnone size-large wp-image-3225" src="https://www.flieg.fr/wordpress/wp-content/uploads/2024/06/20240607_130543-576x1024.jpg" alt="" width="576" height="1024" srcset="https://www.flieg.fr/wordpress/wp-content/uploads/2024/06/20240607_130543-576x1024.jpg 576w, https://www.flieg.fr/wordpress/wp-content/uploads/2024/06/20240607_130543-169x300.jpg 169w, https://www.flieg.fr/wordpress/wp-content/uploads/2024/06/20240607_130543-768x1365.jpg 768w, https://www.flieg.fr/wordpress/wp-content/uploads/2024/06/20240607_130543-864x1536.jpg 864w, https://www.flieg.fr/wordpress/wp-content/uploads/2024/06/20240607_130543-1152x2048.jpg 1152w, https://www.flieg.fr/wordpress/wp-content/uploads/2024/06/20240607_130543-624x1109.jpg 624w, https://www.flieg.fr/wordpress/wp-content/uploads/2024/06/20240607_130543-scaled.jpg 1440w" sizes="auto, (max-width: 576px) 100vw, 576px" /></a></p>
<p>On est accueillis à bras ouverts : ah, c&rsquo;est vous Michelle et Michel ? Venez boire un café.</p>
<p><a href="https://www.flieg.fr/wordpress/wp-content/uploads/2024/06/20240607_173346-scaled.jpg"><img loading="lazy" decoding="async" class="alignnone size-large wp-image-3229" src="https://www.flieg.fr/wordpress/wp-content/uploads/2024/06/20240607_173346-1024x576.jpg" alt="" width="625" height="352" srcset="https://www.flieg.fr/wordpress/wp-content/uploads/2024/06/20240607_173346-1024x576.jpg 1024w, https://www.flieg.fr/wordpress/wp-content/uploads/2024/06/20240607_173346-300x169.jpg 300w, https://www.flieg.fr/wordpress/wp-content/uploads/2024/06/20240607_173346-768x432.jpg 768w, https://www.flieg.fr/wordpress/wp-content/uploads/2024/06/20240607_173346-1536x864.jpg 1536w, https://www.flieg.fr/wordpress/wp-content/uploads/2024/06/20240607_173346-2048x1152.jpg 2048w, https://www.flieg.fr/wordpress/wp-content/uploads/2024/06/20240607_173346-624x351.jpg 624w" sizes="auto, (max-width: 625px) 100vw, 625px" /></a></p>
<p><a href="https://www.flieg.fr/wordpress/wp-content/uploads/2024/06/20240607_145524-scaled.jpg"><img loading="lazy" decoding="async" class="alignnone size-large wp-image-3227" src="https://www.flieg.fr/wordpress/wp-content/uploads/2024/06/20240607_145524-1024x576.jpg" alt="" width="625" height="352" srcset="https://www.flieg.fr/wordpress/wp-content/uploads/2024/06/20240607_145524-1024x576.jpg 1024w, https://www.flieg.fr/wordpress/wp-content/uploads/2024/06/20240607_145524-300x169.jpg 300w, https://www.flieg.fr/wordpress/wp-content/uploads/2024/06/20240607_145524-768x432.jpg 768w, https://www.flieg.fr/wordpress/wp-content/uploads/2024/06/20240607_145524-1536x864.jpg 1536w, https://www.flieg.fr/wordpress/wp-content/uploads/2024/06/20240607_145524-2048x1152.jpg 2048w, https://www.flieg.fr/wordpress/wp-content/uploads/2024/06/20240607_145524-624x351.jpg 624w" sizes="auto, (max-width: 625px) 100vw, 625px" /></a></p>
<p>Ce soir nous sommes allés aux vêpres à 18h.</p>
<p>12 moines sont encore présents.</p>
<p>Pensée pour notre cousin Pierre qui ne peut plus marcher et qui marche avec nous grâce à internet.</p>
<p>Repas du soir frugal et en silence&#8230;</p>
<p><a href="https://www.flieg.fr/wordpress/?page_id=3231"><img loading="lazy" decoding="async" class="wp-image-2961 aligncenter" src="https://www.flieg.fr/wordpress/wp-content/uploads/2024/05/md_5aeaff6fd71da.jpg" alt="" width="64" height="64" srcset="https://www.flieg.fr/wordpress/wp-content/uploads/2024/05/md_5aeaff6fd71da.jpg 640w, https://www.flieg.fr/wordpress/wp-content/uploads/2024/05/md_5aeaff6fd71da-300x300.jpg 300w, https://www.flieg.fr/wordpress/wp-content/uploads/2024/05/md_5aeaff6fd71da-150x150.jpg 150w, https://www.flieg.fr/wordpress/wp-content/uploads/2024/05/md_5aeaff6fd71da-624x624.jpg 624w" sizes="auto, (max-width: 64px) 100vw, 64px" /></a></p>

<p>Vendredi 7 juin 2024 12,72 km en 3h28 de marche. Dénivelé : 85+ et 90- Cumul 203,63 km La journée s&rsquo;annonce belle. L&rsquo;étape est courte et facile. On marche d&rsquo;un bon pas sous le soleil. Il y a de belles fleurs et  une biodiversité impressionnante dans l&rsquo;espèce moustique. Mais ils sont tous carnivores. On ne [&hellip;]</p>
