{"id":3191,"date":"2024-06-06T16:13:48","date_gmt":"2024-06-06T15:13:48","guid":{"rendered":"https:\/\/www.flieg.fr\/?page_id=3191"},"modified":"2024-06-06T17:12:19","modified_gmt":"2024-06-06T16:12:19","slug":"etape-11-de-saint-seine-en-bache-a-esbarres","status":"publish","type":"page","link":"https:\/\/www.flieg.fr\/?page_id=3191","title":{"rendered":"Etape 11 : de Saint-Seine en B\u00e2che \u00e0 Esbarres"},"content":{"rendered":"<p>Jeudi 6 juin 2024<\/p>\n<p>14,85km en 4h08 de marche. D\u00e9nivel\u00e9 42+ et 72- Cumul 190.45 km.<\/p>\n<p><a href=\"https:\/\/www.flieg.fr\/wordpress\/wp-content\/uploads\/2024\/06\/20240606_074314-scaled.jpg\"><img loading=\"lazy\" decoding=\"async\" class=\"alignnone size-large wp-image-3197\" src=\"https:\/\/www.flieg.fr\/wordpress\/wp-content\/uploads\/2024\/06\/20240606_074314-1024x576.jpg\" alt=\"\" width=\"625\" height=\"352\" srcset=\"https:\/\/www.flieg.fr\/wordpress\/wp-content\/uploads\/2024\/06\/20240606_074314-1024x576.jpg 1024w, https:\/\/www.flieg.fr\/wordpress\/wp-content\/uploads\/2024\/06\/20240606_074314-300x169.jpg 300w, https:\/\/www.flieg.fr\/wordpress\/wp-content\/uploads\/2024\/06\/20240606_074314-768x432.jpg 768w, https:\/\/www.flieg.fr\/wordpress\/wp-content\/uploads\/2024\/06\/20240606_074314-1536x864.jpg 1536w, https:\/\/www.flieg.fr\/wordpress\/wp-content\/uploads\/2024\/06\/20240606_074314-2048x1152.jpg 2048w, https:\/\/www.flieg.fr\/wordpress\/wp-content\/uploads\/2024\/06\/20240606_074314-624x351.jpg 624w\" sizes=\"auto, (max-width: 625px) 100vw, 625px\" \/><\/a><\/p>\n<p>G\u00e9rald nous a pr\u00e9par\u00e9 un copieux petit d\u00e9jeuner\u00a0 servi dans le jardin au lever du soleil. La journ\u00e9e s&rsquo;annonce belle.<\/p>\n<p><a href=\"https:\/\/www.flieg.fr\/wordpress\/wp-content\/uploads\/2024\/06\/20240606_085116-scaled.jpg\"><img loading=\"lazy\" decoding=\"async\" class=\"alignnone size-large wp-image-3198\" src=\"https:\/\/www.flieg.fr\/wordpress\/wp-content\/uploads\/2024\/06\/20240606_085116-1024x576.jpg\" alt=\"\" width=\"625\" height=\"352\" srcset=\"https:\/\/www.flieg.fr\/wordpress\/wp-content\/uploads\/2024\/06\/20240606_085116-1024x576.jpg 1024w, https:\/\/www.flieg.fr\/wordpress\/wp-content\/uploads\/2024\/06\/20240606_085116-300x169.jpg 300w, https:\/\/www.flieg.fr\/wordpress\/wp-content\/uploads\/2024\/06\/20240606_085116-768x432.jpg 768w, https:\/\/www.flieg.fr\/wordpress\/wp-content\/uploads\/2024\/06\/20240606_085116-1536x864.jpg 1536w, https:\/\/www.flieg.fr\/wordpress\/wp-content\/uploads\/2024\/06\/20240606_085116-2048x1152.jpg 2048w, https:\/\/www.flieg.fr\/wordpress\/wp-content\/uploads\/2024\/06\/20240606_085116-624x351.jpg 624w\" sizes=\"auto, (max-width: 625px) 100vw, 625px\" \/><\/a><\/p>\n<p>Apr\u00e8s 1km et demi, nous arrivons en bord de Sa\u00f4ne que nous longeons sur 9 km par le chemin de halage.<\/p>\n<p><a href=\"https:\/\/www.flieg.fr\/wordpress\/wp-content\/uploads\/2024\/06\/20240606_094704-scaled.jpg\"><img loading=\"lazy\" decoding=\"async\" class=\"alignnone size-large wp-image-3200\" src=\"https:\/\/www.flieg.fr\/wordpress\/wp-content\/uploads\/2024\/06\/20240606_094704-1024x576.jpg\" alt=\"\" width=\"625\" height=\"352\" srcset=\"https:\/\/www.flieg.fr\/wordpress\/wp-content\/uploads\/2024\/06\/20240606_094704-1024x576.jpg 1024w, https:\/\/www.flieg.fr\/wordpress\/wp-content\/uploads\/2024\/06\/20240606_094704-300x169.jpg 300w, https:\/\/www.flieg.fr\/wordpress\/wp-content\/uploads\/2024\/06\/20240606_094704-768x432.jpg 768w, https:\/\/www.flieg.fr\/wordpress\/wp-content\/uploads\/2024\/06\/20240606_094704-1536x864.jpg 1536w, https:\/\/www.flieg.fr\/wordpress\/wp-content\/uploads\/2024\/06\/20240606_094704-2048x1152.jpg 2048w, https:\/\/www.flieg.fr\/wordpress\/wp-content\/uploads\/2024\/06\/20240606_094704-624x351.jpg 624w\" sizes=\"auto, (max-width: 625px) 100vw, 625px\" \/><\/a><\/p>\n<p>Il n&rsquo;y a donc pas de d\u00e9nivel\u00e9<\/p>\n<p><a href=\"https:\/\/www.flieg.fr\/wordpress\/wp-content\/uploads\/2024\/06\/20240606_091903-scaled.jpg\"><img loading=\"lazy\" decoding=\"async\" class=\"alignnone size-large wp-image-3201\" src=\"https:\/\/www.flieg.fr\/wordpress\/wp-content\/uploads\/2024\/06\/20240606_091903-1024x576.jpg\" alt=\"\" width=\"625\" height=\"352\" srcset=\"https:\/\/www.flieg.fr\/wordpress\/wp-content\/uploads\/2024\/06\/20240606_091903-1024x576.jpg 1024w, https:\/\/www.flieg.fr\/wordpress\/wp-content\/uploads\/2024\/06\/20240606_091903-300x169.jpg 300w, https:\/\/www.flieg.fr\/wordpress\/wp-content\/uploads\/2024\/06\/20240606_091903-768x432.jpg 768w, https:\/\/www.flieg.fr\/wordpress\/wp-content\/uploads\/2024\/06\/20240606_091903-1536x864.jpg 1536w, https:\/\/www.flieg.fr\/wordpress\/wp-content\/uploads\/2024\/06\/20240606_091903-2048x1152.jpg 2048w, https:\/\/www.flieg.fr\/wordpress\/wp-content\/uploads\/2024\/06\/20240606_091903-624x351.jpg 624w\" sizes=\"auto, (max-width: 625px) 100vw, 625px\" \/><\/a><\/p>\n<p>Ce qui se confirme par les flaques d&rsquo;eau de pluie qui ne s&rsquo;\u00e9vacuent pas. Les moustiques sont l\u00e9gion et les grenouilles chantent. Et nous on d\u00e9chante.<\/p>\n<p><a href=\"https:\/\/www.flieg.fr\/wordpress\/wp-content\/uploads\/2024\/06\/20240606_110025-scaled.jpg\"><img loading=\"lazy\" decoding=\"async\" class=\"alignnone size-large wp-image-3203\" src=\"https:\/\/www.flieg.fr\/wordpress\/wp-content\/uploads\/2024\/06\/20240606_110025-1024x576.jpg\" alt=\"\" width=\"625\" height=\"352\" srcset=\"https:\/\/www.flieg.fr\/wordpress\/wp-content\/uploads\/2024\/06\/20240606_110025-1024x576.jpg 1024w, https:\/\/www.flieg.fr\/wordpress\/wp-content\/uploads\/2024\/06\/20240606_110025-300x169.jpg 300w, https:\/\/www.flieg.fr\/wordpress\/wp-content\/uploads\/2024\/06\/20240606_110025-768x432.jpg 768w, https:\/\/www.flieg.fr\/wordpress\/wp-content\/uploads\/2024\/06\/20240606_110025-1536x864.jpg 1536w, https:\/\/www.flieg.fr\/wordpress\/wp-content\/uploads\/2024\/06\/20240606_110025-2048x1152.jpg 2048w, https:\/\/www.flieg.fr\/wordpress\/wp-content\/uploads\/2024\/06\/20240606_110025-624x351.jpg 624w\" sizes=\"auto, (max-width: 625px) 100vw, 625px\" \/><\/a><\/p>\n<p>Au loin, Saint-Jean-de-Losne<\/p>\n<p><a href=\"https:\/\/www.flieg.fr\/wordpress\/wp-content\/uploads\/2024\/06\/20240606_110648-scaled.jpg\"><img loading=\"lazy\" decoding=\"async\" class=\"alignnone size-large wp-image-3204\" src=\"https:\/\/www.flieg.fr\/wordpress\/wp-content\/uploads\/2024\/06\/20240606_110648-1024x576.jpg\" alt=\"\" width=\"625\" height=\"352\" srcset=\"https:\/\/www.flieg.fr\/wordpress\/wp-content\/uploads\/2024\/06\/20240606_110648-1024x576.jpg 1024w, https:\/\/www.flieg.fr\/wordpress\/wp-content\/uploads\/2024\/06\/20240606_110648-300x169.jpg 300w, https:\/\/www.flieg.fr\/wordpress\/wp-content\/uploads\/2024\/06\/20240606_110648-768x432.jpg 768w, https:\/\/www.flieg.fr\/wordpress\/wp-content\/uploads\/2024\/06\/20240606_110648-1536x864.jpg 1536w, https:\/\/www.flieg.fr\/wordpress\/wp-content\/uploads\/2024\/06\/20240606_110648-2048x1152.jpg 2048w, https:\/\/www.flieg.fr\/wordpress\/wp-content\/uploads\/2024\/06\/20240606_110648-624x351.jpg 624w\" sizes=\"auto, (max-width: 625px) 100vw, 625px\" \/><\/a><\/p>\n<p>C&rsquo;est ici que nous traversons la Sa\u00f4ne pour rentrer dans la ville. L&rsquo;\u00e9glise est en r\u00e9fection et ferm\u00e9e.<\/p>\n<p><a href=\"https:\/\/www.flieg.fr\/wordpress\/wp-content\/uploads\/2024\/06\/20240606_113502-scaled.jpg\"><img loading=\"lazy\" decoding=\"async\" class=\"alignnone size-large wp-image-3205\" src=\"https:\/\/www.flieg.fr\/wordpress\/wp-content\/uploads\/2024\/06\/20240606_113502-576x1024.jpg\" alt=\"\" width=\"576\" height=\"1024\" srcset=\"https:\/\/www.flieg.fr\/wordpress\/wp-content\/uploads\/2024\/06\/20240606_113502-576x1024.jpg 576w, https:\/\/www.flieg.fr\/wordpress\/wp-content\/uploads\/2024\/06\/20240606_113502-169x300.jpg 169w, https:\/\/www.flieg.fr\/wordpress\/wp-content\/uploads\/2024\/06\/20240606_113502-768x1365.jpg 768w, https:\/\/www.flieg.fr\/wordpress\/wp-content\/uploads\/2024\/06\/20240606_113502-864x1536.jpg 864w, https:\/\/www.flieg.fr\/wordpress\/wp-content\/uploads\/2024\/06\/20240606_113502-1152x2048.jpg 1152w, https:\/\/www.flieg.fr\/wordpress\/wp-content\/uploads\/2024\/06\/20240606_113502-624x1109.jpg 624w, https:\/\/www.flieg.fr\/wordpress\/wp-content\/uploads\/2024\/06\/20240606_113502-scaled.jpg 1440w\" sizes=\"auto, (max-width: 576px) 100vw, 576px\" \/><\/a><\/p>\n<p>Pour la premi\u00e8re fois, nous d\u00e9jeunons dans l&rsquo; un des rares restaurants au bord de l&rsquo;eau.<\/p>\n<p>Le repas du soir n&rsquo;\u00e9tant pas assur\u00e9, nous faisons quelques emplettes. Et nous constatons avec plaisir qu&rsquo;il n&rsquo;y a plus que 3,5 km \u00e0 faire pour rejoindre notre h\u00e9bergeuse du soir.<\/p>\n<p>On a le temps de faire la lessive et de fignoler l&rsquo;informatique.<\/p>\n<p><a href=\"https:\/\/www.flieg.fr\/wordpress\/?page_id=3207\"><img loading=\"lazy\" decoding=\"async\" class=\"wp-image-2961 aligncenter\" src=\"https:\/\/www.flieg.fr\/wordpress\/wp-content\/uploads\/2024\/05\/md_5aeaff6fd71da.jpg\" alt=\"\" width=\"64\" height=\"64\" srcset=\"https:\/\/www.flieg.fr\/wordpress\/wp-content\/uploads\/2024\/05\/md_5aeaff6fd71da.jpg 640w, https:\/\/www.flieg.fr\/wordpress\/wp-content\/uploads\/2024\/05\/md_5aeaff6fd71da-300x300.jpg 300w, https:\/\/www.flieg.fr\/wordpress\/wp-content\/uploads\/2024\/05\/md_5aeaff6fd71da-150x150.jpg 150w, https:\/\/www.flieg.fr\/wordpress\/wp-content\/uploads\/2024\/05\/md_5aeaff6fd71da-624x624.jpg 624w\" sizes=\"auto, (max-width: 64px) 100vw, 64px\" \/><\/a><\/p>\n","protected":false},"excerpt":{"rendered":"<p>Jeudi 6 juin 2024 14,85km en 4h08 de marche. D\u00e9nivel\u00e9 42+ et 72- Cumul 190.45 km. G\u00e9rald nous a pr\u00e9par\u00e9 un copieux petit d\u00e9jeuner\u00a0 servi dans le jardin au lever du soleil. La journ\u00e9e s&rsquo;annonce belle. Apr\u00e8s 1km et demi, nous arrivons en bord de Sa\u00f4ne que nous longeons sur 9 km par le chemin [&hellip;]<\/p>\n","protected":false},"author":3,"featured_media":0,"parent":0,"menu_order":0,"comment_status":"closed","ping_status":"closed","template":"","meta":{"footnotes":""},"class_list":["post-3191","page","type-page","status-publish","hentry"],"_links":{"self":[{"href":"https:\/\/www.flieg.fr\/index.php?rest_route=\/wp\/v2\/pages\/3191","targetHints":{"allow":["GET"]}}],"collection":[{"href":"https:\/\/www.flieg.fr\/index.php?rest_route=\/wp\/v2\/pages"}],"about":[{"href":"https:\/\/www.flieg.fr\/index.php?rest_route=\/wp\/v2\/types\/page"}],"author":[{"embeddable":true,"href":"https:\/\/www.flieg.fr\/index.php?rest_route=\/wp\/v2\/users\/3"}],"replies":[{"embeddable":true,"href":"https:\/\/www.flieg.fr\/index.php?rest_route=%2Fwp%2Fv2%2Fcomments&post=3191"}],"version-history":[{"count":6,"href":"https:\/\/www.flieg.fr\/index.php?rest_route=\/wp\/v2\/pages\/3191\/revisions"}],"predecessor-version":[{"id":3215,"href":"https:\/\/www.flieg.fr\/index.php?rest_route=\/wp\/v2\/pages\/3191\/revisions\/3215"}],"wp:attachment":[{"href":"https:\/\/www.flieg.fr\/index.php?rest_route=%2Fwp%2Fv2%2Fmedia&parent=3191"}],"curies":[{"name":"wp","href":"https:\/\/api.w.org\/{rel}","templated":true}]}}

Etape 11 : de Saint-Seine en Bâche à Esbarres

<p>Jeudi 6 juin 2024</p>
<p>14,85km en 4h08 de marche. Dénivelé 42+ et 72- Cumul 190.45 km.</p>
<p><a href="https://www.flieg.fr/wordpress/wp-content/uploads/2024/06/20240606_074314-scaled.jpg"><img loading="lazy" decoding="async" class="alignnone size-large wp-image-3197" src="https://www.flieg.fr/wordpress/wp-content/uploads/2024/06/20240606_074314-1024x576.jpg" alt="" width="625" height="352" srcset="https://www.flieg.fr/wordpress/wp-content/uploads/2024/06/20240606_074314-1024x576.jpg 1024w, https://www.flieg.fr/wordpress/wp-content/uploads/2024/06/20240606_074314-300x169.jpg 300w, https://www.flieg.fr/wordpress/wp-content/uploads/2024/06/20240606_074314-768x432.jpg 768w, https://www.flieg.fr/wordpress/wp-content/uploads/2024/06/20240606_074314-1536x864.jpg 1536w, https://www.flieg.fr/wordpress/wp-content/uploads/2024/06/20240606_074314-2048x1152.jpg 2048w, https://www.flieg.fr/wordpress/wp-content/uploads/2024/06/20240606_074314-624x351.jpg 624w" sizes="auto, (max-width: 625px) 100vw, 625px" /></a></p>
<p>Gérald nous a préparé un copieux petit déjeuner  servi dans le jardin au lever du soleil. La journée s&rsquo;annonce belle.</p>
<p><a href="https://www.flieg.fr/wordpress/wp-content/uploads/2024/06/20240606_085116-scaled.jpg"><img loading="lazy" decoding="async" class="alignnone size-large wp-image-3198" src="https://www.flieg.fr/wordpress/wp-content/uploads/2024/06/20240606_085116-1024x576.jpg" alt="" width="625" height="352" srcset="https://www.flieg.fr/wordpress/wp-content/uploads/2024/06/20240606_085116-1024x576.jpg 1024w, https://www.flieg.fr/wordpress/wp-content/uploads/2024/06/20240606_085116-300x169.jpg 300w, https://www.flieg.fr/wordpress/wp-content/uploads/2024/06/20240606_085116-768x432.jpg 768w, https://www.flieg.fr/wordpress/wp-content/uploads/2024/06/20240606_085116-1536x864.jpg 1536w, https://www.flieg.fr/wordpress/wp-content/uploads/2024/06/20240606_085116-2048x1152.jpg 2048w, https://www.flieg.fr/wordpress/wp-content/uploads/2024/06/20240606_085116-624x351.jpg 624w" sizes="auto, (max-width: 625px) 100vw, 625px" /></a></p>
<p>Après 1km et demi, nous arrivons en bord de Saône que nous longeons sur 9 km par le chemin de halage.</p>
<p><a href="https://www.flieg.fr/wordpress/wp-content/uploads/2024/06/20240606_094704-scaled.jpg"><img loading="lazy" decoding="async" class="alignnone size-large wp-image-3200" src="https://www.flieg.fr/wordpress/wp-content/uploads/2024/06/20240606_094704-1024x576.jpg" alt="" width="625" height="352" srcset="https://www.flieg.fr/wordpress/wp-content/uploads/2024/06/20240606_094704-1024x576.jpg 1024w, https://www.flieg.fr/wordpress/wp-content/uploads/2024/06/20240606_094704-300x169.jpg 300w, https://www.flieg.fr/wordpress/wp-content/uploads/2024/06/20240606_094704-768x432.jpg 768w, https://www.flieg.fr/wordpress/wp-content/uploads/2024/06/20240606_094704-1536x864.jpg 1536w, https://www.flieg.fr/wordpress/wp-content/uploads/2024/06/20240606_094704-2048x1152.jpg 2048w, https://www.flieg.fr/wordpress/wp-content/uploads/2024/06/20240606_094704-624x351.jpg 624w" sizes="auto, (max-width: 625px) 100vw, 625px" /></a></p>
<p>Il n&rsquo;y a donc pas de dénivelé</p>
<p><a href="https://www.flieg.fr/wordpress/wp-content/uploads/2024/06/20240606_091903-scaled.jpg"><img loading="lazy" decoding="async" class="alignnone size-large wp-image-3201" src="https://www.flieg.fr/wordpress/wp-content/uploads/2024/06/20240606_091903-1024x576.jpg" alt="" width="625" height="352" srcset="https://www.flieg.fr/wordpress/wp-content/uploads/2024/06/20240606_091903-1024x576.jpg 1024w, https://www.flieg.fr/wordpress/wp-content/uploads/2024/06/20240606_091903-300x169.jpg 300w, https://www.flieg.fr/wordpress/wp-content/uploads/2024/06/20240606_091903-768x432.jpg 768w, https://www.flieg.fr/wordpress/wp-content/uploads/2024/06/20240606_091903-1536x864.jpg 1536w, https://www.flieg.fr/wordpress/wp-content/uploads/2024/06/20240606_091903-2048x1152.jpg 2048w, https://www.flieg.fr/wordpress/wp-content/uploads/2024/06/20240606_091903-624x351.jpg 624w" sizes="auto, (max-width: 625px) 100vw, 625px" /></a></p>
<p>Ce qui se confirme par les flaques d&rsquo;eau de pluie qui ne s&rsquo;évacuent pas. Les moustiques sont légion et les grenouilles chantent. Et nous on déchante.</p>
<p><a href="https://www.flieg.fr/wordpress/wp-content/uploads/2024/06/20240606_110025-scaled.jpg"><img loading="lazy" decoding="async" class="alignnone size-large wp-image-3203" src="https://www.flieg.fr/wordpress/wp-content/uploads/2024/06/20240606_110025-1024x576.jpg" alt="" width="625" height="352" srcset="https://www.flieg.fr/wordpress/wp-content/uploads/2024/06/20240606_110025-1024x576.jpg 1024w, https://www.flieg.fr/wordpress/wp-content/uploads/2024/06/20240606_110025-300x169.jpg 300w, https://www.flieg.fr/wordpress/wp-content/uploads/2024/06/20240606_110025-768x432.jpg 768w, https://www.flieg.fr/wordpress/wp-content/uploads/2024/06/20240606_110025-1536x864.jpg 1536w, https://www.flieg.fr/wordpress/wp-content/uploads/2024/06/20240606_110025-2048x1152.jpg 2048w, https://www.flieg.fr/wordpress/wp-content/uploads/2024/06/20240606_110025-624x351.jpg 624w" sizes="auto, (max-width: 625px) 100vw, 625px" /></a></p>
<p>Au loin, Saint-Jean-de-Losne</p>
<p><a href="https://www.flieg.fr/wordpress/wp-content/uploads/2024/06/20240606_110648-scaled.jpg"><img loading="lazy" decoding="async" class="alignnone size-large wp-image-3204" src="https://www.flieg.fr/wordpress/wp-content/uploads/2024/06/20240606_110648-1024x576.jpg" alt="" width="625" height="352" srcset="https://www.flieg.fr/wordpress/wp-content/uploads/2024/06/20240606_110648-1024x576.jpg 1024w, https://www.flieg.fr/wordpress/wp-content/uploads/2024/06/20240606_110648-300x169.jpg 300w, https://www.flieg.fr/wordpress/wp-content/uploads/2024/06/20240606_110648-768x432.jpg 768w, https://www.flieg.fr/wordpress/wp-content/uploads/2024/06/20240606_110648-1536x864.jpg 1536w, https://www.flieg.fr/wordpress/wp-content/uploads/2024/06/20240606_110648-2048x1152.jpg 2048w, https://www.flieg.fr/wordpress/wp-content/uploads/2024/06/20240606_110648-624x351.jpg 624w" sizes="auto, (max-width: 625px) 100vw, 625px" /></a></p>
<p>C&rsquo;est ici que nous traversons la Saône pour rentrer dans la ville. L&rsquo;église est en réfection et fermée.</p>
<p><a href="https://www.flieg.fr/wordpress/wp-content/uploads/2024/06/20240606_113502-scaled.jpg"><img loading="lazy" decoding="async" class="alignnone size-large wp-image-3205" src="https://www.flieg.fr/wordpress/wp-content/uploads/2024/06/20240606_113502-576x1024.jpg" alt="" width="576" height="1024" srcset="https://www.flieg.fr/wordpress/wp-content/uploads/2024/06/20240606_113502-576x1024.jpg 576w, https://www.flieg.fr/wordpress/wp-content/uploads/2024/06/20240606_113502-169x300.jpg 169w, https://www.flieg.fr/wordpress/wp-content/uploads/2024/06/20240606_113502-768x1365.jpg 768w, https://www.flieg.fr/wordpress/wp-content/uploads/2024/06/20240606_113502-864x1536.jpg 864w, https://www.flieg.fr/wordpress/wp-content/uploads/2024/06/20240606_113502-1152x2048.jpg 1152w, https://www.flieg.fr/wordpress/wp-content/uploads/2024/06/20240606_113502-624x1109.jpg 624w, https://www.flieg.fr/wordpress/wp-content/uploads/2024/06/20240606_113502-scaled.jpg 1440w" sizes="auto, (max-width: 576px) 100vw, 576px" /></a></p>
<p>Pour la première fois, nous déjeunons dans l&rsquo; un des rares restaurants au bord de l&rsquo;eau.</p>
<p>Le repas du soir n&rsquo;étant pas assuré, nous faisons quelques emplettes. Et nous constatons avec plaisir qu&rsquo;il n&rsquo;y a plus que 3,5 km à faire pour rejoindre notre hébergeuse du soir.</p>
<p>On a le temps de faire la lessive et de fignoler l&rsquo;informatique.</p>
<p><a href="https://www.flieg.fr/wordpress/?page_id=3207"><img loading="lazy" decoding="async" class="wp-image-2961 aligncenter" src="https://www.flieg.fr/wordpress/wp-content/uploads/2024/05/md_5aeaff6fd71da.jpg" alt="" width="64" height="64" srcset="https://www.flieg.fr/wordpress/wp-content/uploads/2024/05/md_5aeaff6fd71da.jpg 640w, https://www.flieg.fr/wordpress/wp-content/uploads/2024/05/md_5aeaff6fd71da-300x300.jpg 300w, https://www.flieg.fr/wordpress/wp-content/uploads/2024/05/md_5aeaff6fd71da-150x150.jpg 150w, https://www.flieg.fr/wordpress/wp-content/uploads/2024/05/md_5aeaff6fd71da-624x624.jpg 624w" sizes="auto, (max-width: 64px) 100vw, 64px" /></a></p>

<p>Jeudi 6 juin 2024 14,85km en 4h08 de marche. Dénivelé 42+ et 72- Cumul 190.45 km. Gérald nous a préparé un copieux petit déjeuner  servi dans le jardin au lever du soleil. La journée s&rsquo;annonce belle. Après 1km et demi, nous arrivons en bord de Saône que nous longeons sur 9 km par le chemin [&hellip;]</p>
