{"id":3164,"date":"2024-06-05T11:44:02","date_gmt":"2024-06-05T10:44:02","guid":{"rendered":"https:\/\/www.flieg.fr\/?page_id=3164"},"modified":"2024-06-06T16:24:50","modified_gmt":"2024-06-06T15:24:50","slug":"etape-10-de-gredisans-a-saint-seine-en-bache","status":"publish","type":"page","link":"https:\/\/www.flieg.fr\/?page_id=3164","title":{"rendered":"Etape 10 : de Gredisans \u00e0 Saint Seine en B\u00e2che"},"content":{"rendered":"<p>Mercredi 5 juin 2024<\/p>\n<p>18 km en 5h30 de marche. D\u00e9nivel\u00e9 : 156+ et 268-<\/p>\n<p>Cumul 176 km<\/p>\n<p><a href=\"https:\/\/www.flieg.fr\/wordpress\/wp-content\/uploads\/2024\/06\/IMG-20240605-WA0001.jpg\"><img loading=\"lazy\" decoding=\"async\" class=\"alignnone size-large wp-image-3173\" src=\"https:\/\/www.flieg.fr\/wordpress\/wp-content\/uploads\/2024\/06\/IMG-20240605-WA0001-1024x768.jpg\" alt=\"\" width=\"625\" height=\"469\" srcset=\"https:\/\/www.flieg.fr\/wordpress\/wp-content\/uploads\/2024\/06\/IMG-20240605-WA0001-1024x768.jpg 1024w, https:\/\/www.flieg.fr\/wordpress\/wp-content\/uploads\/2024\/06\/IMG-20240605-WA0001-300x225.jpg 300w, https:\/\/www.flieg.fr\/wordpress\/wp-content\/uploads\/2024\/06\/IMG-20240605-WA0001-768x576.jpg 768w, https:\/\/www.flieg.fr\/wordpress\/wp-content\/uploads\/2024\/06\/IMG-20240605-WA0001-624x468.jpg 624w, https:\/\/www.flieg.fr\/wordpress\/wp-content\/uploads\/2024\/06\/IMG-20240605-WA0001.jpg 1131w\" sizes=\"auto, (max-width: 625px) 100vw, 625px\" \/><\/a><\/p>\n<p>Genevi\u00e8ve nous a remis sur le chemin \u00e0 Gredisans.<\/p>\n<p><a href=\"https:\/\/www.flieg.fr\/wordpress\/wp-content\/uploads\/2024\/06\/IMG-20240605-WA0004.jpg\"><img loading=\"lazy\" decoding=\"async\" class=\"alignnone size-large wp-image-3176\" src=\"https:\/\/www.flieg.fr\/wordpress\/wp-content\/uploads\/2024\/06\/IMG-20240605-WA0004-1024x576.jpg\" alt=\"\" width=\"625\" height=\"352\" srcset=\"https:\/\/www.flieg.fr\/wordpress\/wp-content\/uploads\/2024\/06\/IMG-20240605-WA0004-1024x576.jpg 1024w, https:\/\/www.flieg.fr\/wordpress\/wp-content\/uploads\/2024\/06\/IMG-20240605-WA0004-300x169.jpg 300w, https:\/\/www.flieg.fr\/wordpress\/wp-content\/uploads\/2024\/06\/IMG-20240605-WA0004-768x432.jpg 768w, https:\/\/www.flieg.fr\/wordpress\/wp-content\/uploads\/2024\/06\/IMG-20240605-WA0004-1536x864.jpg 1536w, https:\/\/www.flieg.fr\/wordpress\/wp-content\/uploads\/2024\/06\/IMG-20240605-WA0004-624x351.jpg 624w, https:\/\/www.flieg.fr\/wordpress\/wp-content\/uploads\/2024\/06\/IMG-20240605-WA0004.jpg 1600w\" sizes=\"auto, (max-width: 625px) 100vw, 625px\" \/><\/a><\/p>\n<p>Pivoines<\/p>\n<p><a href=\"https:\/\/www.flieg.fr\/wordpress\/wp-content\/uploads\/2024\/06\/20240605_094131-scaled.jpg\"><img loading=\"lazy\" decoding=\"async\" class=\"alignnone size-large wp-image-3178\" src=\"https:\/\/www.flieg.fr\/wordpress\/wp-content\/uploads\/2024\/06\/20240605_094131-1024x576.jpg\" alt=\"\" width=\"625\" height=\"352\" srcset=\"https:\/\/www.flieg.fr\/wordpress\/wp-content\/uploads\/2024\/06\/20240605_094131-1024x576.jpg 1024w, https:\/\/www.flieg.fr\/wordpress\/wp-content\/uploads\/2024\/06\/20240605_094131-300x169.jpg 300w, https:\/\/www.flieg.fr\/wordpress\/wp-content\/uploads\/2024\/06\/20240605_094131-768x432.jpg 768w, https:\/\/www.flieg.fr\/wordpress\/wp-content\/uploads\/2024\/06\/20240605_094131-1536x864.jpg 1536w, https:\/\/www.flieg.fr\/wordpress\/wp-content\/uploads\/2024\/06\/20240605_094131-2048x1152.jpg 2048w, https:\/\/www.flieg.fr\/wordpress\/wp-content\/uploads\/2024\/06\/20240605_094131-624x351.jpg 624w\" sizes=\"auto, (max-width: 625px) 100vw, 625px\" \/><\/a><\/p>\n<p>&nbsp;<\/p>\n<p>Au loin le sanctuaire du mont Roland<\/p>\n<p><a href=\"https:\/\/www.flieg.fr\/wordpress\/wp-content\/uploads\/2024\/06\/IMG-20240605-WA0003.jpg\"><img loading=\"lazy\" decoding=\"async\" class=\"alignnone size-large wp-image-3174\" src=\"https:\/\/www.flieg.fr\/wordpress\/wp-content\/uploads\/2024\/06\/IMG-20240605-WA0003-1024x576.jpg\" alt=\"\" width=\"625\" height=\"352\" srcset=\"https:\/\/www.flieg.fr\/wordpress\/wp-content\/uploads\/2024\/06\/IMG-20240605-WA0003-1024x576.jpg 1024w, https:\/\/www.flieg.fr\/wordpress\/wp-content\/uploads\/2024\/06\/IMG-20240605-WA0003-300x169.jpg 300w, https:\/\/www.flieg.fr\/wordpress\/wp-content\/uploads\/2024\/06\/IMG-20240605-WA0003-768x432.jpg 768w, https:\/\/www.flieg.fr\/wordpress\/wp-content\/uploads\/2024\/06\/IMG-20240605-WA0003-1536x864.jpg 1536w, https:\/\/www.flieg.fr\/wordpress\/wp-content\/uploads\/2024\/06\/IMG-20240605-WA0003-624x351.jpg 624w, https:\/\/www.flieg.fr\/wordpress\/wp-content\/uploads\/2024\/06\/IMG-20240605-WA0003.jpg 1600w\" sizes=\"auto, (max-width: 625px) 100vw, 625px\" \/><\/a>Vues sur le sanctuaire de Roland<\/p>\n<p><a href=\"https:\/\/www.flieg.fr\/wordpress\/wp-content\/uploads\/2024\/06\/20240605_115656-scaled.jpg\"><img loading=\"lazy\" decoding=\"async\" class=\"alignnone size-large wp-image-3185\" src=\"https:\/\/www.flieg.fr\/wordpress\/wp-content\/uploads\/2024\/06\/20240605_115656-576x1024.jpg\" alt=\"\" width=\"576\" height=\"1024\" srcset=\"https:\/\/www.flieg.fr\/wordpress\/wp-content\/uploads\/2024\/06\/20240605_115656-576x1024.jpg 576w, https:\/\/www.flieg.fr\/wordpress\/wp-content\/uploads\/2024\/06\/20240605_115656-169x300.jpg 169w, https:\/\/www.flieg.fr\/wordpress\/wp-content\/uploads\/2024\/06\/20240605_115656-768x1365.jpg 768w, https:\/\/www.flieg.fr\/wordpress\/wp-content\/uploads\/2024\/06\/20240605_115656-864x1536.jpg 864w, https:\/\/www.flieg.fr\/wordpress\/wp-content\/uploads\/2024\/06\/20240605_115656-1152x2048.jpg 1152w, https:\/\/www.flieg.fr\/wordpress\/wp-content\/uploads\/2024\/06\/20240605_115656-624x1109.jpg 624w, https:\/\/www.flieg.fr\/wordpress\/wp-content\/uploads\/2024\/06\/20240605_115656-scaled.jpg 1440w\" sizes=\"auto, (max-width: 576px) 100vw, 576px\" \/><\/a><\/p>\n<p>Mais comment se fait-il qu&rsquo;il se trouve l\u00e0 un p\u00e8lerin ? Le voyez vous ? Le ph\u00e9nom\u00e8ne ne se reproduit que quelques jours par an en fin de matin\u00e9e. Il s&rsquo;agit de l&rsquo;ombre d&rsquo;un pinacle du petit \u00e9difice marial sur l&rsquo;esplanade. Curieux, n&rsquo;est ce pas ?<\/p>\n<p><a href=\"https:\/\/www.flieg.fr\/wordpress\/wp-content\/uploads\/2024\/06\/IMG-20240605-WA0005.jpg\"><img loading=\"lazy\" decoding=\"async\" class=\"alignnone size-large wp-image-3187\" src=\"https:\/\/www.flieg.fr\/wordpress\/wp-content\/uploads\/2024\/06\/IMG-20240605-WA0005-1024x576.jpg\" alt=\"\" width=\"625\" height=\"352\" srcset=\"https:\/\/www.flieg.fr\/wordpress\/wp-content\/uploads\/2024\/06\/IMG-20240605-WA0005-1024x576.jpg 1024w, https:\/\/www.flieg.fr\/wordpress\/wp-content\/uploads\/2024\/06\/IMG-20240605-WA0005-300x169.jpg 300w, https:\/\/www.flieg.fr\/wordpress\/wp-content\/uploads\/2024\/06\/IMG-20240605-WA0005-768x432.jpg 768w, https:\/\/www.flieg.fr\/wordpress\/wp-content\/uploads\/2024\/06\/IMG-20240605-WA0005-1536x864.jpg 1536w, https:\/\/www.flieg.fr\/wordpress\/wp-content\/uploads\/2024\/06\/IMG-20240605-WA0005-624x351.jpg 624w, https:\/\/www.flieg.fr\/wordpress\/wp-content\/uploads\/2024\/06\/IMG-20240605-WA0005.jpg 1600w\" sizes=\"auto, (max-width: 625px) 100vw, 625px\" \/><\/a><\/p>\n<p>Le ch\u0153ur du sanctuaire du mont Roland<\/p>\n<p><a href=\"https:\/\/www.flieg.fr\/wordpress\/wp-content\/uploads\/2024\/06\/20240605_180300-scaled.jpg\"><img loading=\"lazy\" decoding=\"async\" class=\"alignnone size-large wp-image-3188\" src=\"https:\/\/www.flieg.fr\/wordpress\/wp-content\/uploads\/2024\/06\/20240605_180300-1024x576.jpg\" alt=\"\" width=\"625\" height=\"352\" srcset=\"https:\/\/www.flieg.fr\/wordpress\/wp-content\/uploads\/2024\/06\/20240605_180300-1024x576.jpg 1024w, https:\/\/www.flieg.fr\/wordpress\/wp-content\/uploads\/2024\/06\/20240605_180300-300x169.jpg 300w, https:\/\/www.flieg.fr\/wordpress\/wp-content\/uploads\/2024\/06\/20240605_180300-768x432.jpg 768w, https:\/\/www.flieg.fr\/wordpress\/wp-content\/uploads\/2024\/06\/20240605_180300-1536x864.jpg 1536w, https:\/\/www.flieg.fr\/wordpress\/wp-content\/uploads\/2024\/06\/20240605_180300-2048x1152.jpg 2048w, https:\/\/www.flieg.fr\/wordpress\/wp-content\/uploads\/2024\/06\/20240605_180300-624x351.jpg 624w\" sizes=\"auto, (max-width: 625px) 100vw, 625px\" \/><\/a><\/p>\n<p>Ce soir, c&rsquo;est G\u00e9rald qui nous re\u00e7oit dans sa gentilhommi\u00e8re avec un tr\u00e8s beau jardin.<\/p>\n<p><a href=\"https:\/\/www.flieg.fr\/wordpress\/wp-content\/uploads\/2024\/06\/20240605_191740-scaled.jpg\"><img loading=\"lazy\" decoding=\"async\" class=\"alignnone size-large wp-image-3194\" src=\"https:\/\/www.flieg.fr\/wordpress\/wp-content\/uploads\/2024\/06\/20240605_191740-1024x576.jpg\" alt=\"\" width=\"625\" height=\"352\" srcset=\"https:\/\/www.flieg.fr\/wordpress\/wp-content\/uploads\/2024\/06\/20240605_191740-1024x576.jpg 1024w, https:\/\/www.flieg.fr\/wordpress\/wp-content\/uploads\/2024\/06\/20240605_191740-300x169.jpg 300w, https:\/\/www.flieg.fr\/wordpress\/wp-content\/uploads\/2024\/06\/20240605_191740-768x432.jpg 768w, https:\/\/www.flieg.fr\/wordpress\/wp-content\/uploads\/2024\/06\/20240605_191740-1536x864.jpg 1536w, https:\/\/www.flieg.fr\/wordpress\/wp-content\/uploads\/2024\/06\/20240605_191740-2048x1152.jpg 2048w, https:\/\/www.flieg.fr\/wordpress\/wp-content\/uploads\/2024\/06\/20240605_191740-624x351.jpg 624w\" sizes=\"auto, (max-width: 625px) 100vw, 625px\" \/><\/a><\/p>\n<p><a href=\"https:\/\/www.flieg.fr\/wordpress\/?page_id=3191\"><img loading=\"lazy\" decoding=\"async\" class=\"wp-image-2961 aligncenter\" src=\"https:\/\/www.flieg.fr\/wordpress\/wp-content\/uploads\/2024\/05\/md_5aeaff6fd71da.jpg\" alt=\"\" width=\"64\" height=\"64\" srcset=\"https:\/\/www.flieg.fr\/wordpress\/wp-content\/uploads\/2024\/05\/md_5aeaff6fd71da.jpg 640w, https:\/\/www.flieg.fr\/wordpress\/wp-content\/uploads\/2024\/05\/md_5aeaff6fd71da-300x300.jpg 300w, https:\/\/www.flieg.fr\/wordpress\/wp-content\/uploads\/2024\/05\/md_5aeaff6fd71da-150x150.jpg 150w, https:\/\/www.flieg.fr\/wordpress\/wp-content\/uploads\/2024\/05\/md_5aeaff6fd71da-624x624.jpg 624w\" sizes=\"auto, (max-width: 64px) 100vw, 64px\" \/><\/a><\/p>\n<p>&nbsp;<\/p>\n<p>&nbsp;<\/p>\n","protected":false},"excerpt":{"rendered":"<p>Mercredi 5 juin 2024 18 km en 5h30 de marche. D\u00e9nivel\u00e9 : 156+ et 268- Cumul 176 km Genevi\u00e8ve nous a remis sur le chemin \u00e0 Gredisans. Pivoines &nbsp; Au loin le sanctuaire du mont Roland Vues sur le sanctuaire de Roland Mais comment se fait-il qu&rsquo;il se trouve l\u00e0 un p\u00e8lerin ? Le voyez [&hellip;]<\/p>\n","protected":false},"author":3,"featured_media":0,"parent":0,"menu_order":0,"comment_status":"closed","ping_status":"closed","template":"","meta":{"footnotes":""},"class_list":["post-3164","page","type-page","status-publish","hentry"],"_links":{"self":[{"href":"https:\/\/www.flieg.fr\/index.php?rest_route=\/wp\/v2\/pages\/3164","targetHints":{"allow":["GET"]}}],"collection":[{"href":"https:\/\/www.flieg.fr\/index.php?rest_route=\/wp\/v2\/pages"}],"about":[{"href":"https:\/\/www.flieg.fr\/index.php?rest_route=\/wp\/v2\/types\/page"}],"author":[{"embeddable":true,"href":"https:\/\/www.flieg.fr\/index.php?rest_route=\/wp\/v2\/users\/3"}],"replies":[{"embeddable":true,"href":"https:\/\/www.flieg.fr\/index.php?rest_route=%2Fwp%2Fv2%2Fcomments&post=3164"}],"version-history":[{"count":9,"href":"https:\/\/www.flieg.fr\/index.php?rest_route=\/wp\/v2\/pages\/3164\/revisions"}],"predecessor-version":[{"id":3195,"href":"https:\/\/www.flieg.fr\/index.php?rest_route=\/wp\/v2\/pages\/3164\/revisions\/3195"}],"wp:attachment":[{"href":"https:\/\/www.flieg.fr\/index.php?rest_route=%2Fwp%2Fv2%2Fmedia&parent=3164"}],"curies":[{"name":"wp","href":"https:\/\/api.w.org\/{rel}","templated":true}]}}

Etape 10 : de Gredisans à Saint Seine en Bâche

<p>Mercredi 5 juin 2024</p>
<p>18 km en 5h30 de marche. Dénivelé : 156+ et 268-</p>
<p>Cumul 176 km</p>
<p><a href="https://www.flieg.fr/wordpress/wp-content/uploads/2024/06/IMG-20240605-WA0001.jpg"><img loading="lazy" decoding="async" class="alignnone size-large wp-image-3173" src="https://www.flieg.fr/wordpress/wp-content/uploads/2024/06/IMG-20240605-WA0001-1024x768.jpg" alt="" width="625" height="469" srcset="https://www.flieg.fr/wordpress/wp-content/uploads/2024/06/IMG-20240605-WA0001-1024x768.jpg 1024w, https://www.flieg.fr/wordpress/wp-content/uploads/2024/06/IMG-20240605-WA0001-300x225.jpg 300w, https://www.flieg.fr/wordpress/wp-content/uploads/2024/06/IMG-20240605-WA0001-768x576.jpg 768w, https://www.flieg.fr/wordpress/wp-content/uploads/2024/06/IMG-20240605-WA0001-624x468.jpg 624w, https://www.flieg.fr/wordpress/wp-content/uploads/2024/06/IMG-20240605-WA0001.jpg 1131w" sizes="auto, (max-width: 625px) 100vw, 625px" /></a></p>
<p>Geneviève nous a remis sur le chemin à Gredisans.</p>
<p><a href="https://www.flieg.fr/wordpress/wp-content/uploads/2024/06/IMG-20240605-WA0004.jpg"><img loading="lazy" decoding="async" class="alignnone size-large wp-image-3176" src="https://www.flieg.fr/wordpress/wp-content/uploads/2024/06/IMG-20240605-WA0004-1024x576.jpg" alt="" width="625" height="352" srcset="https://www.flieg.fr/wordpress/wp-content/uploads/2024/06/IMG-20240605-WA0004-1024x576.jpg 1024w, https://www.flieg.fr/wordpress/wp-content/uploads/2024/06/IMG-20240605-WA0004-300x169.jpg 300w, https://www.flieg.fr/wordpress/wp-content/uploads/2024/06/IMG-20240605-WA0004-768x432.jpg 768w, https://www.flieg.fr/wordpress/wp-content/uploads/2024/06/IMG-20240605-WA0004-1536x864.jpg 1536w, https://www.flieg.fr/wordpress/wp-content/uploads/2024/06/IMG-20240605-WA0004-624x351.jpg 624w, https://www.flieg.fr/wordpress/wp-content/uploads/2024/06/IMG-20240605-WA0004.jpg 1600w" sizes="auto, (max-width: 625px) 100vw, 625px" /></a></p>
<p>Pivoines</p>
<p><a href="https://www.flieg.fr/wordpress/wp-content/uploads/2024/06/20240605_094131-scaled.jpg"><img loading="lazy" decoding="async" class="alignnone size-large wp-image-3178" src="https://www.flieg.fr/wordpress/wp-content/uploads/2024/06/20240605_094131-1024x576.jpg" alt="" width="625" height="352" srcset="https://www.flieg.fr/wordpress/wp-content/uploads/2024/06/20240605_094131-1024x576.jpg 1024w, https://www.flieg.fr/wordpress/wp-content/uploads/2024/06/20240605_094131-300x169.jpg 300w, https://www.flieg.fr/wordpress/wp-content/uploads/2024/06/20240605_094131-768x432.jpg 768w, https://www.flieg.fr/wordpress/wp-content/uploads/2024/06/20240605_094131-1536x864.jpg 1536w, https://www.flieg.fr/wordpress/wp-content/uploads/2024/06/20240605_094131-2048x1152.jpg 2048w, https://www.flieg.fr/wordpress/wp-content/uploads/2024/06/20240605_094131-624x351.jpg 624w" sizes="auto, (max-width: 625px) 100vw, 625px" /></a></p>
<p>&nbsp;</p>
<p>Au loin le sanctuaire du mont Roland</p>
<p><a href="https://www.flieg.fr/wordpress/wp-content/uploads/2024/06/IMG-20240605-WA0003.jpg"><img loading="lazy" decoding="async" class="alignnone size-large wp-image-3174" src="https://www.flieg.fr/wordpress/wp-content/uploads/2024/06/IMG-20240605-WA0003-1024x576.jpg" alt="" width="625" height="352" srcset="https://www.flieg.fr/wordpress/wp-content/uploads/2024/06/IMG-20240605-WA0003-1024x576.jpg 1024w, https://www.flieg.fr/wordpress/wp-content/uploads/2024/06/IMG-20240605-WA0003-300x169.jpg 300w, https://www.flieg.fr/wordpress/wp-content/uploads/2024/06/IMG-20240605-WA0003-768x432.jpg 768w, https://www.flieg.fr/wordpress/wp-content/uploads/2024/06/IMG-20240605-WA0003-1536x864.jpg 1536w, https://www.flieg.fr/wordpress/wp-content/uploads/2024/06/IMG-20240605-WA0003-624x351.jpg 624w, https://www.flieg.fr/wordpress/wp-content/uploads/2024/06/IMG-20240605-WA0003.jpg 1600w" sizes="auto, (max-width: 625px) 100vw, 625px" /></a>Vues sur le sanctuaire de Roland</p>
<p><a href="https://www.flieg.fr/wordpress/wp-content/uploads/2024/06/20240605_115656-scaled.jpg"><img loading="lazy" decoding="async" class="alignnone size-large wp-image-3185" src="https://www.flieg.fr/wordpress/wp-content/uploads/2024/06/20240605_115656-576x1024.jpg" alt="" width="576" height="1024" srcset="https://www.flieg.fr/wordpress/wp-content/uploads/2024/06/20240605_115656-576x1024.jpg 576w, https://www.flieg.fr/wordpress/wp-content/uploads/2024/06/20240605_115656-169x300.jpg 169w, https://www.flieg.fr/wordpress/wp-content/uploads/2024/06/20240605_115656-768x1365.jpg 768w, https://www.flieg.fr/wordpress/wp-content/uploads/2024/06/20240605_115656-864x1536.jpg 864w, https://www.flieg.fr/wordpress/wp-content/uploads/2024/06/20240605_115656-1152x2048.jpg 1152w, https://www.flieg.fr/wordpress/wp-content/uploads/2024/06/20240605_115656-624x1109.jpg 624w, https://www.flieg.fr/wordpress/wp-content/uploads/2024/06/20240605_115656-scaled.jpg 1440w" sizes="auto, (max-width: 576px) 100vw, 576px" /></a></p>
<p>Mais comment se fait-il qu&rsquo;il se trouve là un pèlerin ? Le voyez vous ? Le phénomène ne se reproduit que quelques jours par an en fin de matinée. Il s&rsquo;agit de l&rsquo;ombre d&rsquo;un pinacle du petit édifice marial sur l&rsquo;esplanade. Curieux, n&rsquo;est ce pas ?</p>
<p><a href="https://www.flieg.fr/wordpress/wp-content/uploads/2024/06/IMG-20240605-WA0005.jpg"><img loading="lazy" decoding="async" class="alignnone size-large wp-image-3187" src="https://www.flieg.fr/wordpress/wp-content/uploads/2024/06/IMG-20240605-WA0005-1024x576.jpg" alt="" width="625" height="352" srcset="https://www.flieg.fr/wordpress/wp-content/uploads/2024/06/IMG-20240605-WA0005-1024x576.jpg 1024w, https://www.flieg.fr/wordpress/wp-content/uploads/2024/06/IMG-20240605-WA0005-300x169.jpg 300w, https://www.flieg.fr/wordpress/wp-content/uploads/2024/06/IMG-20240605-WA0005-768x432.jpg 768w, https://www.flieg.fr/wordpress/wp-content/uploads/2024/06/IMG-20240605-WA0005-1536x864.jpg 1536w, https://www.flieg.fr/wordpress/wp-content/uploads/2024/06/IMG-20240605-WA0005-624x351.jpg 624w, https://www.flieg.fr/wordpress/wp-content/uploads/2024/06/IMG-20240605-WA0005.jpg 1600w" sizes="auto, (max-width: 625px) 100vw, 625px" /></a></p>
<p>Le chœur du sanctuaire du mont Roland</p>
<p><a href="https://www.flieg.fr/wordpress/wp-content/uploads/2024/06/20240605_180300-scaled.jpg"><img loading="lazy" decoding="async" class="alignnone size-large wp-image-3188" src="https://www.flieg.fr/wordpress/wp-content/uploads/2024/06/20240605_180300-1024x576.jpg" alt="" width="625" height="352" srcset="https://www.flieg.fr/wordpress/wp-content/uploads/2024/06/20240605_180300-1024x576.jpg 1024w, https://www.flieg.fr/wordpress/wp-content/uploads/2024/06/20240605_180300-300x169.jpg 300w, https://www.flieg.fr/wordpress/wp-content/uploads/2024/06/20240605_180300-768x432.jpg 768w, https://www.flieg.fr/wordpress/wp-content/uploads/2024/06/20240605_180300-1536x864.jpg 1536w, https://www.flieg.fr/wordpress/wp-content/uploads/2024/06/20240605_180300-2048x1152.jpg 2048w, https://www.flieg.fr/wordpress/wp-content/uploads/2024/06/20240605_180300-624x351.jpg 624w" sizes="auto, (max-width: 625px) 100vw, 625px" /></a></p>
<p>Ce soir, c&rsquo;est Gérald qui nous reçoit dans sa gentilhommière avec un très beau jardin.</p>
<p><a href="https://www.flieg.fr/wordpress/wp-content/uploads/2024/06/20240605_191740-scaled.jpg"><img loading="lazy" decoding="async" class="alignnone size-large wp-image-3194" src="https://www.flieg.fr/wordpress/wp-content/uploads/2024/06/20240605_191740-1024x576.jpg" alt="" width="625" height="352" srcset="https://www.flieg.fr/wordpress/wp-content/uploads/2024/06/20240605_191740-1024x576.jpg 1024w, https://www.flieg.fr/wordpress/wp-content/uploads/2024/06/20240605_191740-300x169.jpg 300w, https://www.flieg.fr/wordpress/wp-content/uploads/2024/06/20240605_191740-768x432.jpg 768w, https://www.flieg.fr/wordpress/wp-content/uploads/2024/06/20240605_191740-1536x864.jpg 1536w, https://www.flieg.fr/wordpress/wp-content/uploads/2024/06/20240605_191740-2048x1152.jpg 2048w, https://www.flieg.fr/wordpress/wp-content/uploads/2024/06/20240605_191740-624x351.jpg 624w" sizes="auto, (max-width: 625px) 100vw, 625px" /></a></p>
<p><a href="https://www.flieg.fr/wordpress/?page_id=3191"><img loading="lazy" decoding="async" class="wp-image-2961 aligncenter" src="https://www.flieg.fr/wordpress/wp-content/uploads/2024/05/md_5aeaff6fd71da.jpg" alt="" width="64" height="64" srcset="https://www.flieg.fr/wordpress/wp-content/uploads/2024/05/md_5aeaff6fd71da.jpg 640w, https://www.flieg.fr/wordpress/wp-content/uploads/2024/05/md_5aeaff6fd71da-300x300.jpg 300w, https://www.flieg.fr/wordpress/wp-content/uploads/2024/05/md_5aeaff6fd71da-150x150.jpg 150w, https://www.flieg.fr/wordpress/wp-content/uploads/2024/05/md_5aeaff6fd71da-624x624.jpg 624w" sizes="auto, (max-width: 64px) 100vw, 64px" /></a></p>
<p>&nbsp;</p>
<p>&nbsp;</p>

<p>Mercredi 5 juin 2024 18 km en 5h30 de marche. Dénivelé : 156+ et 268- Cumul 176 km Geneviève nous a remis sur le chemin à Gredisans. Pivoines &nbsp; Au loin le sanctuaire du mont Roland Vues sur le sanctuaire de Roland Mais comment se fait-il qu&rsquo;il se trouve là un pèlerin ? Le voyez [&hellip;]</p>
