{"id":3098,"date":"2024-06-02T17:03:21","date_gmt":"2024-06-02T16:03:21","guid":{"rendered":"https:\/\/www.flieg.fr\/?page_id=3098"},"modified":"2024-06-15T15:22:47","modified_gmt":"2024-06-15T14:22:47","slug":"etape-7-de-frasnes-a-autoreille","status":"publish","type":"page","link":"https:\/\/www.flieg.fr\/?page_id=3098","title":{"rendered":"Etape 7 : de Frasnes \u00e0 Autoreille"},"content":{"rendered":"<p>2 juin 2024<\/p>\n<p>22 km en 6h10 de marche. D\u00e9nivel\u00e9 : 321+ et 409-<\/p>\n<p><a href=\"https:\/\/www.flieg.fr\/wordpress\/wp-content\/uploads\/2024\/06\/20240602_095834-scaled.jpg\"><img loading=\"lazy\" decoding=\"async\" class=\"alignnone size-large wp-image-3108\" src=\"https:\/\/www.flieg.fr\/wordpress\/wp-content\/uploads\/2024\/06\/20240602_095834-1024x576.jpg\" alt=\"\" width=\"625\" height=\"352\" srcset=\"https:\/\/www.flieg.fr\/wordpress\/wp-content\/uploads\/2024\/06\/20240602_095834-1024x576.jpg 1024w, https:\/\/www.flieg.fr\/wordpress\/wp-content\/uploads\/2024\/06\/20240602_095834-300x169.jpg 300w, https:\/\/www.flieg.fr\/wordpress\/wp-content\/uploads\/2024\/06\/20240602_095834-768x432.jpg 768w, https:\/\/www.flieg.fr\/wordpress\/wp-content\/uploads\/2024\/06\/20240602_095834-1536x864.jpg 1536w, https:\/\/www.flieg.fr\/wordpress\/wp-content\/uploads\/2024\/06\/20240602_095834-2048x1152.jpg 2048w, https:\/\/www.flieg.fr\/wordpress\/wp-content\/uploads\/2024\/06\/20240602_095834-624x351.jpg 624w\" sizes=\"auto, (max-width: 625px) 100vw, 625px\" \/><\/a><\/p>\n<p>D\u00e8s le d\u00e9part, il pleut et la brume s&rsquo;est lev\u00e9e. \u00c7a ne favorise pas un bon moral, mais quand faut y aller, faut y aller.<\/p>\n<blockquote><p><a href=\"https:\/\/www.flieg.fr\/wordpress\/wp-content\/uploads\/2024\/06\/20240602_104000-scaled.jpg\"><img loading=\"lazy\" decoding=\"async\" class=\"alignnone size-large wp-image-3109\" src=\"https:\/\/www.flieg.fr\/wordpress\/wp-content\/uploads\/2024\/06\/20240602_104000-1024x576.jpg\" alt=\"\" width=\"625\" height=\"352\" srcset=\"https:\/\/www.flieg.fr\/wordpress\/wp-content\/uploads\/2024\/06\/20240602_104000-1024x576.jpg 1024w, https:\/\/www.flieg.fr\/wordpress\/wp-content\/uploads\/2024\/06\/20240602_104000-300x169.jpg 300w, https:\/\/www.flieg.fr\/wordpress\/wp-content\/uploads\/2024\/06\/20240602_104000-768x432.jpg 768w, https:\/\/www.flieg.fr\/wordpress\/wp-content\/uploads\/2024\/06\/20240602_104000-1536x864.jpg 1536w, https:\/\/www.flieg.fr\/wordpress\/wp-content\/uploads\/2024\/06\/20240602_104000-2048x1152.jpg 2048w, https:\/\/www.flieg.fr\/wordpress\/wp-content\/uploads\/2024\/06\/20240602_104000-624x351.jpg 624w\" sizes=\"auto, (max-width: 625px) 100vw, 625px\" \/><\/a><\/p>\n<p>Pas trop vite<\/p>\n<p><a href=\"https:\/\/www.flieg.fr\/wordpress\/wp-content\/uploads\/2024\/06\/20240602_104637-scaled.jpg\"><img loading=\"lazy\" decoding=\"async\" class=\"alignnone size-large wp-image-3111\" src=\"https:\/\/www.flieg.fr\/wordpress\/wp-content\/uploads\/2024\/06\/20240602_104637-1024x576.jpg\" alt=\"\" width=\"625\" height=\"352\" srcset=\"https:\/\/www.flieg.fr\/wordpress\/wp-content\/uploads\/2024\/06\/20240602_104637-1024x576.jpg 1024w, https:\/\/www.flieg.fr\/wordpress\/wp-content\/uploads\/2024\/06\/20240602_104637-300x169.jpg 300w, https:\/\/www.flieg.fr\/wordpress\/wp-content\/uploads\/2024\/06\/20240602_104637-768x432.jpg 768w, https:\/\/www.flieg.fr\/wordpress\/wp-content\/uploads\/2024\/06\/20240602_104637-1536x864.jpg 1536w, https:\/\/www.flieg.fr\/wordpress\/wp-content\/uploads\/2024\/06\/20240602_104637-2048x1152.jpg 2048w, https:\/\/www.flieg.fr\/wordpress\/wp-content\/uploads\/2024\/06\/20240602_104637-624x351.jpg 624w\" sizes=\"auto, (max-width: 625px) 100vw, 625px\" \/><\/a><\/p>\n<p>Prendre un nouvel \u00e9lan<\/p><\/blockquote>\n<blockquote><p><a href=\"https:\/\/www.flieg.fr\/wordpress\/wp-content\/uploads\/2024\/06\/20240602_104229-scaled.jpg\"><img loading=\"lazy\" decoding=\"async\" class=\"alignnone size-large wp-image-3110\" src=\"https:\/\/www.flieg.fr\/wordpress\/wp-content\/uploads\/2024\/06\/20240602_104229-1024x576.jpg\" alt=\"\" width=\"625\" height=\"352\" srcset=\"https:\/\/www.flieg.fr\/wordpress\/wp-content\/uploads\/2024\/06\/20240602_104229-1024x576.jpg 1024w, https:\/\/www.flieg.fr\/wordpress\/wp-content\/uploads\/2024\/06\/20240602_104229-300x169.jpg 300w, https:\/\/www.flieg.fr\/wordpress\/wp-content\/uploads\/2024\/06\/20240602_104229-768x432.jpg 768w, https:\/\/www.flieg.fr\/wordpress\/wp-content\/uploads\/2024\/06\/20240602_104229-1536x864.jpg 1536w, https:\/\/www.flieg.fr\/wordpress\/wp-content\/uploads\/2024\/06\/20240602_104229-2048x1152.jpg 2048w, https:\/\/www.flieg.fr\/wordpress\/wp-content\/uploads\/2024\/06\/20240602_104229-624x351.jpg 624w\" sizes=\"auto, (max-width: 625px) 100vw, 625px\" \/><\/a><\/p>\n<p>Sans d\u00e9passer ses limites.<\/p>\n<p><span style=\"font-size: 1rem;\">On se change les id\u00e9es en d\u00e9couvrant les panneaux.<\/span><\/p>\n<p><a href=\"https:\/\/www.flieg.fr\/wordpress\/wp-content\/uploads\/2024\/06\/IMG-20240602-WA0002.jpg\"><img loading=\"lazy\" decoding=\"async\" class=\"alignnone size-large wp-image-3112\" src=\"https:\/\/www.flieg.fr\/wordpress\/wp-content\/uploads\/2024\/06\/IMG-20240602-WA0002-1024x576.jpg\" alt=\"\" width=\"625\" height=\"352\" srcset=\"https:\/\/www.flieg.fr\/wordpress\/wp-content\/uploads\/2024\/06\/IMG-20240602-WA0002-1024x576.jpg 1024w, https:\/\/www.flieg.fr\/wordpress\/wp-content\/uploads\/2024\/06\/IMG-20240602-WA0002-300x169.jpg 300w, https:\/\/www.flieg.fr\/wordpress\/wp-content\/uploads\/2024\/06\/IMG-20240602-WA0002-768x432.jpg 768w, https:\/\/www.flieg.fr\/wordpress\/wp-content\/uploads\/2024\/06\/IMG-20240602-WA0002-1536x864.jpg 1536w, https:\/\/www.flieg.fr\/wordpress\/wp-content\/uploads\/2024\/06\/IMG-20240602-WA0002-624x351.jpg 624w, https:\/\/www.flieg.fr\/wordpress\/wp-content\/uploads\/2024\/06\/IMG-20240602-WA0002.jpg 2048w\" sizes=\"auto, (max-width: 625px) 100vw, 625px\" \/><\/a><\/p>\n<p>O\u00f9 la gadoue?<\/p>\n<p><a href=\"https:\/\/www.flieg.fr\/wordpress\/wp-content\/uploads\/2024\/06\/20240602_151409-scaled.jpg\"><img loading=\"lazy\" decoding=\"async\" class=\"alignnone size-large wp-image-3114\" src=\"https:\/\/www.flieg.fr\/wordpress\/wp-content\/uploads\/2024\/06\/20240602_151409-1024x576.jpg\" alt=\"\" width=\"625\" height=\"352\" srcset=\"https:\/\/www.flieg.fr\/wordpress\/wp-content\/uploads\/2024\/06\/20240602_151409-1024x576.jpg 1024w, https:\/\/www.flieg.fr\/wordpress\/wp-content\/uploads\/2024\/06\/20240602_151409-300x169.jpg 300w, https:\/\/www.flieg.fr\/wordpress\/wp-content\/uploads\/2024\/06\/20240602_151409-768x432.jpg 768w, https:\/\/www.flieg.fr\/wordpress\/wp-content\/uploads\/2024\/06\/20240602_151409-1536x864.jpg 1536w, https:\/\/www.flieg.fr\/wordpress\/wp-content\/uploads\/2024\/06\/20240602_151409-2048x1152.jpg 2048w, https:\/\/www.flieg.fr\/wordpress\/wp-content\/uploads\/2024\/06\/20240602_151409-624x351.jpg 624w\" sizes=\"auto, (max-width: 625px) 100vw, 625px\" \/><\/a><\/p>\n<p>Autoreille est un petit village o\u00f9 la municipalit\u00e9 met un g\u00eete \u00e0 disposition. Mais c&rsquo;est nous qui faisons le repas : potage, nouilles chinoises et grignottes de poulet r\u00f4ti<\/p>\n<p><a href=\"https:\/\/www.flieg.fr\/wordpress\/wp-content\/uploads\/2024\/06\/20240602_191114-scaled.jpg\"><img loading=\"lazy\" decoding=\"async\" class=\"alignnone size-large wp-image-3122\" src=\"https:\/\/www.flieg.fr\/wordpress\/wp-content\/uploads\/2024\/06\/20240602_191114-1024x576.jpg\" alt=\"\" width=\"625\" height=\"352\" srcset=\"https:\/\/www.flieg.fr\/wordpress\/wp-content\/uploads\/2024\/06\/20240602_191114-1024x576.jpg 1024w, https:\/\/www.flieg.fr\/wordpress\/wp-content\/uploads\/2024\/06\/20240602_191114-300x169.jpg 300w, https:\/\/www.flieg.fr\/wordpress\/wp-content\/uploads\/2024\/06\/20240602_191114-768x432.jpg 768w, https:\/\/www.flieg.fr\/wordpress\/wp-content\/uploads\/2024\/06\/20240602_191114-1536x864.jpg 1536w, https:\/\/www.flieg.fr\/wordpress\/wp-content\/uploads\/2024\/06\/20240602_191114-2048x1151.jpg 2048w, https:\/\/www.flieg.fr\/wordpress\/wp-content\/uploads\/2024\/06\/20240602_191114-624x351.jpg 624w\" sizes=\"auto, (max-width: 625px) 100vw, 625px\" \/><\/a><\/p>\n<p>A noter : les petits pieds de Michelle sont gu\u00e9ris. Demain on esp\u00e8re pouvoir renvoyer les chaussures de Michelle par la poste \u00e0 Thomas.<\/p>\n<p><a href=\"https:\/\/www.flieg.fr\/wordpress\/?page_id=3116\"><img loading=\"lazy\" decoding=\"async\" class=\"wp-image-2961 aligncenter\" src=\"https:\/\/www.flieg.fr\/wordpress\/wp-content\/uploads\/2024\/05\/md_5aeaff6fd71da.jpg\" alt=\"\" width=\"64\" height=\"64\" srcset=\"https:\/\/www.flieg.fr\/wordpress\/wp-content\/uploads\/2024\/05\/md_5aeaff6fd71da.jpg 640w, https:\/\/www.flieg.fr\/wordpress\/wp-content\/uploads\/2024\/05\/md_5aeaff6fd71da-300x300.jpg 300w, https:\/\/www.flieg.fr\/wordpress\/wp-content\/uploads\/2024\/05\/md_5aeaff6fd71da-150x150.jpg 150w, https:\/\/www.flieg.fr\/wordpress\/wp-content\/uploads\/2024\/05\/md_5aeaff6fd71da-624x624.jpg 624w\" sizes=\"auto, (max-width: 64px) 100vw, 64px\" \/><\/a><\/p><\/blockquote>\n<p>&nbsp;<\/p>\n","protected":false},"excerpt":{"rendered":"<p>2 juin 2024 22 km en 6h10 de marche. D\u00e9nivel\u00e9 : 321+ et 409- D\u00e8s le d\u00e9part, il pleut et la brume s&rsquo;est lev\u00e9e. \u00c7a ne favorise pas un bon moral, mais quand faut y aller, faut y aller. Pas trop vite Prendre un nouvel \u00e9lan Sans d\u00e9passer ses limites. On se change les id\u00e9es [&hellip;]<\/p>\n","protected":false},"author":3,"featured_media":0,"parent":0,"menu_order":0,"comment_status":"closed","ping_status":"closed","template":"","meta":{"footnotes":""},"class_list":["post-3098","page","type-page","status-publish","hentry"],"_links":{"self":[{"href":"https:\/\/www.flieg.fr\/index.php?rest_route=\/wp\/v2\/pages\/3098","targetHints":{"allow":["GET"]}}],"collection":[{"href":"https:\/\/www.flieg.fr\/index.php?rest_route=\/wp\/v2\/pages"}],"about":[{"href":"https:\/\/www.flieg.fr\/index.php?rest_route=\/wp\/v2\/types\/page"}],"author":[{"embeddable":true,"href":"https:\/\/www.flieg.fr\/index.php?rest_route=\/wp\/v2\/users\/3"}],"replies":[{"embeddable":true,"href":"https:\/\/www.flieg.fr\/index.php?rest_route=%2Fwp%2Fv2%2Fcomments&post=3098"}],"version-history":[{"count":6,"href":"https:\/\/www.flieg.fr\/index.php?rest_route=\/wp\/v2\/pages\/3098\/revisions"}],"predecessor-version":[{"id":3404,"href":"https:\/\/www.flieg.fr\/index.php?rest_route=\/wp\/v2\/pages\/3098\/revisions\/3404"}],"wp:attachment":[{"href":"https:\/\/www.flieg.fr\/index.php?rest_route=%2Fwp%2Fv2%2Fmedia&parent=3098"}],"curies":[{"name":"wp","href":"https:\/\/api.w.org\/{rel}","templated":true}]}}

Etape 7 : de Frasnes à Autoreille

<p>2 juin 2024</p>
<p>22 km en 6h10 de marche. Dénivelé : 321+ et 409-</p>
<p><a href="https://www.flieg.fr/wordpress/wp-content/uploads/2024/06/20240602_095834-scaled.jpg"><img loading="lazy" decoding="async" class="alignnone size-large wp-image-3108" src="https://www.flieg.fr/wordpress/wp-content/uploads/2024/06/20240602_095834-1024x576.jpg" alt="" width="625" height="352" srcset="https://www.flieg.fr/wordpress/wp-content/uploads/2024/06/20240602_095834-1024x576.jpg 1024w, https://www.flieg.fr/wordpress/wp-content/uploads/2024/06/20240602_095834-300x169.jpg 300w, https://www.flieg.fr/wordpress/wp-content/uploads/2024/06/20240602_095834-768x432.jpg 768w, https://www.flieg.fr/wordpress/wp-content/uploads/2024/06/20240602_095834-1536x864.jpg 1536w, https://www.flieg.fr/wordpress/wp-content/uploads/2024/06/20240602_095834-2048x1152.jpg 2048w, https://www.flieg.fr/wordpress/wp-content/uploads/2024/06/20240602_095834-624x351.jpg 624w" sizes="auto, (max-width: 625px) 100vw, 625px" /></a></p>
<p>Dès le départ, il pleut et la brume s&rsquo;est levée. Ça ne favorise pas un bon moral, mais quand faut y aller, faut y aller.</p>
<blockquote><p><a href="https://www.flieg.fr/wordpress/wp-content/uploads/2024/06/20240602_104000-scaled.jpg"><img loading="lazy" decoding="async" class="alignnone size-large wp-image-3109" src="https://www.flieg.fr/wordpress/wp-content/uploads/2024/06/20240602_104000-1024x576.jpg" alt="" width="625" height="352" srcset="https://www.flieg.fr/wordpress/wp-content/uploads/2024/06/20240602_104000-1024x576.jpg 1024w, https://www.flieg.fr/wordpress/wp-content/uploads/2024/06/20240602_104000-300x169.jpg 300w, https://www.flieg.fr/wordpress/wp-content/uploads/2024/06/20240602_104000-768x432.jpg 768w, https://www.flieg.fr/wordpress/wp-content/uploads/2024/06/20240602_104000-1536x864.jpg 1536w, https://www.flieg.fr/wordpress/wp-content/uploads/2024/06/20240602_104000-2048x1152.jpg 2048w, https://www.flieg.fr/wordpress/wp-content/uploads/2024/06/20240602_104000-624x351.jpg 624w" sizes="auto, (max-width: 625px) 100vw, 625px" /></a></p>
<p>Pas trop vite</p>
<p><a href="https://www.flieg.fr/wordpress/wp-content/uploads/2024/06/20240602_104637-scaled.jpg"><img loading="lazy" decoding="async" class="alignnone size-large wp-image-3111" src="https://www.flieg.fr/wordpress/wp-content/uploads/2024/06/20240602_104637-1024x576.jpg" alt="" width="625" height="352" srcset="https://www.flieg.fr/wordpress/wp-content/uploads/2024/06/20240602_104637-1024x576.jpg 1024w, https://www.flieg.fr/wordpress/wp-content/uploads/2024/06/20240602_104637-300x169.jpg 300w, https://www.flieg.fr/wordpress/wp-content/uploads/2024/06/20240602_104637-768x432.jpg 768w, https://www.flieg.fr/wordpress/wp-content/uploads/2024/06/20240602_104637-1536x864.jpg 1536w, https://www.flieg.fr/wordpress/wp-content/uploads/2024/06/20240602_104637-2048x1152.jpg 2048w, https://www.flieg.fr/wordpress/wp-content/uploads/2024/06/20240602_104637-624x351.jpg 624w" sizes="auto, (max-width: 625px) 100vw, 625px" /></a></p>
<p>Prendre un nouvel élan</p></blockquote>
<blockquote><p><a href="https://www.flieg.fr/wordpress/wp-content/uploads/2024/06/20240602_104229-scaled.jpg"><img loading="lazy" decoding="async" class="alignnone size-large wp-image-3110" src="https://www.flieg.fr/wordpress/wp-content/uploads/2024/06/20240602_104229-1024x576.jpg" alt="" width="625" height="352" srcset="https://www.flieg.fr/wordpress/wp-content/uploads/2024/06/20240602_104229-1024x576.jpg 1024w, https://www.flieg.fr/wordpress/wp-content/uploads/2024/06/20240602_104229-300x169.jpg 300w, https://www.flieg.fr/wordpress/wp-content/uploads/2024/06/20240602_104229-768x432.jpg 768w, https://www.flieg.fr/wordpress/wp-content/uploads/2024/06/20240602_104229-1536x864.jpg 1536w, https://www.flieg.fr/wordpress/wp-content/uploads/2024/06/20240602_104229-2048x1152.jpg 2048w, https://www.flieg.fr/wordpress/wp-content/uploads/2024/06/20240602_104229-624x351.jpg 624w" sizes="auto, (max-width: 625px) 100vw, 625px" /></a></p>
<p>Sans dépasser ses limites.</p>
<p><span style="font-size: 1rem;">On se change les idées en découvrant les panneaux.</span></p>
<p><a href="https://www.flieg.fr/wordpress/wp-content/uploads/2024/06/IMG-20240602-WA0002.jpg"><img loading="lazy" decoding="async" class="alignnone size-large wp-image-3112" src="https://www.flieg.fr/wordpress/wp-content/uploads/2024/06/IMG-20240602-WA0002-1024x576.jpg" alt="" width="625" height="352" srcset="https://www.flieg.fr/wordpress/wp-content/uploads/2024/06/IMG-20240602-WA0002-1024x576.jpg 1024w, https://www.flieg.fr/wordpress/wp-content/uploads/2024/06/IMG-20240602-WA0002-300x169.jpg 300w, https://www.flieg.fr/wordpress/wp-content/uploads/2024/06/IMG-20240602-WA0002-768x432.jpg 768w, https://www.flieg.fr/wordpress/wp-content/uploads/2024/06/IMG-20240602-WA0002-1536x864.jpg 1536w, https://www.flieg.fr/wordpress/wp-content/uploads/2024/06/IMG-20240602-WA0002-624x351.jpg 624w, https://www.flieg.fr/wordpress/wp-content/uploads/2024/06/IMG-20240602-WA0002.jpg 2048w" sizes="auto, (max-width: 625px) 100vw, 625px" /></a></p>
<p>Où la gadoue?</p>
<p><a href="https://www.flieg.fr/wordpress/wp-content/uploads/2024/06/20240602_151409-scaled.jpg"><img loading="lazy" decoding="async" class="alignnone size-large wp-image-3114" src="https://www.flieg.fr/wordpress/wp-content/uploads/2024/06/20240602_151409-1024x576.jpg" alt="" width="625" height="352" srcset="https://www.flieg.fr/wordpress/wp-content/uploads/2024/06/20240602_151409-1024x576.jpg 1024w, https://www.flieg.fr/wordpress/wp-content/uploads/2024/06/20240602_151409-300x169.jpg 300w, https://www.flieg.fr/wordpress/wp-content/uploads/2024/06/20240602_151409-768x432.jpg 768w, https://www.flieg.fr/wordpress/wp-content/uploads/2024/06/20240602_151409-1536x864.jpg 1536w, https://www.flieg.fr/wordpress/wp-content/uploads/2024/06/20240602_151409-2048x1152.jpg 2048w, https://www.flieg.fr/wordpress/wp-content/uploads/2024/06/20240602_151409-624x351.jpg 624w" sizes="auto, (max-width: 625px) 100vw, 625px" /></a></p>
<p>Autoreille est un petit village où la municipalité met un gîte à disposition. Mais c&rsquo;est nous qui faisons le repas : potage, nouilles chinoises et grignottes de poulet rôti</p>
<p><a href="https://www.flieg.fr/wordpress/wp-content/uploads/2024/06/20240602_191114-scaled.jpg"><img loading="lazy" decoding="async" class="alignnone size-large wp-image-3122" src="https://www.flieg.fr/wordpress/wp-content/uploads/2024/06/20240602_191114-1024x576.jpg" alt="" width="625" height="352" srcset="https://www.flieg.fr/wordpress/wp-content/uploads/2024/06/20240602_191114-1024x576.jpg 1024w, https://www.flieg.fr/wordpress/wp-content/uploads/2024/06/20240602_191114-300x169.jpg 300w, https://www.flieg.fr/wordpress/wp-content/uploads/2024/06/20240602_191114-768x432.jpg 768w, https://www.flieg.fr/wordpress/wp-content/uploads/2024/06/20240602_191114-1536x864.jpg 1536w, https://www.flieg.fr/wordpress/wp-content/uploads/2024/06/20240602_191114-2048x1151.jpg 2048w, https://www.flieg.fr/wordpress/wp-content/uploads/2024/06/20240602_191114-624x351.jpg 624w" sizes="auto, (max-width: 625px) 100vw, 625px" /></a></p>
<p>A noter : les petits pieds de Michelle sont guéris. Demain on espère pouvoir renvoyer les chaussures de Michelle par la poste à Thomas.</p>
<p><a href="https://www.flieg.fr/wordpress/?page_id=3116"><img loading="lazy" decoding="async" class="wp-image-2961 aligncenter" src="https://www.flieg.fr/wordpress/wp-content/uploads/2024/05/md_5aeaff6fd71da.jpg" alt="" width="64" height="64" srcset="https://www.flieg.fr/wordpress/wp-content/uploads/2024/05/md_5aeaff6fd71da.jpg 640w, https://www.flieg.fr/wordpress/wp-content/uploads/2024/05/md_5aeaff6fd71da-300x300.jpg 300w, https://www.flieg.fr/wordpress/wp-content/uploads/2024/05/md_5aeaff6fd71da-150x150.jpg 150w, https://www.flieg.fr/wordpress/wp-content/uploads/2024/05/md_5aeaff6fd71da-624x624.jpg 624w" sizes="auto, (max-width: 64px) 100vw, 64px" /></a></p></blockquote>
<p>&nbsp;</p>

<p>2 juin 2024 22 km en 6h10 de marche. Dénivelé : 321+ et 409- Dès le départ, il pleut et la brume s&rsquo;est levée. Ça ne favorise pas un bon moral, mais quand faut y aller, faut y aller. Pas trop vite Prendre un nouvel élan Sans dépasser ses limites. On se change les idées [&hellip;]</p>
