{"id":3089,"date":"2024-06-01T11:02:12","date_gmt":"2024-06-01T10:02:12","guid":{"rendered":"https:\/\/www.flieg.fr\/?page_id=3089"},"modified":"2024-06-02T17:29:21","modified_gmt":"2024-06-02T16:29:21","slug":"etape-6-de-quenoche-a-recologne-les-ryoz","status":"publish","type":"page","link":"https:\/\/www.flieg.fr\/?page_id=3089","title":{"rendered":"Etape 6 : de Quenoche \u00e0 Recologne-l\u00e8s-Ryoz"},"content":{"rendered":"<p>Samedi 1er juin 2024<\/p>\n<p>11,72 km en 4h10<\/p>\n<p>Ce matin, juste avant de partir, Michel pique une FA (fibrillation auriculaire). On part quand m\u00eame, mais lentement. Tout va bien. Les chemins sont boueux. Deux heures plus tard, nous perdons le chemin dans la for\u00eat et nous devons rebrousser chemin sur 300m. La crise de FA s&rsquo;arr\u00eate enfin. Un banc nous attend sur la place Saint-Michel de Fondremand.<\/p>\n<p>Nous repartons en passant devant les sources de la Romaine.<\/p>\n<p><a href=\"https:\/\/www.flieg.fr\/wordpress\/wp-content\/uploads\/2024\/06\/20240601_123426-scaled.jpg\"><img loading=\"lazy\" decoding=\"async\" class=\"alignnone size-large wp-image-3095\" src=\"https:\/\/www.flieg.fr\/wordpress\/wp-content\/uploads\/2024\/06\/20240601_123426-1024x576.jpg\" alt=\"\" width=\"625\" height=\"352\" srcset=\"https:\/\/www.flieg.fr\/wordpress\/wp-content\/uploads\/2024\/06\/20240601_123426-1024x576.jpg 1024w, https:\/\/www.flieg.fr\/wordpress\/wp-content\/uploads\/2024\/06\/20240601_123426-300x169.jpg 300w, https:\/\/www.flieg.fr\/wordpress\/wp-content\/uploads\/2024\/06\/20240601_123426-768x432.jpg 768w, https:\/\/www.flieg.fr\/wordpress\/wp-content\/uploads\/2024\/06\/20240601_123426-1536x864.jpg 1536w, https:\/\/www.flieg.fr\/wordpress\/wp-content\/uploads\/2024\/06\/20240601_123426-2048x1152.jpg 2048w, https:\/\/www.flieg.fr\/wordpress\/wp-content\/uploads\/2024\/06\/20240601_123426-624x351.jpg 624w\" sizes=\"auto, (max-width: 625px) 100vw, 625px\" \/><\/a><\/p>\n<p>Nous avions choisi un trac\u00e9 diff\u00e9rent du trac\u00e9 Compostelle. Mais sur le terrain, il y a des incoh\u00e9rences, des chemins qui n&rsquo;existent pas et des chemins qui existent, mais que le GPS ne reconna\u00eet pas.<\/p>\n<p>Du coup, pour ne pas nous \u00e9garer encore, nous d\u00e9cidons de ne pas poursuivre dans la for\u00eat et de nous faire chercher \u00e0 Recologne-l\u00e8s-Ryoz.<\/p>\n<p>Marie nous emmene dans sa maison, une maison atypique dont chaque cm2 est rempli de bibelots anciens.<\/p>\n<p><a href=\"https:\/\/www.flieg.fr\/wordpress\/wp-content\/uploads\/2024\/06\/IMG-20240602-WA0000.jpg\"><img loading=\"lazy\" decoding=\"async\" class=\"alignnone size-large wp-image-3103\" src=\"https:\/\/www.flieg.fr\/wordpress\/wp-content\/uploads\/2024\/06\/IMG-20240602-WA0000-1024x576.jpg\" alt=\"\" width=\"625\" height=\"352\" srcset=\"https:\/\/www.flieg.fr\/wordpress\/wp-content\/uploads\/2024\/06\/IMG-20240602-WA0000-1024x576.jpg 1024w, https:\/\/www.flieg.fr\/wordpress\/wp-content\/uploads\/2024\/06\/IMG-20240602-WA0000-300x169.jpg 300w, https:\/\/www.flieg.fr\/wordpress\/wp-content\/uploads\/2024\/06\/IMG-20240602-WA0000-768x432.jpg 768w, https:\/\/www.flieg.fr\/wordpress\/wp-content\/uploads\/2024\/06\/IMG-20240602-WA0000-1536x864.jpg 1536w, https:\/\/www.flieg.fr\/wordpress\/wp-content\/uploads\/2024\/06\/IMG-20240602-WA0000-624x351.jpg 624w, https:\/\/www.flieg.fr\/wordpress\/wp-content\/uploads\/2024\/06\/IMG-20240602-WA0000.jpg 1600w\" sizes=\"auto, (max-width: 625px) 100vw, 625px\" \/><\/a><\/p>\n<p>Voici une chambre de princesse<\/p>\n<p><a href=\"https:\/\/www.flieg.fr\/wordpress\/wp-content\/uploads\/2024\/06\/IMG-20240602-WA0001.jpg\"><img loading=\"lazy\" decoding=\"async\" class=\"alignnone size-large wp-image-3104\" src=\"https:\/\/www.flieg.fr\/wordpress\/wp-content\/uploads\/2024\/06\/IMG-20240602-WA0001-1024x576.jpg\" alt=\"\" width=\"625\" height=\"352\" srcset=\"https:\/\/www.flieg.fr\/wordpress\/wp-content\/uploads\/2024\/06\/IMG-20240602-WA0001-1024x576.jpg 1024w, https:\/\/www.flieg.fr\/wordpress\/wp-content\/uploads\/2024\/06\/IMG-20240602-WA0001-300x169.jpg 300w, https:\/\/www.flieg.fr\/wordpress\/wp-content\/uploads\/2024\/06\/IMG-20240602-WA0001-768x432.jpg 768w, https:\/\/www.flieg.fr\/wordpress\/wp-content\/uploads\/2024\/06\/IMG-20240602-WA0001-1536x864.jpg 1536w, https:\/\/www.flieg.fr\/wordpress\/wp-content\/uploads\/2024\/06\/IMG-20240602-WA0001-624x351.jpg 624w, https:\/\/www.flieg.fr\/wordpress\/wp-content\/uploads\/2024\/06\/IMG-20240602-WA0001.jpg 1600w\" sizes=\"auto, (max-width: 625px) 100vw, 625px\" \/><\/a><\/p>\n<p>Voici la chambre du couple royal<\/p>\n<p><a href=\"https:\/\/www.flieg.fr\/wordpress\/wp-content\/uploads\/2024\/06\/20240602_075506-scaled.jpg\"><img loading=\"lazy\" decoding=\"async\" class=\"alignnone size-large wp-image-3105\" src=\"https:\/\/www.flieg.fr\/wordpress\/wp-content\/uploads\/2024\/06\/20240602_075506-1024x576.jpg\" alt=\"\" width=\"625\" height=\"352\" srcset=\"https:\/\/www.flieg.fr\/wordpress\/wp-content\/uploads\/2024\/06\/20240602_075506-1024x576.jpg 1024w, https:\/\/www.flieg.fr\/wordpress\/wp-content\/uploads\/2024\/06\/20240602_075506-300x169.jpg 300w, https:\/\/www.flieg.fr\/wordpress\/wp-content\/uploads\/2024\/06\/20240602_075506-768x432.jpg 768w, https:\/\/www.flieg.fr\/wordpress\/wp-content\/uploads\/2024\/06\/20240602_075506-1536x864.jpg 1536w, https:\/\/www.flieg.fr\/wordpress\/wp-content\/uploads\/2024\/06\/20240602_075506-2048x1152.jpg 2048w, https:\/\/www.flieg.fr\/wordpress\/wp-content\/uploads\/2024\/06\/20240602_075506-624x351.jpg 624w\" sizes=\"auto, (max-width: 625px) 100vw, 625px\" \/><\/a><\/p>\n<p>Voici la cuisine et tout ses accessoires<\/p>\n<p>Demain on repart de Frasnes le chateau.<\/p>\n<p><a href=\"https:\/\/www.flieg.fr\/wordpress\/?page_id=3098\"><img loading=\"lazy\" decoding=\"async\" class=\"wp-image-2961 aligncenter\" src=\"https:\/\/www.flieg.fr\/wordpress\/wp-content\/uploads\/2024\/05\/md_5aeaff6fd71da.jpg\" alt=\"\" width=\"64\" height=\"64\" srcset=\"https:\/\/www.flieg.fr\/wordpress\/wp-content\/uploads\/2024\/05\/md_5aeaff6fd71da.jpg 640w, https:\/\/www.flieg.fr\/wordpress\/wp-content\/uploads\/2024\/05\/md_5aeaff6fd71da-300x300.jpg 300w, https:\/\/www.flieg.fr\/wordpress\/wp-content\/uploads\/2024\/05\/md_5aeaff6fd71da-150x150.jpg 150w, https:\/\/www.flieg.fr\/wordpress\/wp-content\/uploads\/2024\/05\/md_5aeaff6fd71da-624x624.jpg 624w\" sizes=\"auto, (max-width: 64px) 100vw, 64px\" \/><\/a><\/p>\n<p>&nbsp;<\/p>\n","protected":false},"excerpt":{"rendered":"<p>Samedi 1er juin 2024 11,72 km en 4h10 Ce matin, juste avant de partir, Michel pique une FA (fibrillation auriculaire). On part quand m\u00eame, mais lentement. Tout va bien. Les chemins sont boueux. Deux heures plus tard, nous perdons le chemin dans la for\u00eat et nous devons rebrousser chemin sur 300m. La crise de FA [&hellip;]<\/p>\n","protected":false},"author":3,"featured_media":0,"parent":0,"menu_order":0,"comment_status":"closed","ping_status":"closed","template":"","meta":{"footnotes":""},"class_list":["post-3089","page","type-page","status-publish","hentry"],"_links":{"self":[{"href":"https:\/\/www.flieg.fr\/index.php?rest_route=\/wp\/v2\/pages\/3089","targetHints":{"allow":["GET"]}}],"collection":[{"href":"https:\/\/www.flieg.fr\/index.php?rest_route=\/wp\/v2\/pages"}],"about":[{"href":"https:\/\/www.flieg.fr\/index.php?rest_route=\/wp\/v2\/types\/page"}],"author":[{"embeddable":true,"href":"https:\/\/www.flieg.fr\/index.php?rest_route=\/wp\/v2\/users\/3"}],"replies":[{"embeddable":true,"href":"https:\/\/www.flieg.fr\/index.php?rest_route=%2Fwp%2Fv2%2Fcomments&post=3089"}],"version-history":[{"count":7,"href":"https:\/\/www.flieg.fr\/index.php?rest_route=\/wp\/v2\/pages\/3089\/revisions"}],"predecessor-version":[{"id":3106,"href":"https:\/\/www.flieg.fr\/index.php?rest_route=\/wp\/v2\/pages\/3089\/revisions\/3106"}],"wp:attachment":[{"href":"https:\/\/www.flieg.fr\/index.php?rest_route=%2Fwp%2Fv2%2Fmedia&parent=3089"}],"curies":[{"name":"wp","href":"https:\/\/api.w.org\/{rel}","templated":true}]}}

Etape 6 : de Quenoche à Recologne-lès-Ryoz

<p>Samedi 1er juin 2024</p>
<p>11,72 km en 4h10</p>
<p>Ce matin, juste avant de partir, Michel pique une FA (fibrillation auriculaire). On part quand même, mais lentement. Tout va bien. Les chemins sont boueux. Deux heures plus tard, nous perdons le chemin dans la forêt et nous devons rebrousser chemin sur 300m. La crise de FA s&rsquo;arrête enfin. Un banc nous attend sur la place Saint-Michel de Fondremand.</p>
<p>Nous repartons en passant devant les sources de la Romaine.</p>
<p><a href="https://www.flieg.fr/wordpress/wp-content/uploads/2024/06/20240601_123426-scaled.jpg"><img loading="lazy" decoding="async" class="alignnone size-large wp-image-3095" src="https://www.flieg.fr/wordpress/wp-content/uploads/2024/06/20240601_123426-1024x576.jpg" alt="" width="625" height="352" srcset="https://www.flieg.fr/wordpress/wp-content/uploads/2024/06/20240601_123426-1024x576.jpg 1024w, https://www.flieg.fr/wordpress/wp-content/uploads/2024/06/20240601_123426-300x169.jpg 300w, https://www.flieg.fr/wordpress/wp-content/uploads/2024/06/20240601_123426-768x432.jpg 768w, https://www.flieg.fr/wordpress/wp-content/uploads/2024/06/20240601_123426-1536x864.jpg 1536w, https://www.flieg.fr/wordpress/wp-content/uploads/2024/06/20240601_123426-2048x1152.jpg 2048w, https://www.flieg.fr/wordpress/wp-content/uploads/2024/06/20240601_123426-624x351.jpg 624w" sizes="auto, (max-width: 625px) 100vw, 625px" /></a></p>
<p>Nous avions choisi un tracé différent du tracé Compostelle. Mais sur le terrain, il y a des incohérences, des chemins qui n&rsquo;existent pas et des chemins qui existent, mais que le GPS ne reconnaît pas.</p>
<p>Du coup, pour ne pas nous égarer encore, nous décidons de ne pas poursuivre dans la forêt et de nous faire chercher à Recologne-lès-Ryoz.</p>
<p>Marie nous emmene dans sa maison, une maison atypique dont chaque cm2 est rempli de bibelots anciens.</p>
<p><a href="https://www.flieg.fr/wordpress/wp-content/uploads/2024/06/IMG-20240602-WA0000.jpg"><img loading="lazy" decoding="async" class="alignnone size-large wp-image-3103" src="https://www.flieg.fr/wordpress/wp-content/uploads/2024/06/IMG-20240602-WA0000-1024x576.jpg" alt="" width="625" height="352" srcset="https://www.flieg.fr/wordpress/wp-content/uploads/2024/06/IMG-20240602-WA0000-1024x576.jpg 1024w, https://www.flieg.fr/wordpress/wp-content/uploads/2024/06/IMG-20240602-WA0000-300x169.jpg 300w, https://www.flieg.fr/wordpress/wp-content/uploads/2024/06/IMG-20240602-WA0000-768x432.jpg 768w, https://www.flieg.fr/wordpress/wp-content/uploads/2024/06/IMG-20240602-WA0000-1536x864.jpg 1536w, https://www.flieg.fr/wordpress/wp-content/uploads/2024/06/IMG-20240602-WA0000-624x351.jpg 624w, https://www.flieg.fr/wordpress/wp-content/uploads/2024/06/IMG-20240602-WA0000.jpg 1600w" sizes="auto, (max-width: 625px) 100vw, 625px" /></a></p>
<p>Voici une chambre de princesse</p>
<p><a href="https://www.flieg.fr/wordpress/wp-content/uploads/2024/06/IMG-20240602-WA0001.jpg"><img loading="lazy" decoding="async" class="alignnone size-large wp-image-3104" src="https://www.flieg.fr/wordpress/wp-content/uploads/2024/06/IMG-20240602-WA0001-1024x576.jpg" alt="" width="625" height="352" srcset="https://www.flieg.fr/wordpress/wp-content/uploads/2024/06/IMG-20240602-WA0001-1024x576.jpg 1024w, https://www.flieg.fr/wordpress/wp-content/uploads/2024/06/IMG-20240602-WA0001-300x169.jpg 300w, https://www.flieg.fr/wordpress/wp-content/uploads/2024/06/IMG-20240602-WA0001-768x432.jpg 768w, https://www.flieg.fr/wordpress/wp-content/uploads/2024/06/IMG-20240602-WA0001-1536x864.jpg 1536w, https://www.flieg.fr/wordpress/wp-content/uploads/2024/06/IMG-20240602-WA0001-624x351.jpg 624w, https://www.flieg.fr/wordpress/wp-content/uploads/2024/06/IMG-20240602-WA0001.jpg 1600w" sizes="auto, (max-width: 625px) 100vw, 625px" /></a></p>
<p>Voici la chambre du couple royal</p>
<p><a href="https://www.flieg.fr/wordpress/wp-content/uploads/2024/06/20240602_075506-scaled.jpg"><img loading="lazy" decoding="async" class="alignnone size-large wp-image-3105" src="https://www.flieg.fr/wordpress/wp-content/uploads/2024/06/20240602_075506-1024x576.jpg" alt="" width="625" height="352" srcset="https://www.flieg.fr/wordpress/wp-content/uploads/2024/06/20240602_075506-1024x576.jpg 1024w, https://www.flieg.fr/wordpress/wp-content/uploads/2024/06/20240602_075506-300x169.jpg 300w, https://www.flieg.fr/wordpress/wp-content/uploads/2024/06/20240602_075506-768x432.jpg 768w, https://www.flieg.fr/wordpress/wp-content/uploads/2024/06/20240602_075506-1536x864.jpg 1536w, https://www.flieg.fr/wordpress/wp-content/uploads/2024/06/20240602_075506-2048x1152.jpg 2048w, https://www.flieg.fr/wordpress/wp-content/uploads/2024/06/20240602_075506-624x351.jpg 624w" sizes="auto, (max-width: 625px) 100vw, 625px" /></a></p>
<p>Voici la cuisine et tout ses accessoires</p>
<p>Demain on repart de Frasnes le chateau.</p>
<p><a href="https://www.flieg.fr/wordpress/?page_id=3098"><img loading="lazy" decoding="async" class="wp-image-2961 aligncenter" src="https://www.flieg.fr/wordpress/wp-content/uploads/2024/05/md_5aeaff6fd71da.jpg" alt="" width="64" height="64" srcset="https://www.flieg.fr/wordpress/wp-content/uploads/2024/05/md_5aeaff6fd71da.jpg 640w, https://www.flieg.fr/wordpress/wp-content/uploads/2024/05/md_5aeaff6fd71da-300x300.jpg 300w, https://www.flieg.fr/wordpress/wp-content/uploads/2024/05/md_5aeaff6fd71da-150x150.jpg 150w, https://www.flieg.fr/wordpress/wp-content/uploads/2024/05/md_5aeaff6fd71da-624x624.jpg 624w" sizes="auto, (max-width: 64px) 100vw, 64px" /></a></p>
<p>&nbsp;</p>

<p>Samedi 1er juin 2024 11,72 km en 4h10 Ce matin, juste avant de partir, Michel pique une FA (fibrillation auriculaire). On part quand même, mais lentement. Tout va bien. Les chemins sont boueux. Deux heures plus tard, nous perdons le chemin dans la forêt et nous devons rebrousser chemin sur 300m. La crise de FA [&hellip;]</p>
