{"id":3063,"date":"2024-05-30T20:42:30","date_gmt":"2024-05-30T19:42:30","guid":{"rendered":"https:\/\/www.flieg.fr\/?page_id=3063"},"modified":"2024-06-02T17:06:55","modified_gmt":"2024-06-02T16:06:55","slug":"etape-5-de-dampierre-sur-linotte-a-quenoche","status":"publish","type":"page","link":"https:\/\/www.flieg.fr\/?page_id=3063","title":{"rendered":"Etape 5 : de Dampierre sur Linotte \u00e0 Quenoche"},"content":{"rendered":"<p>Vendredi 31 mai 2024<\/p>\n<p>16,22 km en 5h22 de marche. D\u00e9nivel\u00e9s : 332+ et 271-<\/p>\n<p>Ce matin Marie-Louise nous fait l&rsquo;honneur de visiter l&rsquo;\u00e9glise de Dampierre sur Linotte. On y apprend la l\u00e9gende de saint Maimboeuf moine missionnaire qui fut vol\u00e9 par des brigands puis laiss\u00e9 pour mort \u00e0 Dampierre. Il fit des miracles, dont le moindre ne serait-t-il pas d&rsquo;avoir fait l&rsquo;objet d&rsquo;un culte dont il reste aujourd&rsquo;hui encore une confr\u00e9rie active.<\/p>\n<p><a href=\"https:\/\/www.flieg.fr\/wordpress\/wp-content\/uploads\/2024\/05\/20240531_093054-scaled.jpg\"><img loading=\"lazy\" decoding=\"async\" class=\"alignnone size-large wp-image-3069\" src=\"https:\/\/www.flieg.fr\/wordpress\/wp-content\/uploads\/2024\/05\/20240531_093054-1024x576.jpg\" alt=\"\" width=\"625\" height=\"352\" srcset=\"https:\/\/www.flieg.fr\/wordpress\/wp-content\/uploads\/2024\/05\/20240531_093054-1024x576.jpg 1024w, https:\/\/www.flieg.fr\/wordpress\/wp-content\/uploads\/2024\/05\/20240531_093054-300x169.jpg 300w, https:\/\/www.flieg.fr\/wordpress\/wp-content\/uploads\/2024\/05\/20240531_093054-768x432.jpg 768w, https:\/\/www.flieg.fr\/wordpress\/wp-content\/uploads\/2024\/05\/20240531_093054-1536x864.jpg 1536w, https:\/\/www.flieg.fr\/wordpress\/wp-content\/uploads\/2024\/05\/20240531_093054-2048x1152.jpg 2048w, https:\/\/www.flieg.fr\/wordpress\/wp-content\/uploads\/2024\/05\/20240531_093054-624x351.jpg 624w\" sizes=\"auto, (max-width: 625px) 100vw, 625px\" \/><\/a><\/p>\n<p>Peut-\u00eatre l&rsquo;ambassade du Tyrol \u00e0 Dampierre sur Linotte ? Nous avons la pluie tout le matin.<\/p>\n<p><a href=\"https:\/\/www.flieg.fr\/wordpress\/wp-content\/uploads\/2024\/05\/20240531_095818-scaled.jpg\"><img loading=\"lazy\" decoding=\"async\" class=\"alignnone size-large wp-image-3072\" src=\"https:\/\/www.flieg.fr\/wordpress\/wp-content\/uploads\/2024\/05\/20240531_095818-1024x576.jpg\" alt=\"\" width=\"625\" height=\"352\" srcset=\"https:\/\/www.flieg.fr\/wordpress\/wp-content\/uploads\/2024\/05\/20240531_095818-1024x576.jpg 1024w, https:\/\/www.flieg.fr\/wordpress\/wp-content\/uploads\/2024\/05\/20240531_095818-300x169.jpg 300w, https:\/\/www.flieg.fr\/wordpress\/wp-content\/uploads\/2024\/05\/20240531_095818-768x432.jpg 768w, https:\/\/www.flieg.fr\/wordpress\/wp-content\/uploads\/2024\/05\/20240531_095818-1536x864.jpg 1536w, https:\/\/www.flieg.fr\/wordpress\/wp-content\/uploads\/2024\/05\/20240531_095818-2048x1152.jpg 2048w, https:\/\/www.flieg.fr\/wordpress\/wp-content\/uploads\/2024\/05\/20240531_095818-624x351.jpg 624w\" sizes=\"auto, (max-width: 625px) 100vw, 625px\" \/><\/a><\/p>\n<p>Vy l\u00e8s Filain dans le lointain<\/p>\n<p><a href=\"https:\/\/www.flieg.fr\/wordpress\/wp-content\/uploads\/2024\/05\/20240531_101858-scaled.jpg\"><img loading=\"lazy\" decoding=\"async\" class=\"alignnone size-large wp-image-3074\" src=\"https:\/\/www.flieg.fr\/wordpress\/wp-content\/uploads\/2024\/05\/20240531_101858-1024x576.jpg\" alt=\"\" width=\"625\" height=\"352\" srcset=\"https:\/\/www.flieg.fr\/wordpress\/wp-content\/uploads\/2024\/05\/20240531_101858-1024x576.jpg 1024w, https:\/\/www.flieg.fr\/wordpress\/wp-content\/uploads\/2024\/05\/20240531_101858-300x169.jpg 300w, https:\/\/www.flieg.fr\/wordpress\/wp-content\/uploads\/2024\/05\/20240531_101858-768x432.jpg 768w, https:\/\/www.flieg.fr\/wordpress\/wp-content\/uploads\/2024\/05\/20240531_101858-1536x864.jpg 1536w, https:\/\/www.flieg.fr\/wordpress\/wp-content\/uploads\/2024\/05\/20240531_101858-2048x1152.jpg 2048w, https:\/\/www.flieg.fr\/wordpress\/wp-content\/uploads\/2024\/05\/20240531_101858-624x351.jpg 624w\" sizes=\"auto, (max-width: 625px) 100vw, 625px\" \/><\/a><\/p>\n<p>Bouton de pivoine<\/p>\n<p><a href=\"https:\/\/www.flieg.fr\/wordpress\/wp-content\/uploads\/2024\/05\/20240531_104454-scaled.jpg\"><img loading=\"lazy\" decoding=\"async\" class=\"alignnone size-large wp-image-3075\" src=\"https:\/\/www.flieg.fr\/wordpress\/wp-content\/uploads\/2024\/05\/20240531_104454-1024x576.jpg\" alt=\"\" width=\"625\" height=\"352\" srcset=\"https:\/\/www.flieg.fr\/wordpress\/wp-content\/uploads\/2024\/05\/20240531_104454-1024x576.jpg 1024w, https:\/\/www.flieg.fr\/wordpress\/wp-content\/uploads\/2024\/05\/20240531_104454-300x169.jpg 300w, https:\/\/www.flieg.fr\/wordpress\/wp-content\/uploads\/2024\/05\/20240531_104454-768x432.jpg 768w, https:\/\/www.flieg.fr\/wordpress\/wp-content\/uploads\/2024\/05\/20240531_104454-1536x864.jpg 1536w, https:\/\/www.flieg.fr\/wordpress\/wp-content\/uploads\/2024\/05\/20240531_104454-2048x1152.jpg 2048w, https:\/\/www.flieg.fr\/wordpress\/wp-content\/uploads\/2024\/05\/20240531_104454-624x351.jpg 624w\" sizes=\"auto, (max-width: 625px) 100vw, 625px\" \/><\/a><\/p>\n<p>Le ch\u00e2teau de Filain<\/p>\n<p><a href=\"https:\/\/www.flieg.fr\/wordpress\/wp-content\/uploads\/2024\/05\/20240531_104041-scaled.jpg\"><img loading=\"lazy\" decoding=\"async\" class=\"alignnone size-large wp-image-3077\" src=\"https:\/\/www.flieg.fr\/wordpress\/wp-content\/uploads\/2024\/05\/20240531_104041-1024x576.jpg\" alt=\"\" width=\"625\" height=\"352\" srcset=\"https:\/\/www.flieg.fr\/wordpress\/wp-content\/uploads\/2024\/05\/20240531_104041-1024x576.jpg 1024w, https:\/\/www.flieg.fr\/wordpress\/wp-content\/uploads\/2024\/05\/20240531_104041-300x169.jpg 300w, https:\/\/www.flieg.fr\/wordpress\/wp-content\/uploads\/2024\/05\/20240531_104041-768x432.jpg 768w, https:\/\/www.flieg.fr\/wordpress\/wp-content\/uploads\/2024\/05\/20240531_104041-1536x864.jpg 1536w, https:\/\/www.flieg.fr\/wordpress\/wp-content\/uploads\/2024\/05\/20240531_104041-2048x1152.jpg 2048w, https:\/\/www.flieg.fr\/wordpress\/wp-content\/uploads\/2024\/05\/20240531_104041-624x351.jpg 624w\" sizes=\"auto, (max-width: 625px) 100vw, 625px\" \/><\/a><\/p>\n<p>Les ampoules de Michelle semblent sous contr\u00f4le. Les nouvelles chaussures font merveille. Elles ont m\u00eame eu leur bapt\u00eame de boue sur les chemins forestiers tremp\u00e9s. Reste \u00e0 savoir quand et o\u00f9 on pourra renvoyer les autres en Alsace ! On va pouvoir continuer !<\/p>\n<p>Pas de grandes rencontres aujourd&rsquo;hui, juste quelques personnes qui nous souhaitaient \u00ab\u00a0bon courage\u00a0\u00bb.<\/p>\n<p>Ce soir nous logeons dans un petit h\u00f4tel-restaurant qui s&rsquo;appelle \u00ab\u00a0la Charmotte\u00a0\u00bb. La propri\u00e9taire nous a pr\u00e9par\u00e9 un repas froid et part en week-end en nous laissant les cl\u00e9s de la maison&#8230;<\/p>\n<p><a href=\"https:\/\/www.flieg.fr\/wordpress\/?page_id=3089\"><img loading=\"lazy\" decoding=\"async\" class=\"aligncenter wp-image-2961\" src=\"https:\/\/www.flieg.fr\/wordpress\/wp-content\/uploads\/2024\/05\/md_5aeaff6fd71da.jpg\" alt=\"\" width=\"64\" height=\"64\" srcset=\"https:\/\/www.flieg.fr\/wordpress\/wp-content\/uploads\/2024\/05\/md_5aeaff6fd71da.jpg 640w, https:\/\/www.flieg.fr\/wordpress\/wp-content\/uploads\/2024\/05\/md_5aeaff6fd71da-300x300.jpg 300w, https:\/\/www.flieg.fr\/wordpress\/wp-content\/uploads\/2024\/05\/md_5aeaff6fd71da-150x150.jpg 150w, https:\/\/www.flieg.fr\/wordpress\/wp-content\/uploads\/2024\/05\/md_5aeaff6fd71da-624x624.jpg 624w\" sizes=\"auto, (max-width: 64px) 100vw, 64px\" \/><\/a><\/p>\n","protected":false},"excerpt":{"rendered":"<p>Vendredi 31 mai 2024 16,22 km en 5h22 de marche. D\u00e9nivel\u00e9s : 332+ et 271- Ce matin Marie-Louise nous fait l&rsquo;honneur de visiter l&rsquo;\u00e9glise de Dampierre sur Linotte. On y apprend la l\u00e9gende de saint Maimboeuf moine missionnaire qui fut vol\u00e9 par des brigands puis laiss\u00e9 pour mort \u00e0 Dampierre. Il fit des miracles, dont [&hellip;]<\/p>\n","protected":false},"author":3,"featured_media":0,"parent":0,"menu_order":0,"comment_status":"closed","ping_status":"closed","template":"","meta":{"footnotes":""},"class_list":["post-3063","page","type-page","status-publish","hentry"],"_links":{"self":[{"href":"https:\/\/www.flieg.fr\/index.php?rest_route=\/wp\/v2\/pages\/3063","targetHints":{"allow":["GET"]}}],"collection":[{"href":"https:\/\/www.flieg.fr\/index.php?rest_route=\/wp\/v2\/pages"}],"about":[{"href":"https:\/\/www.flieg.fr\/index.php?rest_route=\/wp\/v2\/types\/page"}],"author":[{"embeddable":true,"href":"https:\/\/www.flieg.fr\/index.php?rest_route=\/wp\/v2\/users\/3"}],"replies":[{"embeddable":true,"href":"https:\/\/www.flieg.fr\/index.php?rest_route=%2Fwp%2Fv2%2Fcomments&post=3063"}],"version-history":[{"count":12,"href":"https:\/\/www.flieg.fr\/index.php?rest_route=\/wp\/v2\/pages\/3063\/revisions"}],"predecessor-version":[{"id":3101,"href":"https:\/\/www.flieg.fr\/index.php?rest_route=\/wp\/v2\/pages\/3063\/revisions\/3101"}],"wp:attachment":[{"href":"https:\/\/www.flieg.fr\/index.php?rest_route=%2Fwp%2Fv2%2Fmedia&parent=3063"}],"curies":[{"name":"wp","href":"https:\/\/api.w.org\/{rel}","templated":true}]}}

Etape 5 : de Dampierre sur Linotte à Quenoche

<p>Vendredi 31 mai 2024</p>
<p>16,22 km en 5h22 de marche. Dénivelés : 332+ et 271-</p>
<p>Ce matin Marie-Louise nous fait l&rsquo;honneur de visiter l&rsquo;église de Dampierre sur Linotte. On y apprend la légende de saint Maimboeuf moine missionnaire qui fut volé par des brigands puis laissé pour mort à Dampierre. Il fit des miracles, dont le moindre ne serait-t-il pas d&rsquo;avoir fait l&rsquo;objet d&rsquo;un culte dont il reste aujourd&rsquo;hui encore une confrérie active.</p>
<p><a href="https://www.flieg.fr/wordpress/wp-content/uploads/2024/05/20240531_093054-scaled.jpg"><img loading="lazy" decoding="async" class="alignnone size-large wp-image-3069" src="https://www.flieg.fr/wordpress/wp-content/uploads/2024/05/20240531_093054-1024x576.jpg" alt="" width="625" height="352" srcset="https://www.flieg.fr/wordpress/wp-content/uploads/2024/05/20240531_093054-1024x576.jpg 1024w, https://www.flieg.fr/wordpress/wp-content/uploads/2024/05/20240531_093054-300x169.jpg 300w, https://www.flieg.fr/wordpress/wp-content/uploads/2024/05/20240531_093054-768x432.jpg 768w, https://www.flieg.fr/wordpress/wp-content/uploads/2024/05/20240531_093054-1536x864.jpg 1536w, https://www.flieg.fr/wordpress/wp-content/uploads/2024/05/20240531_093054-2048x1152.jpg 2048w, https://www.flieg.fr/wordpress/wp-content/uploads/2024/05/20240531_093054-624x351.jpg 624w" sizes="auto, (max-width: 625px) 100vw, 625px" /></a></p>
<p>Peut-être l&rsquo;ambassade du Tyrol à Dampierre sur Linotte ? Nous avons la pluie tout le matin.</p>
<p><a href="https://www.flieg.fr/wordpress/wp-content/uploads/2024/05/20240531_095818-scaled.jpg"><img loading="lazy" decoding="async" class="alignnone size-large wp-image-3072" src="https://www.flieg.fr/wordpress/wp-content/uploads/2024/05/20240531_095818-1024x576.jpg" alt="" width="625" height="352" srcset="https://www.flieg.fr/wordpress/wp-content/uploads/2024/05/20240531_095818-1024x576.jpg 1024w, https://www.flieg.fr/wordpress/wp-content/uploads/2024/05/20240531_095818-300x169.jpg 300w, https://www.flieg.fr/wordpress/wp-content/uploads/2024/05/20240531_095818-768x432.jpg 768w, https://www.flieg.fr/wordpress/wp-content/uploads/2024/05/20240531_095818-1536x864.jpg 1536w, https://www.flieg.fr/wordpress/wp-content/uploads/2024/05/20240531_095818-2048x1152.jpg 2048w, https://www.flieg.fr/wordpress/wp-content/uploads/2024/05/20240531_095818-624x351.jpg 624w" sizes="auto, (max-width: 625px) 100vw, 625px" /></a></p>
<p>Vy lès Filain dans le lointain</p>
<p><a href="https://www.flieg.fr/wordpress/wp-content/uploads/2024/05/20240531_101858-scaled.jpg"><img loading="lazy" decoding="async" class="alignnone size-large wp-image-3074" src="https://www.flieg.fr/wordpress/wp-content/uploads/2024/05/20240531_101858-1024x576.jpg" alt="" width="625" height="352" srcset="https://www.flieg.fr/wordpress/wp-content/uploads/2024/05/20240531_101858-1024x576.jpg 1024w, https://www.flieg.fr/wordpress/wp-content/uploads/2024/05/20240531_101858-300x169.jpg 300w, https://www.flieg.fr/wordpress/wp-content/uploads/2024/05/20240531_101858-768x432.jpg 768w, https://www.flieg.fr/wordpress/wp-content/uploads/2024/05/20240531_101858-1536x864.jpg 1536w, https://www.flieg.fr/wordpress/wp-content/uploads/2024/05/20240531_101858-2048x1152.jpg 2048w, https://www.flieg.fr/wordpress/wp-content/uploads/2024/05/20240531_101858-624x351.jpg 624w" sizes="auto, (max-width: 625px) 100vw, 625px" /></a></p>
<p>Bouton de pivoine</p>
<p><a href="https://www.flieg.fr/wordpress/wp-content/uploads/2024/05/20240531_104454-scaled.jpg"><img loading="lazy" decoding="async" class="alignnone size-large wp-image-3075" src="https://www.flieg.fr/wordpress/wp-content/uploads/2024/05/20240531_104454-1024x576.jpg" alt="" width="625" height="352" srcset="https://www.flieg.fr/wordpress/wp-content/uploads/2024/05/20240531_104454-1024x576.jpg 1024w, https://www.flieg.fr/wordpress/wp-content/uploads/2024/05/20240531_104454-300x169.jpg 300w, https://www.flieg.fr/wordpress/wp-content/uploads/2024/05/20240531_104454-768x432.jpg 768w, https://www.flieg.fr/wordpress/wp-content/uploads/2024/05/20240531_104454-1536x864.jpg 1536w, https://www.flieg.fr/wordpress/wp-content/uploads/2024/05/20240531_104454-2048x1152.jpg 2048w, https://www.flieg.fr/wordpress/wp-content/uploads/2024/05/20240531_104454-624x351.jpg 624w" sizes="auto, (max-width: 625px) 100vw, 625px" /></a></p>
<p>Le château de Filain</p>
<p><a href="https://www.flieg.fr/wordpress/wp-content/uploads/2024/05/20240531_104041-scaled.jpg"><img loading="lazy" decoding="async" class="alignnone size-large wp-image-3077" src="https://www.flieg.fr/wordpress/wp-content/uploads/2024/05/20240531_104041-1024x576.jpg" alt="" width="625" height="352" srcset="https://www.flieg.fr/wordpress/wp-content/uploads/2024/05/20240531_104041-1024x576.jpg 1024w, https://www.flieg.fr/wordpress/wp-content/uploads/2024/05/20240531_104041-300x169.jpg 300w, https://www.flieg.fr/wordpress/wp-content/uploads/2024/05/20240531_104041-768x432.jpg 768w, https://www.flieg.fr/wordpress/wp-content/uploads/2024/05/20240531_104041-1536x864.jpg 1536w, https://www.flieg.fr/wordpress/wp-content/uploads/2024/05/20240531_104041-2048x1152.jpg 2048w, https://www.flieg.fr/wordpress/wp-content/uploads/2024/05/20240531_104041-624x351.jpg 624w" sizes="auto, (max-width: 625px) 100vw, 625px" /></a></p>
<p>Les ampoules de Michelle semblent sous contrôle. Les nouvelles chaussures font merveille. Elles ont même eu leur baptême de boue sur les chemins forestiers trempés. Reste à savoir quand et où on pourra renvoyer les autres en Alsace ! On va pouvoir continuer !</p>
<p>Pas de grandes rencontres aujourd&rsquo;hui, juste quelques personnes qui nous souhaitaient « bon courage ».</p>
<p>Ce soir nous logeons dans un petit hôtel-restaurant qui s&rsquo;appelle « la Charmotte ». La propriétaire nous a préparé un repas froid et part en week-end en nous laissant les clés de la maison&#8230;</p>
<p><a href="https://www.flieg.fr/wordpress/?page_id=3089"><img loading="lazy" decoding="async" class="aligncenter wp-image-2961" src="https://www.flieg.fr/wordpress/wp-content/uploads/2024/05/md_5aeaff6fd71da.jpg" alt="" width="64" height="64" srcset="https://www.flieg.fr/wordpress/wp-content/uploads/2024/05/md_5aeaff6fd71da.jpg 640w, https://www.flieg.fr/wordpress/wp-content/uploads/2024/05/md_5aeaff6fd71da-300x300.jpg 300w, https://www.flieg.fr/wordpress/wp-content/uploads/2024/05/md_5aeaff6fd71da-150x150.jpg 150w, https://www.flieg.fr/wordpress/wp-content/uploads/2024/05/md_5aeaff6fd71da-624x624.jpg 624w" sizes="auto, (max-width: 64px) 100vw, 64px" /></a></p>

<p>Vendredi 31 mai 2024 16,22 km en 5h22 de marche. Dénivelés : 332+ et 271- Ce matin Marie-Louise nous fait l&rsquo;honneur de visiter l&rsquo;église de Dampierre sur Linotte. On y apprend la légende de saint Maimboeuf moine missionnaire qui fut volé par des brigands puis laissé pour mort à Dampierre. Il fit des miracles, dont [&hellip;]</p>
