{"id":3015,"date":"2024-05-29T06:53:29","date_gmt":"2024-05-29T05:53:29","guid":{"rendered":"https:\/\/www.flieg.fr\/?page_id=3015"},"modified":"2024-05-31T15:11:46","modified_gmt":"2024-05-31T14:11:46","slug":"etape-3-de-crevans-a-villersexel","status":"publish","type":"page","link":"https:\/\/www.flieg.fr\/?page_id=3015","title":{"rendered":"Etape 3 : de Crevans \u00e0 Villersexel"},"content":{"rendered":"<p>29 mai 2024<\/p>\n<p>16,8 km en 4h30 de marche. D\u00e9nivel\u00e9s : 121+ et 201-.<\/p>\n<p><a href=\"https:\/\/www.flieg.fr\/wordpress\/wp-content\/uploads\/2024\/05\/20240529_081540-scaled.jpg\"><img loading=\"lazy\" decoding=\"async\" class=\"alignnone size-large wp-image-3020\" src=\"https:\/\/www.flieg.fr\/wordpress\/wp-content\/uploads\/2024\/05\/20240529_081540-1024x576.jpg\" alt=\"\" width=\"625\" height=\"352\" srcset=\"https:\/\/www.flieg.fr\/wordpress\/wp-content\/uploads\/2024\/05\/20240529_081540-1024x576.jpg 1024w, https:\/\/www.flieg.fr\/wordpress\/wp-content\/uploads\/2024\/05\/20240529_081540-300x169.jpg 300w, https:\/\/www.flieg.fr\/wordpress\/wp-content\/uploads\/2024\/05\/20240529_081540-768x432.jpg 768w, https:\/\/www.flieg.fr\/wordpress\/wp-content\/uploads\/2024\/05\/20240529_081540-1536x864.jpg 1536w, https:\/\/www.flieg.fr\/wordpress\/wp-content\/uploads\/2024\/05\/20240529_081540-2048x1152.jpg 2048w, https:\/\/www.flieg.fr\/wordpress\/wp-content\/uploads\/2024\/05\/20240529_081540-624x351.jpg 624w\" sizes=\"auto, (max-width: 625px) 100vw, 625px\" \/><\/a><\/p>\n<p>On va dire que c&rsquo;est un temps pour marcher.<\/p>\n<p><a href=\"https:\/\/www.flieg.fr\/wordpress\/wp-content\/uploads\/2024\/05\/20240529_090407-scaled.jpg\"><img loading=\"lazy\" decoding=\"async\" class=\"alignnone size-large wp-image-3022\" src=\"https:\/\/www.flieg.fr\/wordpress\/wp-content\/uploads\/2024\/05\/20240529_090407-1024x576.jpg\" alt=\"\" width=\"625\" height=\"352\" srcset=\"https:\/\/www.flieg.fr\/wordpress\/wp-content\/uploads\/2024\/05\/20240529_090407-1024x576.jpg 1024w, https:\/\/www.flieg.fr\/wordpress\/wp-content\/uploads\/2024\/05\/20240529_090407-300x169.jpg 300w, https:\/\/www.flieg.fr\/wordpress\/wp-content\/uploads\/2024\/05\/20240529_090407-768x432.jpg 768w, https:\/\/www.flieg.fr\/wordpress\/wp-content\/uploads\/2024\/05\/20240529_090407-1536x864.jpg 1536w, https:\/\/www.flieg.fr\/wordpress\/wp-content\/uploads\/2024\/05\/20240529_090407-2048x1152.jpg 2048w, https:\/\/www.flieg.fr\/wordpress\/wp-content\/uploads\/2024\/05\/20240529_090407-624x351.jpg 624w\" sizes=\"auto, (max-width: 625px) 100vw, 625px\" \/><\/a><\/p>\n<p>Une fontaine \u00e0 trois bassins circulaires tr\u00e8s originale.<\/p>\n<p><a href=\"https:\/\/www.flieg.fr\/wordpress\/wp-content\/uploads\/2024\/05\/20240529_090822-scaled.jpg\"><img loading=\"lazy\" decoding=\"async\" class=\"alignnone size-large wp-image-3023\" src=\"https:\/\/www.flieg.fr\/wordpress\/wp-content\/uploads\/2024\/05\/20240529_090822-1024x576.jpg\" alt=\"\" width=\"625\" height=\"352\" srcset=\"https:\/\/www.flieg.fr\/wordpress\/wp-content\/uploads\/2024\/05\/20240529_090822-1024x576.jpg 1024w, https:\/\/www.flieg.fr\/wordpress\/wp-content\/uploads\/2024\/05\/20240529_090822-300x169.jpg 300w, https:\/\/www.flieg.fr\/wordpress\/wp-content\/uploads\/2024\/05\/20240529_090822-768x432.jpg 768w, https:\/\/www.flieg.fr\/wordpress\/wp-content\/uploads\/2024\/05\/20240529_090822-1536x864.jpg 1536w, https:\/\/www.flieg.fr\/wordpress\/wp-content\/uploads\/2024\/05\/20240529_090822-2048x1152.jpg 2048w, https:\/\/www.flieg.fr\/wordpress\/wp-content\/uploads\/2024\/05\/20240529_090822-624x351.jpg 624w\" sizes=\"auto, (max-width: 625px) 100vw, 625px\" \/><\/a><\/p>\n<p>Une magnifique petite chapelle \u00e0 Crevans. Curieusement Crevans n&rsquo;a pas d&rsquo;\u00e9glise !<\/p>\n<p><a href=\"https:\/\/www.flieg.fr\/wordpress\/wp-content\/uploads\/2024\/05\/20240529_102415-scaled.jpg\"><img loading=\"lazy\" decoding=\"async\" class=\"alignnone size-large wp-image-3027\" src=\"https:\/\/www.flieg.fr\/wordpress\/wp-content\/uploads\/2024\/05\/20240529_102415-1024x576.jpg\" alt=\"\" width=\"625\" height=\"352\" srcset=\"https:\/\/www.flieg.fr\/wordpress\/wp-content\/uploads\/2024\/05\/20240529_102415-1024x576.jpg 1024w, https:\/\/www.flieg.fr\/wordpress\/wp-content\/uploads\/2024\/05\/20240529_102415-300x169.jpg 300w, https:\/\/www.flieg.fr\/wordpress\/wp-content\/uploads\/2024\/05\/20240529_102415-768x432.jpg 768w, https:\/\/www.flieg.fr\/wordpress\/wp-content\/uploads\/2024\/05\/20240529_102415-1536x864.jpg 1536w, https:\/\/www.flieg.fr\/wordpress\/wp-content\/uploads\/2024\/05\/20240529_102415-2048x1152.jpg 2048w, https:\/\/www.flieg.fr\/wordpress\/wp-content\/uploads\/2024\/05\/20240529_102415-624x351.jpg 624w\" sizes=\"auto, (max-width: 625px) 100vw, 625px\" \/><\/a><\/p>\n<p>A peine partis depuis une demi-heure, voil\u00e0 qu&rsquo;il se met \u00e0 pleuvoir. Un abri-bus nous permet opportun\u00e9ment d&rsquo;attendre une accalmie.<\/p>\n<p style=\"text-align: left;\"><a href=\"https:\/\/www.flieg.fr\/wordpress\/wp-content\/uploads\/2024\/05\/20240529_103546-scaled.jpg\"><img loading=\"lazy\" decoding=\"async\" class=\"alignnone size-large wp-image-3028\" src=\"https:\/\/www.flieg.fr\/wordpress\/wp-content\/uploads\/2024\/05\/20240529_103546-1024x576.jpg\" alt=\"\" width=\"625\" height=\"352\" srcset=\"https:\/\/www.flieg.fr\/wordpress\/wp-content\/uploads\/2024\/05\/20240529_103546-1024x576.jpg 1024w, https:\/\/www.flieg.fr\/wordpress\/wp-content\/uploads\/2024\/05\/20240529_103546-300x169.jpg 300w, https:\/\/www.flieg.fr\/wordpress\/wp-content\/uploads\/2024\/05\/20240529_103546-768x432.jpg 768w, https:\/\/www.flieg.fr\/wordpress\/wp-content\/uploads\/2024\/05\/20240529_103546-1536x864.jpg 1536w, https:\/\/www.flieg.fr\/wordpress\/wp-content\/uploads\/2024\/05\/20240529_103546-2048x1152.jpg 2048w, https:\/\/www.flieg.fr\/wordpress\/wp-content\/uploads\/2024\/05\/20240529_103546-624x351.jpg 624w\" sizes=\"auto, (max-width: 625px) 100vw, 625px\" \/><\/a><\/p>\n<p>Mais qui sont ces deux-l\u00e0 ?<\/p>\n<p><a href=\"https:\/\/www.flieg.fr\/wordpress\/wp-content\/uploads\/2024\/05\/20240529_131428-scaled.jpg\"><img loading=\"lazy\" decoding=\"async\" class=\"alignnone size-large wp-image-3029\" src=\"https:\/\/www.flieg.fr\/wordpress\/wp-content\/uploads\/2024\/05\/20240529_131428-1024x576.jpg\" alt=\"\" width=\"625\" height=\"352\" srcset=\"https:\/\/www.flieg.fr\/wordpress\/wp-content\/uploads\/2024\/05\/20240529_131428-1024x576.jpg 1024w, https:\/\/www.flieg.fr\/wordpress\/wp-content\/uploads\/2024\/05\/20240529_131428-300x169.jpg 300w, https:\/\/www.flieg.fr\/wordpress\/wp-content\/uploads\/2024\/05\/20240529_131428-768x432.jpg 768w, https:\/\/www.flieg.fr\/wordpress\/wp-content\/uploads\/2024\/05\/20240529_131428-1536x864.jpg 1536w, https:\/\/www.flieg.fr\/wordpress\/wp-content\/uploads\/2024\/05\/20240529_131428-2048x1152.jpg 2048w, https:\/\/www.flieg.fr\/wordpress\/wp-content\/uploads\/2024\/05\/20240529_131428-624x351.jpg 624w\" sizes=\"auto, (max-width: 625px) 100vw, 625px\" \/><\/a><\/p>\n<p>Coquelicots sur fond de bl\u00e9s verts. La pluie reprend sous forme de grosses averse<\/p>\n<p><a href=\"https:\/\/www.flieg.fr\/wordpress\/wp-content\/uploads\/2024\/05\/20240529_135522-scaled.jpg\"><img loading=\"lazy\" decoding=\"async\" class=\"alignnone size-large wp-image-3030\" src=\"https:\/\/www.flieg.fr\/wordpress\/wp-content\/uploads\/2024\/05\/20240529_135522-1024x576.jpg\" alt=\"\" width=\"625\" height=\"352\" srcset=\"https:\/\/www.flieg.fr\/wordpress\/wp-content\/uploads\/2024\/05\/20240529_135522-1024x576.jpg 1024w, https:\/\/www.flieg.fr\/wordpress\/wp-content\/uploads\/2024\/05\/20240529_135522-300x169.jpg 300w, https:\/\/www.flieg.fr\/wordpress\/wp-content\/uploads\/2024\/05\/20240529_135522-768x432.jpg 768w, https:\/\/www.flieg.fr\/wordpress\/wp-content\/uploads\/2024\/05\/20240529_135522-1536x864.jpg 1536w, https:\/\/www.flieg.fr\/wordpress\/wp-content\/uploads\/2024\/05\/20240529_135522-2048x1152.jpg 2048w, https:\/\/www.flieg.fr\/wordpress\/wp-content\/uploads\/2024\/05\/20240529_135522-624x351.jpg 624w\" sizes=\"auto, (max-width: 625px) 100vw, 625px\" \/><\/a>A Villier la ville, premi\u00e8re \u00e9glise ouverte depuis Belfort! Selon le guide, on aurait d\u00fb y trouver un tampon jacquaire. Mais non.<\/p>\n<p style=\"text-align: left;\">Finalement, nous arrivons \u00e0 Villersexel \u00e0 15h30. L&rsquo;ampoule de Michelle amplifie malgr\u00e9 les soins&#8230;<\/p>\n<p><a href=\"https:\/\/www.flieg.fr\/wordpress\/?page_id=3042\"><img loading=\"lazy\" decoding=\"async\" class=\"aligncenter wp-image-2961\" src=\"https:\/\/www.flieg.fr\/wordpress\/wp-content\/uploads\/2024\/05\/md_5aeaff6fd71da.jpg\" alt=\"\" width=\"64\" height=\"64\" srcset=\"https:\/\/www.flieg.fr\/wordpress\/wp-content\/uploads\/2024\/05\/md_5aeaff6fd71da.jpg 640w, https:\/\/www.flieg.fr\/wordpress\/wp-content\/uploads\/2024\/05\/md_5aeaff6fd71da-300x300.jpg 300w, https:\/\/www.flieg.fr\/wordpress\/wp-content\/uploads\/2024\/05\/md_5aeaff6fd71da-150x150.jpg 150w, https:\/\/www.flieg.fr\/wordpress\/wp-content\/uploads\/2024\/05\/md_5aeaff6fd71da-624x624.jpg 624w\" sizes=\"auto, (max-width: 64px) 100vw, 64px\" \/><\/a><\/p>\n<p>&nbsp;<\/p>\n<p>&nbsp;<\/p>\n<p>&nbsp;<\/p>\n<p>&nbsp;<\/p>\n<p>&nbsp;<\/p>\n<p>&nbsp;<\/p>\n","protected":false},"excerpt":{"rendered":"<p>29 mai 2024 16,8 km en 4h30 de marche. D\u00e9nivel\u00e9s : 121+ et 201-. On va dire que c&rsquo;est un temps pour marcher. Une fontaine \u00e0 trois bassins circulaires tr\u00e8s originale. Une magnifique petite chapelle \u00e0 Crevans. Curieusement Crevans n&rsquo;a pas d&rsquo;\u00e9glise ! A peine partis depuis une demi-heure, voil\u00e0 qu&rsquo;il se met \u00e0 pleuvoir. [&hellip;]<\/p>\n","protected":false},"author":3,"featured_media":0,"parent":0,"menu_order":0,"comment_status":"closed","ping_status":"closed","template":"page-templates\/full-width.php","meta":{"footnotes":""},"class_list":["post-3015","page","type-page","status-publish","hentry"],"_links":{"self":[{"href":"https:\/\/www.flieg.fr\/index.php?rest_route=\/wp\/v2\/pages\/3015","targetHints":{"allow":["GET"]}}],"collection":[{"href":"https:\/\/www.flieg.fr\/index.php?rest_route=\/wp\/v2\/pages"}],"about":[{"href":"https:\/\/www.flieg.fr\/index.php?rest_route=\/wp\/v2\/types\/page"}],"author":[{"embeddable":true,"href":"https:\/\/www.flieg.fr\/index.php?rest_route=\/wp\/v2\/users\/3"}],"replies":[{"embeddable":true,"href":"https:\/\/www.flieg.fr\/index.php?rest_route=%2Fwp%2Fv2%2Fcomments&post=3015"}],"version-history":[{"count":14,"href":"https:\/\/www.flieg.fr\/index.php?rest_route=\/wp\/v2\/pages\/3015\/revisions"}],"predecessor-version":[{"id":3081,"href":"https:\/\/www.flieg.fr\/index.php?rest_route=\/wp\/v2\/pages\/3015\/revisions\/3081"}],"wp:attachment":[{"href":"https:\/\/www.flieg.fr\/index.php?rest_route=%2Fwp%2Fv2%2Fmedia&parent=3015"}],"curies":[{"name":"wp","href":"https:\/\/api.w.org\/{rel}","templated":true}]}}

Etape 3 : de Crevans à Villersexel

<p>29 mai 2024</p>
<p>16,8 km en 4h30 de marche. Dénivelés : 121+ et 201-.</p>
<p><a href="https://www.flieg.fr/wordpress/wp-content/uploads/2024/05/20240529_081540-scaled.jpg"><img loading="lazy" decoding="async" class="alignnone size-large wp-image-3020" src="https://www.flieg.fr/wordpress/wp-content/uploads/2024/05/20240529_081540-1024x576.jpg" alt="" width="625" height="352" srcset="https://www.flieg.fr/wordpress/wp-content/uploads/2024/05/20240529_081540-1024x576.jpg 1024w, https://www.flieg.fr/wordpress/wp-content/uploads/2024/05/20240529_081540-300x169.jpg 300w, https://www.flieg.fr/wordpress/wp-content/uploads/2024/05/20240529_081540-768x432.jpg 768w, https://www.flieg.fr/wordpress/wp-content/uploads/2024/05/20240529_081540-1536x864.jpg 1536w, https://www.flieg.fr/wordpress/wp-content/uploads/2024/05/20240529_081540-2048x1152.jpg 2048w, https://www.flieg.fr/wordpress/wp-content/uploads/2024/05/20240529_081540-624x351.jpg 624w" sizes="auto, (max-width: 625px) 100vw, 625px" /></a></p>
<p>On va dire que c&rsquo;est un temps pour marcher.</p>
<p><a href="https://www.flieg.fr/wordpress/wp-content/uploads/2024/05/20240529_090407-scaled.jpg"><img loading="lazy" decoding="async" class="alignnone size-large wp-image-3022" src="https://www.flieg.fr/wordpress/wp-content/uploads/2024/05/20240529_090407-1024x576.jpg" alt="" width="625" height="352" srcset="https://www.flieg.fr/wordpress/wp-content/uploads/2024/05/20240529_090407-1024x576.jpg 1024w, https://www.flieg.fr/wordpress/wp-content/uploads/2024/05/20240529_090407-300x169.jpg 300w, https://www.flieg.fr/wordpress/wp-content/uploads/2024/05/20240529_090407-768x432.jpg 768w, https://www.flieg.fr/wordpress/wp-content/uploads/2024/05/20240529_090407-1536x864.jpg 1536w, https://www.flieg.fr/wordpress/wp-content/uploads/2024/05/20240529_090407-2048x1152.jpg 2048w, https://www.flieg.fr/wordpress/wp-content/uploads/2024/05/20240529_090407-624x351.jpg 624w" sizes="auto, (max-width: 625px) 100vw, 625px" /></a></p>
<p>Une fontaine à trois bassins circulaires très originale.</p>
<p><a href="https://www.flieg.fr/wordpress/wp-content/uploads/2024/05/20240529_090822-scaled.jpg"><img loading="lazy" decoding="async" class="alignnone size-large wp-image-3023" src="https://www.flieg.fr/wordpress/wp-content/uploads/2024/05/20240529_090822-1024x576.jpg" alt="" width="625" height="352" srcset="https://www.flieg.fr/wordpress/wp-content/uploads/2024/05/20240529_090822-1024x576.jpg 1024w, https://www.flieg.fr/wordpress/wp-content/uploads/2024/05/20240529_090822-300x169.jpg 300w, https://www.flieg.fr/wordpress/wp-content/uploads/2024/05/20240529_090822-768x432.jpg 768w, https://www.flieg.fr/wordpress/wp-content/uploads/2024/05/20240529_090822-1536x864.jpg 1536w, https://www.flieg.fr/wordpress/wp-content/uploads/2024/05/20240529_090822-2048x1152.jpg 2048w, https://www.flieg.fr/wordpress/wp-content/uploads/2024/05/20240529_090822-624x351.jpg 624w" sizes="auto, (max-width: 625px) 100vw, 625px" /></a></p>
<p>Une magnifique petite chapelle à Crevans. Curieusement Crevans n&rsquo;a pas d&rsquo;église !</p>
<p><a href="https://www.flieg.fr/wordpress/wp-content/uploads/2024/05/20240529_102415-scaled.jpg"><img loading="lazy" decoding="async" class="alignnone size-large wp-image-3027" src="https://www.flieg.fr/wordpress/wp-content/uploads/2024/05/20240529_102415-1024x576.jpg" alt="" width="625" height="352" srcset="https://www.flieg.fr/wordpress/wp-content/uploads/2024/05/20240529_102415-1024x576.jpg 1024w, https://www.flieg.fr/wordpress/wp-content/uploads/2024/05/20240529_102415-300x169.jpg 300w, https://www.flieg.fr/wordpress/wp-content/uploads/2024/05/20240529_102415-768x432.jpg 768w, https://www.flieg.fr/wordpress/wp-content/uploads/2024/05/20240529_102415-1536x864.jpg 1536w, https://www.flieg.fr/wordpress/wp-content/uploads/2024/05/20240529_102415-2048x1152.jpg 2048w, https://www.flieg.fr/wordpress/wp-content/uploads/2024/05/20240529_102415-624x351.jpg 624w" sizes="auto, (max-width: 625px) 100vw, 625px" /></a></p>
<p>A peine partis depuis une demi-heure, voilà qu&rsquo;il se met à pleuvoir. Un abri-bus nous permet opportunément d&rsquo;attendre une accalmie.</p>
<p style="text-align: left;"><a href="https://www.flieg.fr/wordpress/wp-content/uploads/2024/05/20240529_103546-scaled.jpg"><img loading="lazy" decoding="async" class="alignnone size-large wp-image-3028" src="https://www.flieg.fr/wordpress/wp-content/uploads/2024/05/20240529_103546-1024x576.jpg" alt="" width="625" height="352" srcset="https://www.flieg.fr/wordpress/wp-content/uploads/2024/05/20240529_103546-1024x576.jpg 1024w, https://www.flieg.fr/wordpress/wp-content/uploads/2024/05/20240529_103546-300x169.jpg 300w, https://www.flieg.fr/wordpress/wp-content/uploads/2024/05/20240529_103546-768x432.jpg 768w, https://www.flieg.fr/wordpress/wp-content/uploads/2024/05/20240529_103546-1536x864.jpg 1536w, https://www.flieg.fr/wordpress/wp-content/uploads/2024/05/20240529_103546-2048x1152.jpg 2048w, https://www.flieg.fr/wordpress/wp-content/uploads/2024/05/20240529_103546-624x351.jpg 624w" sizes="auto, (max-width: 625px) 100vw, 625px" /></a></p>
<p>Mais qui sont ces deux-là ?</p>
<p><a href="https://www.flieg.fr/wordpress/wp-content/uploads/2024/05/20240529_131428-scaled.jpg"><img loading="lazy" decoding="async" class="alignnone size-large wp-image-3029" src="https://www.flieg.fr/wordpress/wp-content/uploads/2024/05/20240529_131428-1024x576.jpg" alt="" width="625" height="352" srcset="https://www.flieg.fr/wordpress/wp-content/uploads/2024/05/20240529_131428-1024x576.jpg 1024w, https://www.flieg.fr/wordpress/wp-content/uploads/2024/05/20240529_131428-300x169.jpg 300w, https://www.flieg.fr/wordpress/wp-content/uploads/2024/05/20240529_131428-768x432.jpg 768w, https://www.flieg.fr/wordpress/wp-content/uploads/2024/05/20240529_131428-1536x864.jpg 1536w, https://www.flieg.fr/wordpress/wp-content/uploads/2024/05/20240529_131428-2048x1152.jpg 2048w, https://www.flieg.fr/wordpress/wp-content/uploads/2024/05/20240529_131428-624x351.jpg 624w" sizes="auto, (max-width: 625px) 100vw, 625px" /></a></p>
<p>Coquelicots sur fond de blés verts. La pluie reprend sous forme de grosses averse</p>
<p><a href="https://www.flieg.fr/wordpress/wp-content/uploads/2024/05/20240529_135522-scaled.jpg"><img loading="lazy" decoding="async" class="alignnone size-large wp-image-3030" src="https://www.flieg.fr/wordpress/wp-content/uploads/2024/05/20240529_135522-1024x576.jpg" alt="" width="625" height="352" srcset="https://www.flieg.fr/wordpress/wp-content/uploads/2024/05/20240529_135522-1024x576.jpg 1024w, https://www.flieg.fr/wordpress/wp-content/uploads/2024/05/20240529_135522-300x169.jpg 300w, https://www.flieg.fr/wordpress/wp-content/uploads/2024/05/20240529_135522-768x432.jpg 768w, https://www.flieg.fr/wordpress/wp-content/uploads/2024/05/20240529_135522-1536x864.jpg 1536w, https://www.flieg.fr/wordpress/wp-content/uploads/2024/05/20240529_135522-2048x1152.jpg 2048w, https://www.flieg.fr/wordpress/wp-content/uploads/2024/05/20240529_135522-624x351.jpg 624w" sizes="auto, (max-width: 625px) 100vw, 625px" /></a>A Villier la ville, première église ouverte depuis Belfort! Selon le guide, on aurait dû y trouver un tampon jacquaire. Mais non.</p>
<p style="text-align: left;">Finalement, nous arrivons à Villersexel à 15h30. L&rsquo;ampoule de Michelle amplifie malgré les soins&#8230;</p>
<p><a href="https://www.flieg.fr/wordpress/?page_id=3042"><img loading="lazy" decoding="async" class="aligncenter wp-image-2961" src="https://www.flieg.fr/wordpress/wp-content/uploads/2024/05/md_5aeaff6fd71da.jpg" alt="" width="64" height="64" srcset="https://www.flieg.fr/wordpress/wp-content/uploads/2024/05/md_5aeaff6fd71da.jpg 640w, https://www.flieg.fr/wordpress/wp-content/uploads/2024/05/md_5aeaff6fd71da-300x300.jpg 300w, https://www.flieg.fr/wordpress/wp-content/uploads/2024/05/md_5aeaff6fd71da-150x150.jpg 150w, https://www.flieg.fr/wordpress/wp-content/uploads/2024/05/md_5aeaff6fd71da-624x624.jpg 624w" sizes="auto, (max-width: 64px) 100vw, 64px" /></a></p>
<p>&nbsp;</p>
<p>&nbsp;</p>
<p>&nbsp;</p>
<p>&nbsp;</p>
<p>&nbsp;</p>
<p>&nbsp;</p>

<p>29 mai 2024 16,8 km en 4h30 de marche. Dénivelés : 121+ et 201-. On va dire que c&rsquo;est un temps pour marcher. Une fontaine à trois bassins circulaires très originale. Une magnifique petite chapelle à Crevans. Curieusement Crevans n&rsquo;a pas d&rsquo;église ! A peine partis depuis une demi-heure, voilà qu&rsquo;il se met à pleuvoir. [&hellip;]</p>
