{"id":2924,"date":"2024-05-26T14:28:53","date_gmt":"2024-05-26T13:28:53","guid":{"rendered":"https:\/\/www.flieg.fr\/?page_id=2924"},"modified":"2024-05-26T15:47:06","modified_gmt":"2024-05-26T14:47:06","slug":"etape-2-de-bellemagny-a-belfort-20km","status":"publish","type":"page","link":"https:\/\/www.flieg.fr\/?page_id=2924","title":{"rendered":"Etape 2 : de Bellemagny \u00e0 Belfort : 20km"},"content":{"rendered":"<p>La nuit fut bonne et nous avons repris du poids de la b\u00eate (un peu). La d\u00e9cision est prise de marcher jusqu&rsquo;\u00e0 un village d&rsquo;o\u00f9 nous pourrons trouver le moyen nous faire v\u00e9hiculer jusqu&rsquo;\u00e0 l&rsquo;entr\u00e9e de Belfort. Nous nous reposerons \u00e0 Belfort o\u00f9 nous avions r\u00e9serv\u00e9 un B&amp;B.<br \/>\nSac sur le dos, nous voil\u00e0 repartis, enfin presque, car nous avons rat\u00e9 la 1re bifurcation et nous\u00a0 devons rebrousser chemin sur 400 m.<br \/>\nFinalement nous atteignions Eteimbes \u00e0 10h10 sans trop de fatigue. Un taxi viendra nous chercher \u00e0 12h et en attendant pr\u00e8s de l&rsquo;\u00e9glise \u00e0 l&rsquo;ombre d&rsquo;un aulne centenaire nous \u00e9tudions le parcours de demain&#8230;<br \/>\n<a href=\"https:\/\/www.flieg.fr\/wordpress\/wp-content\/uploads\/2024\/05\/20230902_085200-scaled.jpg\"><img loading=\"lazy\" decoding=\"async\" class=\"alignnone size-large wp-image-2939\" src=\"https:\/\/www.flieg.fr\/wordpress\/wp-content\/uploads\/2024\/05\/20230902_085200-1024x576.jpg\" alt=\"\" width=\"625\" height=\"352\" srcset=\"https:\/\/www.flieg.fr\/wordpress\/wp-content\/uploads\/2024\/05\/20230902_085200-1024x576.jpg 1024w, https:\/\/www.flieg.fr\/wordpress\/wp-content\/uploads\/2024\/05\/20230902_085200-300x169.jpg 300w, https:\/\/www.flieg.fr\/wordpress\/wp-content\/uploads\/2024\/05\/20230902_085200-768x432.jpg 768w, https:\/\/www.flieg.fr\/wordpress\/wp-content\/uploads\/2024\/05\/20230902_085200-1536x864.jpg 1536w, https:\/\/www.flieg.fr\/wordpress\/wp-content\/uploads\/2024\/05\/20230902_085200-2048x1152.jpg 2048w, https:\/\/www.flieg.fr\/wordpress\/wp-content\/uploads\/2024\/05\/20230902_085200-624x351.jpg 624w\" sizes=\"auto, (max-width: 625px) 100vw, 625px\" \/><\/a><\/p>\n<p>\u00c9pilogue<br \/>\nle taxi nous a d\u00e9pos\u00e9s hier dans l&rsquo;est de Belfort vers 12h30. On a donc eu le temps de nous reposer et de mettre notre site \u00e0 jour. Ce matin pour moi les courbatures sont encore bien pr\u00e9sentes malgr\u00e9 une bonne nuit dans un bon lit. Cela se situe au niveau des hanches, ce qui est nouveau et m&rsquo;inqui\u00e8te un peu, car je bo\u00eete un peu. Michelle va bien. N\u00e9anmoins tout \u00e7a ne pr\u00e9sage rien de bon pour la poursuite de notre projet. Il n&rsquo;y a pas un seul lit de disponible pour ce soir \u00e0 moins de 18 km la ronde. In extremis nous avons trouv\u00e9 un bus urbain qui pourra nous faire avancer dans la bonne direction de 6 km. Finalement ce dimanche matin comme je bo\u00eete encore un peu et qu&rsquo;un \u00e9pisode caniculaire s&rsquo;annonce, nous devons admettre que ce projet est trop ambitieux et qu&rsquo;il nous faut abandonner. On prendra le train du retour vers Cernay ce matin, en profitant du fait qu&rsquo;il est \u00e0 notre porte.<\/p>\n<p>Merci de nous avoir suivis et encourag\u00e9s pendant ce projet.<\/p>\n","protected":false},"excerpt":{"rendered":"<p>La nuit fut bonne et nous avons repris du poids de la b\u00eate (un peu). La d\u00e9cision est prise de marcher jusqu&rsquo;\u00e0 un village d&rsquo;o\u00f9 nous pourrons trouver le moyen nous faire v\u00e9hiculer jusqu&rsquo;\u00e0 l&rsquo;entr\u00e9e de Belfort. Nous nous reposerons \u00e0 Belfort o\u00f9 nous avions r\u00e9serv\u00e9 un B&amp;B. Sac sur le dos, nous voil\u00e0 repartis, [&hellip;]<\/p>\n","protected":false},"author":3,"featured_media":0,"parent":0,"menu_order":0,"comment_status":"closed","ping_status":"closed","template":"","meta":{"footnotes":""},"class_list":["post-2924","page","type-page","status-publish","hentry"],"_links":{"self":[{"href":"https:\/\/www.flieg.fr\/index.php?rest_route=\/wp\/v2\/pages\/2924","targetHints":{"allow":["GET"]}}],"collection":[{"href":"https:\/\/www.flieg.fr\/index.php?rest_route=\/wp\/v2\/pages"}],"about":[{"href":"https:\/\/www.flieg.fr\/index.php?rest_route=\/wp\/v2\/types\/page"}],"author":[{"embeddable":true,"href":"https:\/\/www.flieg.fr\/index.php?rest_route=\/wp\/v2\/users\/3"}],"replies":[{"embeddable":true,"href":"https:\/\/www.flieg.fr\/index.php?rest_route=%2Fwp%2Fv2%2Fcomments&post=2924"}],"version-history":[{"count":9,"href":"https:\/\/www.flieg.fr\/index.php?rest_route=\/wp\/v2\/pages\/2924\/revisions"}],"predecessor-version":[{"id":2945,"href":"https:\/\/www.flieg.fr\/index.php?rest_route=\/wp\/v2\/pages\/2924\/revisions\/2945"}],"wp:attachment":[{"href":"https:\/\/www.flieg.fr\/index.php?rest_route=%2Fwp%2Fv2%2Fmedia&parent=2924"}],"curies":[{"name":"wp","href":"https:\/\/api.w.org\/{rel}","templated":true}]}}

Etape 2 : de Bellemagny à Belfort : 20km

<p>La nuit fut bonne et nous avons repris du poids de la bête (un peu). La décision est prise de marcher jusqu&rsquo;à un village d&rsquo;où nous pourrons trouver le moyen nous faire véhiculer jusqu&rsquo;à l&rsquo;entrée de Belfort. Nous nous reposerons à Belfort où nous avions réservé un B&amp;B.<br />
Sac sur le dos, nous voilà repartis, enfin presque, car nous avons raté la 1re bifurcation et nous  devons rebrousser chemin sur 400 m.<br />
Finalement nous atteignions Eteimbes à 10h10 sans trop de fatigue. Un taxi viendra nous chercher à 12h et en attendant près de l&rsquo;église à l&rsquo;ombre d&rsquo;un aulne centenaire nous étudions le parcours de demain&#8230;<br />
<a href="https://www.flieg.fr/wordpress/wp-content/uploads/2024/05/20230902_085200-scaled.jpg"><img loading="lazy" decoding="async" class="alignnone size-large wp-image-2939" src="https://www.flieg.fr/wordpress/wp-content/uploads/2024/05/20230902_085200-1024x576.jpg" alt="" width="625" height="352" srcset="https://www.flieg.fr/wordpress/wp-content/uploads/2024/05/20230902_085200-1024x576.jpg 1024w, https://www.flieg.fr/wordpress/wp-content/uploads/2024/05/20230902_085200-300x169.jpg 300w, https://www.flieg.fr/wordpress/wp-content/uploads/2024/05/20230902_085200-768x432.jpg 768w, https://www.flieg.fr/wordpress/wp-content/uploads/2024/05/20230902_085200-1536x864.jpg 1536w, https://www.flieg.fr/wordpress/wp-content/uploads/2024/05/20230902_085200-2048x1152.jpg 2048w, https://www.flieg.fr/wordpress/wp-content/uploads/2024/05/20230902_085200-624x351.jpg 624w" sizes="auto, (max-width: 625px) 100vw, 625px" /></a></p>
<p>Épilogue<br />
le taxi nous a déposés hier dans l&rsquo;est de Belfort vers 12h30. On a donc eu le temps de nous reposer et de mettre notre site à jour. Ce matin pour moi les courbatures sont encore bien présentes malgré une bonne nuit dans un bon lit. Cela se situe au niveau des hanches, ce qui est nouveau et m&rsquo;inquiète un peu, car je boîte un peu. Michelle va bien. Néanmoins tout ça ne présage rien de bon pour la poursuite de notre projet. Il n&rsquo;y a pas un seul lit de disponible pour ce soir à moins de 18 km la ronde. In extremis nous avons trouvé un bus urbain qui pourra nous faire avancer dans la bonne direction de 6 km. Finalement ce dimanche matin comme je boîte encore un peu et qu&rsquo;un épisode caniculaire s&rsquo;annonce, nous devons admettre que ce projet est trop ambitieux et qu&rsquo;il nous faut abandonner. On prendra le train du retour vers Cernay ce matin, en profitant du fait qu&rsquo;il est à notre porte.</p>
<p>Merci de nous avoir suivis et encouragés pendant ce projet.</p>

<p>La nuit fut bonne et nous avons repris du poids de la bête (un peu). La décision est prise de marcher jusqu&rsquo;à un village d&rsquo;où nous pourrons trouver le moyen nous faire véhiculer jusqu&rsquo;à l&rsquo;entrée de Belfort. Nous nous reposerons à Belfort où nous avions réservé un B&amp;B. Sac sur le dos, nous voilà repartis, [&hellip;]</p>
