{"id":2920,"date":"2024-05-26T14:23:36","date_gmt":"2024-05-26T13:23:36","guid":{"rendered":"https:\/\/www.flieg.fr\/?page_id=2920"},"modified":"2024-05-26T15:57:51","modified_gmt":"2024-05-26T14:57:51","slug":"etape-1-de-cernay-a-bellemagny-27km","status":"publish","type":"page","link":"https:\/\/www.flieg.fr\/?page_id=2920","title":{"rendered":"Etape 1 : de Cernay \u00e0 Bellemagny : 27km"},"content":{"rendered":"<ul>\n<li>1er septembre 2023 :<br \/>\nEnfin pr\u00eat \u00e0 8h30. Forc\u00e9ment nous croisons des amis. A peine franchi le 1er pont au-dessus de la Thur, nous rencontrons Nicolas Ruffio le pr\u00e9sident des amis et b\u00e9n\u00e9voles du Gr\u00fcn.\u00a0 Un promeneur avec son chien nous interpelle parce qu&rsquo;il nous a vus remplacer un signe d\u00e9fra\u00eechi du chemin vers Compostelle sur le panneau d&rsquo;entr\u00e9e de la piste cyclable. Il apprend tout surpris qu&rsquo;il prom\u00e8ne son chien tous les jours sur le chemin de Compostelle sans m\u00eame le savoir. Pr\u00e8s du parc \u00e0 cigognes, nous rencontrons Josiane Bossert l&rsquo;adjointe aux associations qui nous souhaite bonne route. Notre amie Francine nous prend en photo devant chez elle. <a href=\"https:\/\/www.flieg.fr\/wordpress\/wp-content\/uploads\/2024\/05\/20230901_105207-scaled.jpg\"><img loading=\"lazy\" decoding=\"async\" class=\"wp-image-2935 alignleft\" src=\"https:\/\/www.flieg.fr\/wordpress\/wp-content\/uploads\/2024\/05\/20230901_105207-576x1024.jpg\" alt=\"\" width=\"169\" height=\"301\" srcset=\"https:\/\/www.flieg.fr\/wordpress\/wp-content\/uploads\/2024\/05\/20230901_105207-576x1024.jpg 576w, https:\/\/www.flieg.fr\/wordpress\/wp-content\/uploads\/2024\/05\/20230901_105207-169x300.jpg 169w, https:\/\/www.flieg.fr\/wordpress\/wp-content\/uploads\/2024\/05\/20230901_105207-768x1365.jpg 768w, https:\/\/www.flieg.fr\/wordpress\/wp-content\/uploads\/2024\/05\/20230901_105207-864x1536.jpg 864w, https:\/\/www.flieg.fr\/wordpress\/wp-content\/uploads\/2024\/05\/20230901_105207-1152x2048.jpg 1152w, https:\/\/www.flieg.fr\/wordpress\/wp-content\/uploads\/2024\/05\/20230901_105207-624x1109.jpg 624w, https:\/\/www.flieg.fr\/wordpress\/wp-content\/uploads\/2024\/05\/20230901_105207-scaled.jpg 1440w\" sizes=\"auto, (max-width: 169px) 100vw, 169px\" \/><\/a>Le chemin jusqu&rsquo;\u00e0 Thann est d\u00e9j\u00e0 bien plus long que pr\u00e9vu. Il est annonc\u00e9 \u00e0 1h55 de Cernay. et nous mettons 2h15 en marchant d&rsquo;un bon pas. Mais on garde le sourire. La sortie vers Leimbach est une longue mont\u00e9e \u00e9reintante. Nous traversons Roderen. Un banc providentiel \u00e0 l&rsquo;ombre nous invite au repas de 12h.\u00a0 A Guevenheim, un panneau nous annonce Bellemagny \u00e0 2h40. Il fait chaud et la fatigue se fait sentir. A la sortie de Guevenheim un nouveau panneau nous nous annonce 2h45 alors que nous avons d\u00e9j\u00e0 march\u00e9 5 mn. Au bout de 20 minutes de marche, on repasse \u00e0 2h40 m. Le moral en prend un coup. Il nous faut manger des p\u00e2tes de fruits pour remonter notre taux de glyc\u00e9mie. <a href=\"https:\/\/www.flieg.fr\/wordpress\/wp-content\/uploads\/2024\/05\/20230901_151203-scaled.jpg\"><img loading=\"lazy\" decoding=\"async\" class=\"alignnone size-large wp-image-2936\" src=\"https:\/\/www.flieg.fr\/wordpress\/wp-content\/uploads\/2024\/05\/20230901_151203-1024x576.jpg\" alt=\"\" width=\"625\" height=\"352\" srcset=\"https:\/\/www.flieg.fr\/wordpress\/wp-content\/uploads\/2024\/05\/20230901_151203-1024x576.jpg 1024w, https:\/\/www.flieg.fr\/wordpress\/wp-content\/uploads\/2024\/05\/20230901_151203-300x169.jpg 300w, https:\/\/www.flieg.fr\/wordpress\/wp-content\/uploads\/2024\/05\/20230901_151203-768x432.jpg 768w, https:\/\/www.flieg.fr\/wordpress\/wp-content\/uploads\/2024\/05\/20230901_151203-1536x864.jpg 1536w, https:\/\/www.flieg.fr\/wordpress\/wp-content\/uploads\/2024\/05\/20230901_151203-2048x1152.jpg 2048w, https:\/\/www.flieg.fr\/wordpress\/wp-content\/uploads\/2024\/05\/20230901_151203-624x351.jpg 624w\" sizes=\"auto, (max-width: 625px) 100vw, 625px\" \/><\/a>Une belle surprise que cette chapelle Notre-Dame des Bouleaux d\u00e9couverte dans la for\u00eat. Un vitrail de Saint-Jacques-de-Compostelle salue notre passage.<br \/>\n<a href=\"https:\/\/www.flieg.fr\/wordpress\/wp-content\/uploads\/2024\/05\/20230901_151355-1-scaled.jpg\"><img loading=\"lazy\" decoding=\"async\" class=\"wp-image-2947 alignright\" src=\"https:\/\/www.flieg.fr\/wordpress\/wp-content\/uploads\/2024\/05\/20230901_151355-1-501x1024.jpg\" alt=\"\" width=\"239\" height=\"488\" srcset=\"https:\/\/www.flieg.fr\/wordpress\/wp-content\/uploads\/2024\/05\/20230901_151355-1-501x1024.jpg 501w, https:\/\/www.flieg.fr\/wordpress\/wp-content\/uploads\/2024\/05\/20230901_151355-1-147x300.jpg 147w, https:\/\/www.flieg.fr\/wordpress\/wp-content\/uploads\/2024\/05\/20230901_151355-1-768x1571.jpg 768w, https:\/\/www.flieg.fr\/wordpress\/wp-content\/uploads\/2024\/05\/20230901_151355-1-751x1536.jpg 751w, https:\/\/www.flieg.fr\/wordpress\/wp-content\/uploads\/2024\/05\/20230901_151355-1-1001x2048.jpg 1001w, https:\/\/www.flieg.fr\/wordpress\/wp-content\/uploads\/2024\/05\/20230901_151355-1-624x1277.jpg 624w, https:\/\/www.flieg.fr\/wordpress\/wp-content\/uploads\/2024\/05\/20230901_151355-1-scaled.jpg 1251w\" sizes=\"auto, (max-width: 239px) 100vw, 239px\" \/><\/a>Plus loin dans la for\u00eat, \u00e0 force de regarder nos chaussures on finit par nous perdre. Heureusement que Iphig\u00e9nie notre fid\u00e8le GPS vole \u00e0 notre secours. Mais Bellemagny est encore loin. iI fait chaud et nos gourdes se vident.<br \/>\nA Bretten, un brave monsieur qui jardine nous les remplis obligeamment. Bellemagy serait \u00e0 3 petits kilom\u00e8tres et il est d\u00e9j\u00e0 17h15. Finalement nous arrivons fourbus et ext\u00e9nu\u00e9s \u00e0 18h30 juste pour l&rsquo;heure du repas. Michelle a vaillamment support\u00e9 la distance, mais pour moi, \u00e7a se complique. Propuls\u00e9 devant une assiette \u00e0 peine le sac d\u00e9pos\u00e9 la transition est trop brutale. Je sens venir le malaise vagal jusqu&rsquo;\u00e0 devoir m&rsquo;asseoir par terre et voil\u00e0 que je suis entour\u00e9e par 3 s\u0153urs aux petits soins. Un avant-go\u00fbt du paradis. Mais Michelle me ram\u00e8ne vite sur terre. La tension est au plus bas. J&rsquo;ai ch\u00e8rement pay\u00e9 mon insistance \u00e0 vouloir faire la totalit\u00e9 de ses 27 km.<br \/>\nIl faudra r\u00e9viser \u00e0 la baisse les trajets des prochains jours.<\/li>\n<\/ul>\n","protected":false},"excerpt":{"rendered":"<p>1er septembre 2023 : Enfin pr\u00eat \u00e0 8h30. Forc\u00e9ment nous croisons des amis. A peine franchi le 1er pont au-dessus de la Thur, nous rencontrons Nicolas Ruffio le pr\u00e9sident des amis et b\u00e9n\u00e9voles du Gr\u00fcn.\u00a0 Un promeneur avec son chien nous interpelle parce qu&rsquo;il nous a vus remplacer un signe d\u00e9fra\u00eechi du chemin vers Compostelle [&hellip;]<\/p>\n","protected":false},"author":3,"featured_media":0,"parent":0,"menu_order":0,"comment_status":"closed","ping_status":"closed","template":"","meta":{"footnotes":""},"class_list":["post-2920","page","type-page","status-publish","hentry"],"_links":{"self":[{"href":"https:\/\/www.flieg.fr\/index.php?rest_route=\/wp\/v2\/pages\/2920","targetHints":{"allow":["GET"]}}],"collection":[{"href":"https:\/\/www.flieg.fr\/index.php?rest_route=\/wp\/v2\/pages"}],"about":[{"href":"https:\/\/www.flieg.fr\/index.php?rest_route=\/wp\/v2\/types\/page"}],"author":[{"embeddable":true,"href":"https:\/\/www.flieg.fr\/index.php?rest_route=\/wp\/v2\/users\/3"}],"replies":[{"embeddable":true,"href":"https:\/\/www.flieg.fr\/index.php?rest_route=%2Fwp%2Fv2%2Fcomments&post=2920"}],"version-history":[{"count":8,"href":"https:\/\/www.flieg.fr\/index.php?rest_route=\/wp\/v2\/pages\/2920\/revisions"}],"predecessor-version":[{"id":2950,"href":"https:\/\/www.flieg.fr\/index.php?rest_route=\/wp\/v2\/pages\/2920\/revisions\/2950"}],"wp:attachment":[{"href":"https:\/\/www.flieg.fr\/index.php?rest_route=%2Fwp%2Fv2%2Fmedia&parent=2920"}],"curies":[{"name":"wp","href":"https:\/\/api.w.org\/{rel}","templated":true}]}}

Etape 1 : de Cernay à Bellemagny : 27km

<ul>
<li>1er septembre 2023 :<br />
Enfin prêt à 8h30. Forcément nous croisons des amis. A peine franchi le 1er pont au-dessus de la Thur, nous rencontrons Nicolas Ruffio le président des amis et bénévoles du Grün.  Un promeneur avec son chien nous interpelle parce qu&rsquo;il nous a vus remplacer un signe défraîchi du chemin vers Compostelle sur le panneau d&rsquo;entrée de la piste cyclable. Il apprend tout surpris qu&rsquo;il promène son chien tous les jours sur le chemin de Compostelle sans même le savoir. Près du parc à cigognes, nous rencontrons Josiane Bossert l&rsquo;adjointe aux associations qui nous souhaite bonne route. Notre amie Francine nous prend en photo devant chez elle. <a href="https://www.flieg.fr/wordpress/wp-content/uploads/2024/05/20230901_105207-scaled.jpg"><img loading="lazy" decoding="async" class="wp-image-2935 alignleft" src="https://www.flieg.fr/wordpress/wp-content/uploads/2024/05/20230901_105207-576x1024.jpg" alt="" width="169" height="301" srcset="https://www.flieg.fr/wordpress/wp-content/uploads/2024/05/20230901_105207-576x1024.jpg 576w, https://www.flieg.fr/wordpress/wp-content/uploads/2024/05/20230901_105207-169x300.jpg 169w, https://www.flieg.fr/wordpress/wp-content/uploads/2024/05/20230901_105207-768x1365.jpg 768w, https://www.flieg.fr/wordpress/wp-content/uploads/2024/05/20230901_105207-864x1536.jpg 864w, https://www.flieg.fr/wordpress/wp-content/uploads/2024/05/20230901_105207-1152x2048.jpg 1152w, https://www.flieg.fr/wordpress/wp-content/uploads/2024/05/20230901_105207-624x1109.jpg 624w, https://www.flieg.fr/wordpress/wp-content/uploads/2024/05/20230901_105207-scaled.jpg 1440w" sizes="auto, (max-width: 169px) 100vw, 169px" /></a>Le chemin jusqu&rsquo;à Thann est déjà bien plus long que prévu. Il est annoncé à 1h55 de Cernay. et nous mettons 2h15 en marchant d&rsquo;un bon pas. Mais on garde le sourire. La sortie vers Leimbach est une longue montée éreintante. Nous traversons Roderen. Un banc providentiel à l&rsquo;ombre nous invite au repas de 12h.  A Guevenheim, un panneau nous annonce Bellemagny à 2h40. Il fait chaud et la fatigue se fait sentir. A la sortie de Guevenheim un nouveau panneau nous nous annonce 2h45 alors que nous avons déjà marché 5 mn. Au bout de 20 minutes de marche, on repasse à 2h40 m. Le moral en prend un coup. Il nous faut manger des pâtes de fruits pour remonter notre taux de glycémie. <a href="https://www.flieg.fr/wordpress/wp-content/uploads/2024/05/20230901_151203-scaled.jpg"><img loading="lazy" decoding="async" class="alignnone size-large wp-image-2936" src="https://www.flieg.fr/wordpress/wp-content/uploads/2024/05/20230901_151203-1024x576.jpg" alt="" width="625" height="352" srcset="https://www.flieg.fr/wordpress/wp-content/uploads/2024/05/20230901_151203-1024x576.jpg 1024w, https://www.flieg.fr/wordpress/wp-content/uploads/2024/05/20230901_151203-300x169.jpg 300w, https://www.flieg.fr/wordpress/wp-content/uploads/2024/05/20230901_151203-768x432.jpg 768w, https://www.flieg.fr/wordpress/wp-content/uploads/2024/05/20230901_151203-1536x864.jpg 1536w, https://www.flieg.fr/wordpress/wp-content/uploads/2024/05/20230901_151203-2048x1152.jpg 2048w, https://www.flieg.fr/wordpress/wp-content/uploads/2024/05/20230901_151203-624x351.jpg 624w" sizes="auto, (max-width: 625px) 100vw, 625px" /></a>Une belle surprise que cette chapelle Notre-Dame des Bouleaux découverte dans la forêt. Un vitrail de Saint-Jacques-de-Compostelle salue notre passage.<br />
<a href="https://www.flieg.fr/wordpress/wp-content/uploads/2024/05/20230901_151355-1-scaled.jpg"><img loading="lazy" decoding="async" class="wp-image-2947 alignright" src="https://www.flieg.fr/wordpress/wp-content/uploads/2024/05/20230901_151355-1-501x1024.jpg" alt="" width="239" height="488" srcset="https://www.flieg.fr/wordpress/wp-content/uploads/2024/05/20230901_151355-1-501x1024.jpg 501w, https://www.flieg.fr/wordpress/wp-content/uploads/2024/05/20230901_151355-1-147x300.jpg 147w, https://www.flieg.fr/wordpress/wp-content/uploads/2024/05/20230901_151355-1-768x1571.jpg 768w, https://www.flieg.fr/wordpress/wp-content/uploads/2024/05/20230901_151355-1-751x1536.jpg 751w, https://www.flieg.fr/wordpress/wp-content/uploads/2024/05/20230901_151355-1-1001x2048.jpg 1001w, https://www.flieg.fr/wordpress/wp-content/uploads/2024/05/20230901_151355-1-624x1277.jpg 624w, https://www.flieg.fr/wordpress/wp-content/uploads/2024/05/20230901_151355-1-scaled.jpg 1251w" sizes="auto, (max-width: 239px) 100vw, 239px" /></a>Plus loin dans la forêt, à force de regarder nos chaussures on finit par nous perdre. Heureusement que Iphigénie notre fidèle GPS vole à notre secours. Mais Bellemagny est encore loin. iI fait chaud et nos gourdes se vident.<br />
A Bretten, un brave monsieur qui jardine nous les remplis obligeamment. Bellemagy serait à 3 petits kilomètres et il est déjà 17h15. Finalement nous arrivons fourbus et exténués à 18h30 juste pour l&rsquo;heure du repas. Michelle a vaillamment supporté la distance, mais pour moi, ça se complique. Propulsé devant une assiette à peine le sac déposé la transition est trop brutale. Je sens venir le malaise vagal jusqu&rsquo;à devoir m&rsquo;asseoir par terre et voilà que je suis entourée par 3 sœurs aux petits soins. Un avant-goût du paradis. Mais Michelle me ramène vite sur terre. La tension est au plus bas. J&rsquo;ai chèrement payé mon insistance à vouloir faire la totalité de ses 27 km.<br />
Il faudra réviser à la baisse les trajets des prochains jours.</li>
</ul>

<p>1er septembre 2023 : Enfin prêt à 8h30. Forcément nous croisons des amis. A peine franchi le 1er pont au-dessus de la Thur, nous rencontrons Nicolas Ruffio le président des amis et bénévoles du Grün.  Un promeneur avec son chien nous interpelle parce qu&rsquo;il nous a vus remplacer un signe défraîchi du chemin vers Compostelle [&hellip;]</p>
