{"id":2631,"date":"2023-03-29T10:57:47","date_gmt":"2023-03-29T09:57:47","guid":{"rendered":"https:\/\/www.flieg.fr\/?page_id=2631"},"modified":"2023-03-29T10:57:47","modified_gmt":"2023-03-29T09:57:47","slug":"michel-flieg-1950","status":"publish","type":"page","link":"https:\/\/www.flieg.fr\/?page_id=2631","title":{"rendered":"Michel Flieg 1950 &#8211;"},"content":{"rendered":"\n<p>Michel Flieg na\u00eet \u00e0 Mulhouse en 1950. Il est le dernier des trois enfants de Bernard Flieg et Marthe Schoett. Il fait son apprentissage de la musique \u00e0 la chorale du Couvent \u00e0 Riedisheim. Il est dipl\u00f4m\u00e9 de l&rsquo;Institut des Sciences Exactes et Appliqu\u00e9es de Mulhouse titulaire d&rsquo;une ma\u00eetrise en \u00e9lectronique, \u00e9lectrotechnique et Automatique. En parall\u00e8le, il est choriste dans la chorale universitaire de Mulhouse.<br>Il fait son apprentissage de piano au conservatoire de Vitry sur Seine de 1976 \u00e0 1981. Il  suit des cours de trombone \u00e0 la musique municipale de Cernay de 1995 \u00e0 1997.<br>Il chante comme t\u00e9nor au ch\u0153ur des Billettes \u00e0 Paris de 1998 \u00e0 2000, au Motet de Mulhouse de 2006 \u00e0 2018 et au ch\u0153ur de chambre Mosa\u00efques de Mulhouse depuis 2022.<\/p>\n\n\n\n<p>A ses heures, il compose, notamment cette petite comptine \u00e0 l&rsquo;occasion du premier anniversaire de sa petite fille Mathilde : O\u00f9 est Mathilde ?<\/p>\n\n\n\n<figure class=\"wp-block-video\"><video height=\"720\" style=\"aspect-ratio: 1280 \/ 720;\" width=\"1280\" controls src=\"https:\/\/www.flieg.fr\/wordpress\/wp-content\/uploads\/2023\/03\/mathilde_02.mp4\"><\/video><figcaption class=\"wp-element-caption\">10 avril 2019 &#8211; \u0153uvre d\u00e9pos\u00e9e \u00e0 la SACD<\/figcaption><\/figure>\n","protected":false},"excerpt":{"rendered":"<p>Michel Flieg na\u00eet \u00e0 Mulhouse en 1950. Il est le dernier des trois enfants de Bernard Flieg et Marthe Schoett. Il fait son apprentissage de la musique \u00e0 la chorale du Couvent \u00e0 Riedisheim. Il est dipl\u00f4m\u00e9 de l&rsquo;Institut des Sciences Exactes et Appliqu\u00e9es de Mulhouse titulaire d&rsquo;une ma\u00eetrise en \u00e9lectronique, \u00e9lectrotechnique et Automatique. En [&hellip;]<\/p>\n","protected":false},"author":3,"featured_media":0,"parent":0,"menu_order":0,"comment_status":"closed","ping_status":"closed","template":"","meta":{"footnotes":""},"class_list":["post-2631","page","type-page","status-publish","hentry"],"_links":{"self":[{"href":"https:\/\/www.flieg.fr\/index.php?rest_route=\/wp\/v2\/pages\/2631","targetHints":{"allow":["GET"]}}],"collection":[{"href":"https:\/\/www.flieg.fr\/index.php?rest_route=\/wp\/v2\/pages"}],"about":[{"href":"https:\/\/www.flieg.fr\/index.php?rest_route=\/wp\/v2\/types\/page"}],"author":[{"embeddable":true,"href":"https:\/\/www.flieg.fr\/index.php?rest_route=\/wp\/v2\/users\/3"}],"replies":[{"embeddable":true,"href":"https:\/\/www.flieg.fr\/index.php?rest_route=%2Fwp%2Fv2%2Fcomments&post=2631"}],"version-history":[{"count":5,"href":"https:\/\/www.flieg.fr\/index.php?rest_route=\/wp\/v2\/pages\/2631\/revisions"}],"predecessor-version":[{"id":2640,"href":"https:\/\/www.flieg.fr\/index.php?rest_route=\/wp\/v2\/pages\/2631\/revisions\/2640"}],"wp:attachment":[{"href":"https:\/\/www.flieg.fr\/index.php?rest_route=%2Fwp%2Fv2%2Fmedia&parent=2631"}],"curies":[{"name":"wp","href":"https:\/\/api.w.org\/{rel}","templated":true}]}}

<p>Michel Flieg naît à Mulhouse en 1950. Il est le dernier des trois enfants de Bernard Flieg et Marthe Schoett. Il fait son apprentissage de la musique à la chorale du Couvent à Riedisheim. Il est diplômé de l&rsquo;Institut des Sciences Exactes et Appliquées de Mulhouse titulaire d&rsquo;une maîtrise en électronique, électrotechnique et Automatique. En parallèle, il est choriste dans la chorale universitaire de Mulhouse.<br>Il fait son apprentissage de piano au conservatoire de Vitry sur Seine de 1976 à 1981. Il  suit des cours de trombone à la musique municipale de Cernay de 1995 à 1997.<br>Il chante comme ténor au chœur des Billettes à Paris de 1998 à 2000, au Motet de Mulhouse de 2006 à 2018 et au chœur de chambre Mosaïques de Mulhouse depuis 2022.</p>



<p>A ses heures, il compose, notamment cette petite comptine à l&rsquo;occasion du premier anniversaire de sa petite fille Mathilde : Où est Mathilde ?</p>



<figure class="wp-block-video"><video height="720" style="aspect-ratio: 1280 / 720;" width="1280" controls src="https://www.flieg.fr/wordpress/wp-content/uploads/2023/03/mathilde_02.mp4"></video><figcaption class="wp-element-caption">10 avril 2019 &#8211; œuvre déposée à la SACD</figcaption></figure>

<p>Michel Flieg naît à Mulhouse en 1950. Il est le dernier des trois enfants de Bernard Flieg et Marthe Schoett. Il fait son apprentissage de la musique à la chorale du Couvent à Riedisheim. Il est diplômé de l&rsquo;Institut des Sciences Exactes et Appliquées de Mulhouse titulaire d&rsquo;une maîtrise en électronique, électrotechnique et Automatique. En [&hellip;]</p>
