{"id":2539,"date":"2023-03-26T13:28:20","date_gmt":"2023-03-26T12:28:20","guid":{"rendered":"https:\/\/www.flieg.fr\/?page_id=2539"},"modified":"2023-03-27T17:15:38","modified_gmt":"2023-03-27T16:15:38","slug":"jean-baptiste-hans-flieg-1884-1946","status":"publish","type":"page","link":"https:\/\/www.flieg.fr\/?page_id=2539","title":{"rendered":"Jean-Baptiste (Hans Flieg) 1884-1946"},"content":{"rendered":"\n<p>Jean-Baptiste Flieg (dit Hans) est l&rsquo;a\u00een\u00e9 des dix-sept enfants de Jean-Baptiste Flieg et Catherine Lang. Il d\u00e9bute son apprentissage d&rsquo;instruments \u00e0 vent par le baryton.<\/p>\n\n\n\n<figure class=\"wp-block-image size-large is-resized\"><a href=\"https:\/\/www.flieg.fr\/wordpress\/wp-content\/uploads\/2023\/03\/DSC_1936-Copie-scaled.jpg\"><img loading=\"lazy\" decoding=\"async\" src=\"https:\/\/www.flieg.fr\/wordpress\/wp-content\/uploads\/2023\/03\/DSC_1936-Copie-1024x753.jpg\" alt=\"\" class=\"wp-image-2587\" width=\"654\" height=\"480\" srcset=\"https:\/\/www.flieg.fr\/wordpress\/wp-content\/uploads\/2023\/03\/DSC_1936-Copie-1024x753.jpg 1024w, https:\/\/www.flieg.fr\/wordpress\/wp-content\/uploads\/2023\/03\/DSC_1936-Copie-300x221.jpg 300w, https:\/\/www.flieg.fr\/wordpress\/wp-content\/uploads\/2023\/03\/DSC_1936-Copie-768x565.jpg 768w, https:\/\/www.flieg.fr\/wordpress\/wp-content\/uploads\/2023\/03\/DSC_1936-Copie-1536x1130.jpg 1536w, https:\/\/www.flieg.fr\/wordpress\/wp-content\/uploads\/2023\/03\/DSC_1936-Copie-2048x1506.jpg 2048w, https:\/\/www.flieg.fr\/wordpress\/wp-content\/uploads\/2023\/03\/DSC_1936-Copie-624x459.jpg 624w\" sizes=\"auto, (max-width: 654px) 100vw, 654px\" \/><\/a><figcaption class=\"wp-element-caption\">De gauche \u00e0 droite : Paul Flieg, Pierre Flieg, Catherine Lang, Hans Flieg, Alexandre Flieg, Jules Flieg, Jean-Baptiste Flieg,  Joseph Flieg et Charles Flieg<br>photo prise vers 1914<\/figcaption><\/figure>\n\n\n\n<p><\/p>\n\n\n\n<figure class=\"wp-block-image size-large is-resized\"><img loading=\"lazy\" decoding=\"async\" src=\"https:\/\/www.flieg.fr\/wordpress\/wp-content\/uploads\/2023\/03\/1925_Flieg-1024x683.jpg\" alt=\"\" class=\"wp-image-2568\" width=\"650\" height=\"433\" srcset=\"https:\/\/www.flieg.fr\/wordpress\/wp-content\/uploads\/2023\/03\/1925_Flieg-1024x683.jpg 1024w, https:\/\/www.flieg.fr\/wordpress\/wp-content\/uploads\/2023\/03\/1925_Flieg-300x200.jpg 300w, https:\/\/www.flieg.fr\/wordpress\/wp-content\/uploads\/2023\/03\/1925_Flieg-768x512.jpg 768w, https:\/\/www.flieg.fr\/wordpress\/wp-content\/uploads\/2023\/03\/1925_Flieg-1536x1024.jpg 1536w, https:\/\/www.flieg.fr\/wordpress\/wp-content\/uploads\/2023\/03\/1925_Flieg-2048x1365.jpg 2048w, https:\/\/www.flieg.fr\/wordpress\/wp-content\/uploads\/2023\/03\/1925_Flieg-624x416.jpg 624w\" sizes=\"auto, (max-width: 650px) 100vw, 650px\" \/><figcaption class=\"wp-element-caption\">Carte postale de 1925<br>Au premier rang : Bernard Flieg, Isidore Latscha, Jean-Baptiste Flieg, Paul Flieg, Ren\u00e9 Flieg<br>Au deuxi\u00e8me rang, Jules Flieg, Joseph Flieg, Charles Flieg, Alexandre Flieg, Hans Flieg<\/figcaption><\/figure>\n\n\n\n<p> En cliquant, vous aurez un aper\u00e7u de ce que pouvait donner un ensemble de ce type.<\/p>\n\n\n\n<figure class=\"wp-block-audio\"><audio controls src=\"https:\/\/www.flieg.fr\/wordpress\/wp-content\/uploads\/2023\/03\/AlteLiebe.mp3\"><\/audio><\/figure>\n\n\n\n<p>Hans Flieg (debout \u00e0 droite) tient le pupitre de tuba.<br>Son p\u00e8re Jean-Baptiste est \u00e0 la batterie.<\/p>\n","protected":false},"excerpt":{"rendered":"<p>Jean-Baptiste Flieg (dit Hans) est l&rsquo;a\u00een\u00e9 des dix-sept enfants de Jean-Baptiste Flieg et Catherine Lang. Il d\u00e9bute son apprentissage d&rsquo;instruments \u00e0 vent par le baryton. En cliquant, vous aurez un aper\u00e7u de ce que pouvait donner un ensemble de ce type. Hans Flieg (debout \u00e0 droite) tient le pupitre de tuba.Son p\u00e8re Jean-Baptiste est \u00e0 [&hellip;]<\/p>\n","protected":false},"author":3,"featured_media":0,"parent":0,"menu_order":0,"comment_status":"closed","ping_status":"closed","template":"","meta":{"footnotes":""},"class_list":["post-2539","page","type-page","status-publish","hentry"],"_links":{"self":[{"href":"https:\/\/www.flieg.fr\/index.php?rest_route=\/wp\/v2\/pages\/2539","targetHints":{"allow":["GET"]}}],"collection":[{"href":"https:\/\/www.flieg.fr\/index.php?rest_route=\/wp\/v2\/pages"}],"about":[{"href":"https:\/\/www.flieg.fr\/index.php?rest_route=\/wp\/v2\/types\/page"}],"author":[{"embeddable":true,"href":"https:\/\/www.flieg.fr\/index.php?rest_route=\/wp\/v2\/users\/3"}],"replies":[{"embeddable":true,"href":"https:\/\/www.flieg.fr\/index.php?rest_route=%2Fwp%2Fv2%2Fcomments&post=2539"}],"version-history":[{"count":18,"href":"https:\/\/www.flieg.fr\/index.php?rest_route=\/wp\/v2\/pages\/2539\/revisions"}],"predecessor-version":[{"id":2626,"href":"https:\/\/www.flieg.fr\/index.php?rest_route=\/wp\/v2\/pages\/2539\/revisions\/2626"}],"wp:attachment":[{"href":"https:\/\/www.flieg.fr\/index.php?rest_route=%2Fwp%2Fv2%2Fmedia&parent=2539"}],"curies":[{"name":"wp","href":"https:\/\/api.w.org\/{rel}","templated":true}]}}

<p>Jean-Baptiste Flieg (dit Hans) est l&rsquo;aîné des dix-sept enfants de Jean-Baptiste Flieg et Catherine Lang. Il débute son apprentissage d&rsquo;instruments à vent par le baryton.</p>



<figure class="wp-block-image size-large is-resized"><a href="https://www.flieg.fr/wordpress/wp-content/uploads/2023/03/DSC_1936-Copie-scaled.jpg"><img loading="lazy" decoding="async" src="https://www.flieg.fr/wordpress/wp-content/uploads/2023/03/DSC_1936-Copie-1024x753.jpg" alt="" class="wp-image-2587" width="654" height="480" srcset="https://www.flieg.fr/wordpress/wp-content/uploads/2023/03/DSC_1936-Copie-1024x753.jpg 1024w, https://www.flieg.fr/wordpress/wp-content/uploads/2023/03/DSC_1936-Copie-300x221.jpg 300w, https://www.flieg.fr/wordpress/wp-content/uploads/2023/03/DSC_1936-Copie-768x565.jpg 768w, https://www.flieg.fr/wordpress/wp-content/uploads/2023/03/DSC_1936-Copie-1536x1130.jpg 1536w, https://www.flieg.fr/wordpress/wp-content/uploads/2023/03/DSC_1936-Copie-2048x1506.jpg 2048w, https://www.flieg.fr/wordpress/wp-content/uploads/2023/03/DSC_1936-Copie-624x459.jpg 624w" sizes="auto, (max-width: 654px) 100vw, 654px" /></a><figcaption class="wp-element-caption">De gauche à droite : Paul Flieg, Pierre Flieg, Catherine Lang, Hans Flieg, Alexandre Flieg, Jules Flieg, Jean-Baptiste Flieg,  Joseph Flieg et Charles Flieg<br>photo prise vers 1914</figcaption></figure>



<p></p>



<figure class="wp-block-image size-large is-resized"><img loading="lazy" decoding="async" src="https://www.flieg.fr/wordpress/wp-content/uploads/2023/03/1925_Flieg-1024x683.jpg" alt="" class="wp-image-2568" width="650" height="433" srcset="https://www.flieg.fr/wordpress/wp-content/uploads/2023/03/1925_Flieg-1024x683.jpg 1024w, https://www.flieg.fr/wordpress/wp-content/uploads/2023/03/1925_Flieg-300x200.jpg 300w, https://www.flieg.fr/wordpress/wp-content/uploads/2023/03/1925_Flieg-768x512.jpg 768w, https://www.flieg.fr/wordpress/wp-content/uploads/2023/03/1925_Flieg-1536x1024.jpg 1536w, https://www.flieg.fr/wordpress/wp-content/uploads/2023/03/1925_Flieg-2048x1365.jpg 2048w, https://www.flieg.fr/wordpress/wp-content/uploads/2023/03/1925_Flieg-624x416.jpg 624w" sizes="auto, (max-width: 650px) 100vw, 650px" /><figcaption class="wp-element-caption">Carte postale de 1925<br>Au premier rang : Bernard Flieg, Isidore Latscha, Jean-Baptiste Flieg, Paul Flieg, René Flieg<br>Au deuxième rang, Jules Flieg, Joseph Flieg, Charles Flieg, Alexandre Flieg, Hans Flieg</figcaption></figure>



<p> En cliquant, vous aurez un aperçu de ce que pouvait donner un ensemble de ce type.</p>



<figure class="wp-block-audio"><audio controls src="https://www.flieg.fr/wordpress/wp-content/uploads/2023/03/AlteLiebe.mp3"></audio></figure>



<p>Hans Flieg (debout à droite) tient le pupitre de tuba.<br>Son père Jean-Baptiste est à la batterie.</p>

<p>Jean-Baptiste Flieg (dit Hans) est l&rsquo;aîné des dix-sept enfants de Jean-Baptiste Flieg et Catherine Lang. Il débute son apprentissage d&rsquo;instruments à vent par le baryton. En cliquant, vous aurez un aperçu de ce que pouvait donner un ensemble de ce type. Hans Flieg (debout à droite) tient le pupitre de tuba.Son père Jean-Baptiste est à [&hellip;]</p>
