{"id":220,"date":"2012-03-23T23:48:24","date_gmt":"2012-03-23T22:48:24","guid":{"rendered":"http:\/\/flieg.fr\/?page_id=220"},"modified":"2023-03-21T10:33:42","modified_gmt":"2023-03-21T09:33:42","slug":"jour-14-etape-13-de-decazeville-a-bord-174-km","status":"publish","type":"page","link":"https:\/\/www.flieg.fr\/?page_id=220","title":{"rendered":"jour 14 &#8211; \u00e9tape 13 : de Decazeville \u00e0 Felzins : 17,4 km"},"content":{"rendered":"<p><a href=\"http:\/\/flieg.fr\/wordpress\/wp-content\/uploads\/2012\/03\/Etape13.jpg\"><img loading=\"lazy\" decoding=\"async\" class=\"alignnone size-full wp-image-221\" title=\"Etape13\" src=\"http:\/\/flieg.fr\/wordpress\/wp-content\/uploads\/2012\/03\/Etape13.jpg\" alt=\"\" width=\"937\" height=\"369\" srcset=\"https:\/\/www.flieg.fr\/wordpress\/wp-content\/uploads\/2012\/03\/Etape13.jpg 937w, https:\/\/www.flieg.fr\/wordpress\/wp-content\/uploads\/2012\/03\/Etape13-300x118.jpg 300w, https:\/\/www.flieg.fr\/wordpress\/wp-content\/uploads\/2012\/03\/Etape13-624x245.jpg 624w\" sizes=\"auto, (max-width: 937px) 100vw, 937px\" \/><\/a><\/p>\n<p>Objectif : chambres d&rsquo;h\u00f4tes Le Pentadou<br \/>\nLe bourg&nbsp; 46270 Felzins 05 65&nbsp; 40 48 12<br \/>\nNous quittons Decazeville par une mont\u00e9e interminable pour r\u00e9ussir \u00e0 nous \u00e9lever de 200m.<\/p>\n<div id=\"attachment_399\" style=\"width: 235px\" class=\"wp-caption alignnone\"><a href=\"http:\/\/flieg.fr\/wordpress\/wp-content\/uploads\/2012\/03\/P4100417.jpg\"><img loading=\"lazy\" decoding=\"async\" aria-describedby=\"caption-attachment-399\" class=\"size-medium wp-image-399\" title=\"OLYMPUS DIGITAL CAMERA\" src=\"http:\/\/flieg.fr\/wordpress\/wp-content\/uploads\/2012\/03\/P4100417-225x300.jpg\" alt=\"\" width=\"225\" height=\"300\" srcset=\"https:\/\/www.flieg.fr\/wordpress\/wp-content\/uploads\/2012\/03\/P4100417-225x300.jpg 225w, https:\/\/www.flieg.fr\/wordpress\/wp-content\/uploads\/2012\/03\/P4100417-768x1024.jpg 768w, https:\/\/www.flieg.fr\/wordpress\/wp-content\/uploads\/2012\/03\/P4100417-624x832.jpg 624w, https:\/\/www.flieg.fr\/wordpress\/wp-content\/uploads\/2012\/03\/P4100417.jpg 1536w\" sizes=\"auto, (max-width: 225px) 100vw, 225px\" \/><\/a><p id=\"caption-attachment-399\" class=\"wp-caption-text\">ciel mena\u00e7ant dans un miroir urbain d\u00e9formant<\/p><\/div>\n<p>Nous visitons la petite chapelle Saint Roch de Decazeville Estaques et quand nous repartons une faible pluie nous oblige \u00e0 mettre les capes. Nous rencontrons de plus en plus de p\u00e8lerins et de p\u00e8lerines sur le chemin. Hier, nous estimions leur nombre \u00e0 une vingtaine ou une trentaine. A Livinhac le Haut, nous quittons l&rsquo;Aveyron pour entrer dans le Lot. Nous achetons du pain et du pot au feu en salade pour midi. Au moment de sortir de la charcuterie, la pluie se met \u00e0 tomber drue et nous devons attendre l&rsquo;\u00e9claircie sous le porche. Le soleil revenu, nous repartons vers les hauteurs et nous avons une vue sur des dizaines de kilom\u00e8tres \u00e0 la ronde.<\/p>\n<div id=\"attachment_404\" style=\"width: 310px\" class=\"wp-caption alignnone\"><a href=\"http:\/\/flieg.fr\/wordpress\/wp-content\/uploads\/2012\/03\/P4100425.jpg\"><img loading=\"lazy\" decoding=\"async\" aria-describedby=\"caption-attachment-404\" class=\"size-medium wp-image-404\" title=\"OLYMPUS DIGITAL CAMERA\" src=\"http:\/\/flieg.fr\/wordpress\/wp-content\/uploads\/2012\/03\/P4100425-300x225.jpg\" alt=\"\" width=\"300\" height=\"225\" srcset=\"https:\/\/www.flieg.fr\/wordpress\/wp-content\/uploads\/2012\/03\/P4100425-300x225.jpg 300w, https:\/\/www.flieg.fr\/wordpress\/wp-content\/uploads\/2012\/03\/P4100425-1024x768.jpg 1024w, https:\/\/www.flieg.fr\/wordpress\/wp-content\/uploads\/2012\/03\/P4100425-624x468.jpg 624w, https:\/\/www.flieg.fr\/wordpress\/wp-content\/uploads\/2012\/03\/P4100425.jpg 2048w\" sizes=\"auto, (max-width: 300px) 100vw, 300px\" \/><\/a><p id=\"caption-attachment-404\" class=\"wp-caption-text\">blonde en p\u00e8lerine bleue devant des bl\u00e9s verts<\/p><\/div>\n<div id=\"attachment_405\" style=\"width: 310px\" class=\"wp-caption alignnone\"><a href=\"http:\/\/flieg.fr\/wordpress\/wp-content\/uploads\/2012\/03\/P4100426.jpg\"><img loading=\"lazy\" decoding=\"async\" aria-describedby=\"caption-attachment-405\" class=\"size-medium wp-image-405\" title=\"OLYMPUS DIGITAL CAMERA\" src=\"http:\/\/flieg.fr\/wordpress\/wp-content\/uploads\/2012\/03\/P4100426-300x225.jpg\" alt=\"\" width=\"300\" height=\"225\" srcset=\"https:\/\/www.flieg.fr\/wordpress\/wp-content\/uploads\/2012\/03\/P4100426-300x225.jpg 300w, https:\/\/www.flieg.fr\/wordpress\/wp-content\/uploads\/2012\/03\/P4100426-1024x768.jpg 1024w, https:\/\/www.flieg.fr\/wordpress\/wp-content\/uploads\/2012\/03\/P4100426-624x468.jpg 624w, https:\/\/www.flieg.fr\/wordpress\/wp-content\/uploads\/2012\/03\/P4100426.jpg 2048w\" sizes=\"auto, (max-width: 300px) 100vw, 300px\" \/><\/a><p id=\"caption-attachment-405\" class=\"wp-caption-text\">vue d'avion prise les pieds par terre<\/p><\/div>\n<p>Et nous voyons arriver de loin de gros nuages gris et bas. On acc\u00e9l\u00e8re le pas, mais la pluie nous rattrape. On a juste le temps de trouver un refuge sous les frondaisons presque \u00e9tanches form\u00e9es par le lierre qui enveloppent deux vieux arbres. Pendant une demi-heure, on reste fig\u00e9s dans le m\u00e8tre carr\u00e9 prot\u00e9g\u00e9 pendant que la pluie redouble avec un orage qui approche. Un \u00e9clair tombe non loin et nous fait brutalement changer de strat\u00e9gie. Nous partons vers une maison proche \u00e0 50m de l\u00e0 et fort heureusement, nous y trouvons un auvent providentiel. Alors que la pluie semble s&rsquo;\u00eatre install\u00e9e pour de bon, lentement le ciel s&rsquo;\u00e9claircit derri\u00e8re la colline. Un coin de ciel bleu appara\u00eet m\u00eame dans la direction o\u00f9 nous devons aller. Les gouttes de pluie s&rsquo;espacent et nous repartons. Nous arrivons \u00e0 Montredon. Un accueil paroissial, une porte entr&rsquo;ouverte, et nous d\u00e9couvrons une petite salle avec une table, des bancs, une cafeti\u00e8re et m\u00eame des g\u00e2teaux au chocolat. On croit r\u00eaver devant tant d&rsquo;hospitalit\u00e9 gratuite. Il y a m\u00eame un tampon \u00e0 disposition pour notre cr\u00e9anciale.<\/p>\n<div id=\"attachment_403\" style=\"width: 235px\" class=\"wp-caption alignnone\"><a href=\"http:\/\/flieg.fr\/wordpress\/wp-content\/uploads\/2012\/03\/P4100429.jpg\"><img loading=\"lazy\" decoding=\"async\" aria-describedby=\"caption-attachment-403\" class=\"size-medium wp-image-403\" title=\"OLYMPUS DIGITAL CAMERA\" src=\"http:\/\/flieg.fr\/wordpress\/wp-content\/uploads\/2012\/03\/P4100429-225x300.jpg\" alt=\"\" width=\"225\" height=\"300\" srcset=\"https:\/\/www.flieg.fr\/wordpress\/wp-content\/uploads\/2012\/03\/P4100429-225x300.jpg 225w, https:\/\/www.flieg.fr\/wordpress\/wp-content\/uploads\/2012\/03\/P4100429-768x1024.jpg 768w, https:\/\/www.flieg.fr\/wordpress\/wp-content\/uploads\/2012\/03\/P4100429-624x832.jpg 624w, https:\/\/www.flieg.fr\/wordpress\/wp-content\/uploads\/2012\/03\/P4100429.jpg 1536w\" sizes=\"auto, (max-width: 225px) 100vw, 225px\" \/><\/a><p id=\"caption-attachment-403\" class=\"wp-caption-text\">un cachet de plus sur nos cr\u00e9anciales<\/p><\/div>\n<p>Il est 14h30. Nous avons enfin un endroit sec pour nous asseoir et manger. Il reste \u00e0 pr\u00e9sent 7 km et la pluie a cess\u00e9. Nous visitons la magnifique chapelle de Guirande avec ses fresques dat\u00e9es de l&rsquo;an 1500.<\/p>\n<div id=\"attachment_406\" style=\"width: 310px\" class=\"wp-caption alignnone\"><a href=\"http:\/\/flieg.fr\/wordpress\/wp-content\/uploads\/2012\/03\/P4100438.jpg\"><img loading=\"lazy\" decoding=\"async\" aria-describedby=\"caption-attachment-406\" class=\"size-medium wp-image-406\" title=\"OLYMPUS DIGITAL CAMERA\" src=\"http:\/\/flieg.fr\/wordpress\/wp-content\/uploads\/2012\/03\/P4100438-300x225.jpg\" alt=\"\" width=\"300\" height=\"225\" srcset=\"https:\/\/www.flieg.fr\/wordpress\/wp-content\/uploads\/2012\/03\/P4100438-300x225.jpg 300w, https:\/\/www.flieg.fr\/wordpress\/wp-content\/uploads\/2012\/03\/P4100438-1024x768.jpg 1024w, https:\/\/www.flieg.fr\/wordpress\/wp-content\/uploads\/2012\/03\/P4100438-624x468.jpg 624w, https:\/\/www.flieg.fr\/wordpress\/wp-content\/uploads\/2012\/03\/P4100438.jpg 2048w\" sizes=\"auto, (max-width: 300px) 100vw, 300px\" \/><\/a><p id=\"caption-attachment-406\" class=\"wp-caption-text\">la chapelle de Guirande<\/p><\/div>\n<div id=\"attachment_407\" style=\"width: 235px\" class=\"wp-caption alignnone\"><a href=\"http:\/\/flieg.fr\/wordpress\/wp-content\/uploads\/2012\/03\/P4100435.jpg\"><img loading=\"lazy\" decoding=\"async\" aria-describedby=\"caption-attachment-407\" class=\"size-medium wp-image-407\" title=\"OLYMPUS DIGITAL CAMERA\" src=\"http:\/\/flieg.fr\/wordpress\/wp-content\/uploads\/2012\/03\/P4100435-225x300.jpg\" alt=\"\" width=\"225\" height=\"300\" srcset=\"https:\/\/www.flieg.fr\/wordpress\/wp-content\/uploads\/2012\/03\/P4100435-225x300.jpg 225w, https:\/\/www.flieg.fr\/wordpress\/wp-content\/uploads\/2012\/03\/P4100435-768x1024.jpg 768w, https:\/\/www.flieg.fr\/wordpress\/wp-content\/uploads\/2012\/03\/P4100435-624x832.jpg 624w, https:\/\/www.flieg.fr\/wordpress\/wp-content\/uploads\/2012\/03\/P4100435.jpg 1536w\" sizes=\"auto, (max-width: 225px) 100vw, 225px\" \/><\/a><p id=\"caption-attachment-407\" class=\"wp-caption-text\">fresques dat\u00e9es de l'an 1500 !<\/p><\/div>\n<p>Nous sommes \u00e0 deux km de Felzins. Nous contournons par le sud un violent orage local. Un second orage noir a le m\u00eame objectif que nous. Nous for\u00e7ons le pas et nous rejoignons notre chambre d&rsquo;h\u00f4tes quelques secondes avant un d\u00e9luge d&rsquo;eau m\u00eal\u00e9 de gr\u00eale. Ouf!<br \/>\nLa chambre d&rsquo;h\u00f4tes bambou qui nous est r\u00e9serv\u00e9e se trouve effectivement derri\u00e8re une petite for\u00eat de bambous plant\u00e9e dans un cuveau. La chambre a \u00e9t\u00e9 am\u00e9nag\u00e9e avec beaucoup de go\u00fbt. Ce qui devait \u00eatre une ancienne \u00e9table, a \u00e9t\u00e9 transform\u00e9 en un v\u00e9ritable petit nid douillet. Pierre le Suisse est arriv\u00e9 une fois de plus avant nous. Il est log\u00e9 dans la chambre \u00e0 c\u00f4t\u00e9 de la n\u00f4tre. Autour de la table d&rsquo;h\u00f4tes, le soir, il y a un groupe de quatre p\u00e8lerins allemands en plus. De la salle \u00e0 manger on a une vue superbe sur un paysage vallonn\u00e9 de collines avec un manteau d&rsquo;immenses pr\u00e9s verts. Le Pentadou a d&rsquo;autres atouts: des terrasses et une grande piscine. Mais le mauvais temps ne nous permettra pas d&rsquo;en profiter.<\/p>\n","protected":false},"excerpt":{"rendered":"<p>Objectif : chambres d&rsquo;h\u00f4tes Le Pentadou Le bourg&nbsp; 46270 Felzins 05 65&nbsp; 40 48 12 Nous quittons Decazeville par une mont\u00e9e interminable pour r\u00e9ussir \u00e0 nous \u00e9lever de 200m. Nous visitons la petite chapelle Saint Roch de Decazeville Estaques et quand nous repartons une faible pluie nous oblige \u00e0 mettre les capes. Nous rencontrons de [&hellip;]<\/p>\n","protected":false},"author":3,"featured_media":0,"parent":0,"menu_order":0,"comment_status":"open","ping_status":"open","template":"","meta":{"footnotes":""},"class_list":["post-220","page","type-page","status-publish","hentry"],"_links":{"self":[{"href":"https:\/\/www.flieg.fr\/index.php?rest_route=\/wp\/v2\/pages\/220","targetHints":{"allow":["GET"]}}],"collection":[{"href":"https:\/\/www.flieg.fr\/index.php?rest_route=\/wp\/v2\/pages"}],"about":[{"href":"https:\/\/www.flieg.fr\/index.php?rest_route=\/wp\/v2\/types\/page"}],"author":[{"embeddable":true,"href":"https:\/\/www.flieg.fr\/index.php?rest_route=\/wp\/v2\/users\/3"}],"replies":[{"embeddable":true,"href":"https:\/\/www.flieg.fr\/index.php?rest_route=%2Fwp%2Fv2%2Fcomments&post=220"}],"version-history":[{"count":10,"href":"https:\/\/www.flieg.fr\/index.php?rest_route=\/wp\/v2\/pages\/220\/revisions"}],"predecessor-version":[{"id":2397,"href":"https:\/\/www.flieg.fr\/index.php?rest_route=\/wp\/v2\/pages\/220\/revisions\/2397"}],"wp:attachment":[{"href":"https:\/\/www.flieg.fr\/index.php?rest_route=%2Fwp%2Fv2%2Fmedia&parent=220"}],"curies":[{"name":"wp","href":"https:\/\/api.w.org\/{rel}","templated":true}]}}

jour 14 &#8211; étape 13 : de Decazeville à Felzins : 17,4 km

<p><a href="http://flieg.fr/wordpress/wp-content/uploads/2012/03/Etape13.jpg"><img loading="lazy" decoding="async" class="alignnone size-full wp-image-221" title="Etape13" src="http://flieg.fr/wordpress/wp-content/uploads/2012/03/Etape13.jpg" alt="" width="937" height="369" srcset="https://www.flieg.fr/wordpress/wp-content/uploads/2012/03/Etape13.jpg 937w, https://www.flieg.fr/wordpress/wp-content/uploads/2012/03/Etape13-300x118.jpg 300w, https://www.flieg.fr/wordpress/wp-content/uploads/2012/03/Etape13-624x245.jpg 624w" sizes="auto, (max-width: 937px) 100vw, 937px" /></a></p>
<p>Objectif : chambres d&rsquo;hôtes Le Pentadou<br />
Le bourg&nbsp; 46270 Felzins 05 65&nbsp; 40 48 12<br />
Nous quittons Decazeville par une montée interminable pour réussir à nous élever de 200m.</p>
<div id="attachment_399" style="width: 235px" class="wp-caption alignnone"><a href="http://flieg.fr/wordpress/wp-content/uploads/2012/03/P4100417.jpg"><img loading="lazy" decoding="async" aria-describedby="caption-attachment-399" class="size-medium wp-image-399" title="OLYMPUS DIGITAL CAMERA" src="http://flieg.fr/wordpress/wp-content/uploads/2012/03/P4100417-225x300.jpg" alt="" width="225" height="300" srcset="https://www.flieg.fr/wordpress/wp-content/uploads/2012/03/P4100417-225x300.jpg 225w, https://www.flieg.fr/wordpress/wp-content/uploads/2012/03/P4100417-768x1024.jpg 768w, https://www.flieg.fr/wordpress/wp-content/uploads/2012/03/P4100417-624x832.jpg 624w, https://www.flieg.fr/wordpress/wp-content/uploads/2012/03/P4100417.jpg 1536w" sizes="auto, (max-width: 225px) 100vw, 225px" /></a><p id="caption-attachment-399" class="wp-caption-text">ciel menaçant dans un miroir urbain déformant</p></div>
<p>Nous visitons la petite chapelle Saint Roch de Decazeville Estaques et quand nous repartons une faible pluie nous oblige à mettre les capes. Nous rencontrons de plus en plus de pèlerins et de pèlerines sur le chemin. Hier, nous estimions leur nombre à une vingtaine ou une trentaine. A Livinhac le Haut, nous quittons l&rsquo;Aveyron pour entrer dans le Lot. Nous achetons du pain et du pot au feu en salade pour midi. Au moment de sortir de la charcuterie, la pluie se met à tomber drue et nous devons attendre l&rsquo;éclaircie sous le porche. Le soleil revenu, nous repartons vers les hauteurs et nous avons une vue sur des dizaines de kilomètres à la ronde.</p>
<div id="attachment_404" style="width: 310px" class="wp-caption alignnone"><a href="http://flieg.fr/wordpress/wp-content/uploads/2012/03/P4100425.jpg"><img loading="lazy" decoding="async" aria-describedby="caption-attachment-404" class="size-medium wp-image-404" title="OLYMPUS DIGITAL CAMERA" src="http://flieg.fr/wordpress/wp-content/uploads/2012/03/P4100425-300x225.jpg" alt="" width="300" height="225" srcset="https://www.flieg.fr/wordpress/wp-content/uploads/2012/03/P4100425-300x225.jpg 300w, https://www.flieg.fr/wordpress/wp-content/uploads/2012/03/P4100425-1024x768.jpg 1024w, https://www.flieg.fr/wordpress/wp-content/uploads/2012/03/P4100425-624x468.jpg 624w, https://www.flieg.fr/wordpress/wp-content/uploads/2012/03/P4100425.jpg 2048w" sizes="auto, (max-width: 300px) 100vw, 300px" /></a><p id="caption-attachment-404" class="wp-caption-text">blonde en pèlerine bleue devant des blés verts</p></div>
<div id="attachment_405" style="width: 310px" class="wp-caption alignnone"><a href="http://flieg.fr/wordpress/wp-content/uploads/2012/03/P4100426.jpg"><img loading="lazy" decoding="async" aria-describedby="caption-attachment-405" class="size-medium wp-image-405" title="OLYMPUS DIGITAL CAMERA" src="http://flieg.fr/wordpress/wp-content/uploads/2012/03/P4100426-300x225.jpg" alt="" width="300" height="225" srcset="https://www.flieg.fr/wordpress/wp-content/uploads/2012/03/P4100426-300x225.jpg 300w, https://www.flieg.fr/wordpress/wp-content/uploads/2012/03/P4100426-1024x768.jpg 1024w, https://www.flieg.fr/wordpress/wp-content/uploads/2012/03/P4100426-624x468.jpg 624w, https://www.flieg.fr/wordpress/wp-content/uploads/2012/03/P4100426.jpg 2048w" sizes="auto, (max-width: 300px) 100vw, 300px" /></a><p id="caption-attachment-405" class="wp-caption-text">vue d'avion prise les pieds par terre</p></div>
<p>Et nous voyons arriver de loin de gros nuages gris et bas. On accélère le pas, mais la pluie nous rattrape. On a juste le temps de trouver un refuge sous les frondaisons presque étanches formées par le lierre qui enveloppent deux vieux arbres. Pendant une demi-heure, on reste figés dans le mètre carré protégé pendant que la pluie redouble avec un orage qui approche. Un éclair tombe non loin et nous fait brutalement changer de stratégie. Nous partons vers une maison proche à 50m de là et fort heureusement, nous y trouvons un auvent providentiel. Alors que la pluie semble s&rsquo;être installée pour de bon, lentement le ciel s&rsquo;éclaircit derrière la colline. Un coin de ciel bleu apparaît même dans la direction où nous devons aller. Les gouttes de pluie s&rsquo;espacent et nous repartons. Nous arrivons à Montredon. Un accueil paroissial, une porte entr&rsquo;ouverte, et nous découvrons une petite salle avec une table, des bancs, une cafetière et même des gâteaux au chocolat. On croit rêver devant tant d&rsquo;hospitalité gratuite. Il y a même un tampon à disposition pour notre créanciale.</p>
<div id="attachment_403" style="width: 235px" class="wp-caption alignnone"><a href="http://flieg.fr/wordpress/wp-content/uploads/2012/03/P4100429.jpg"><img loading="lazy" decoding="async" aria-describedby="caption-attachment-403" class="size-medium wp-image-403" title="OLYMPUS DIGITAL CAMERA" src="http://flieg.fr/wordpress/wp-content/uploads/2012/03/P4100429-225x300.jpg" alt="" width="225" height="300" srcset="https://www.flieg.fr/wordpress/wp-content/uploads/2012/03/P4100429-225x300.jpg 225w, https://www.flieg.fr/wordpress/wp-content/uploads/2012/03/P4100429-768x1024.jpg 768w, https://www.flieg.fr/wordpress/wp-content/uploads/2012/03/P4100429-624x832.jpg 624w, https://www.flieg.fr/wordpress/wp-content/uploads/2012/03/P4100429.jpg 1536w" sizes="auto, (max-width: 225px) 100vw, 225px" /></a><p id="caption-attachment-403" class="wp-caption-text">un cachet de plus sur nos créanciales</p></div>
<p>Il est 14h30. Nous avons enfin un endroit sec pour nous asseoir et manger. Il reste à présent 7 km et la pluie a cessé. Nous visitons la magnifique chapelle de Guirande avec ses fresques datées de l&rsquo;an 1500.</p>
<div id="attachment_406" style="width: 310px" class="wp-caption alignnone"><a href="http://flieg.fr/wordpress/wp-content/uploads/2012/03/P4100438.jpg"><img loading="lazy" decoding="async" aria-describedby="caption-attachment-406" class="size-medium wp-image-406" title="OLYMPUS DIGITAL CAMERA" src="http://flieg.fr/wordpress/wp-content/uploads/2012/03/P4100438-300x225.jpg" alt="" width="300" height="225" srcset="https://www.flieg.fr/wordpress/wp-content/uploads/2012/03/P4100438-300x225.jpg 300w, https://www.flieg.fr/wordpress/wp-content/uploads/2012/03/P4100438-1024x768.jpg 1024w, https://www.flieg.fr/wordpress/wp-content/uploads/2012/03/P4100438-624x468.jpg 624w, https://www.flieg.fr/wordpress/wp-content/uploads/2012/03/P4100438.jpg 2048w" sizes="auto, (max-width: 300px) 100vw, 300px" /></a><p id="caption-attachment-406" class="wp-caption-text">la chapelle de Guirande</p></div>
<div id="attachment_407" style="width: 235px" class="wp-caption alignnone"><a href="http://flieg.fr/wordpress/wp-content/uploads/2012/03/P4100435.jpg"><img loading="lazy" decoding="async" aria-describedby="caption-attachment-407" class="size-medium wp-image-407" title="OLYMPUS DIGITAL CAMERA" src="http://flieg.fr/wordpress/wp-content/uploads/2012/03/P4100435-225x300.jpg" alt="" width="225" height="300" srcset="https://www.flieg.fr/wordpress/wp-content/uploads/2012/03/P4100435-225x300.jpg 225w, https://www.flieg.fr/wordpress/wp-content/uploads/2012/03/P4100435-768x1024.jpg 768w, https://www.flieg.fr/wordpress/wp-content/uploads/2012/03/P4100435-624x832.jpg 624w, https://www.flieg.fr/wordpress/wp-content/uploads/2012/03/P4100435.jpg 1536w" sizes="auto, (max-width: 225px) 100vw, 225px" /></a><p id="caption-attachment-407" class="wp-caption-text">fresques datées de l'an 1500 !</p></div>
<p>Nous sommes à deux km de Felzins. Nous contournons par le sud un violent orage local. Un second orage noir a le même objectif que nous. Nous forçons le pas et nous rejoignons notre chambre d&rsquo;hôtes quelques secondes avant un déluge d&rsquo;eau mêlé de grêle. Ouf!<br />
La chambre d&rsquo;hôtes bambou qui nous est réservée se trouve effectivement derrière une petite forêt de bambous plantée dans un cuveau. La chambre a été aménagée avec beaucoup de goût. Ce qui devait être une ancienne étable, a été transformé en un véritable petit nid douillet. Pierre le Suisse est arrivé une fois de plus avant nous. Il est logé dans la chambre à côté de la nôtre. Autour de la table d&rsquo;hôtes, le soir, il y a un groupe de quatre pèlerins allemands en plus. De la salle à manger on a une vue superbe sur un paysage vallonné de collines avec un manteau d&rsquo;immenses prés verts. Le Pentadou a d&rsquo;autres atouts: des terrasses et une grande piscine. Mais le mauvais temps ne nous permettra pas d&rsquo;en profiter.</p>

<p>Objectif : chambres d&rsquo;hôtes Le Pentadou Le bourg&nbsp; 46270 Felzins 05 65&nbsp; 40 48 12 Nous quittons Decazeville par une montée interminable pour réussir à nous élever de 200m. Nous visitons la petite chapelle Saint Roch de Decazeville Estaques et quand nous repartons une faible pluie nous oblige à mettre les capes. Nous rencontrons de [&hellip;]</p>
