{"id":210,"date":"2012-03-23T22:28:46","date_gmt":"2012-03-23T21:28:46","guid":{"rendered":"http:\/\/flieg.fr\/?page_id=210"},"modified":"2023-03-21T10:32:52","modified_gmt":"2023-03-21T09:32:52","slug":"jour-13-etape-12-de-conques-a-decazeville","status":"publish","type":"page","link":"https:\/\/www.flieg.fr\/?page_id=210","title":{"rendered":"jour 13 &#8211; \u00e9tape 12 : de Conques \u00e0 Decazeville : 20,8 km"},"content":{"rendered":"<p>Objectif : h\u00f4tel-restaurant Foulquier<br \/>\n14 bis avenue Victor Hugo 12300 Decazeville<\/p>\n<p>Nous repartons de Conques.<\/p>\n<p><a href=\"http:\/\/flieg.fr\/wordpress\/wp-content\/uploads\/2012\/03\/P4090405.jpg\"><img loading=\"lazy\" decoding=\"async\" class=\"alignnone size-medium wp-image-387\" title=\"OLYMPUS DIGITAL CAMERA\" src=\"http:\/\/flieg.fr\/wordpress\/wp-content\/uploads\/2012\/03\/P4090405-225x300.jpg\" alt=\"\" width=\"225\" height=\"300\" srcset=\"https:\/\/www.flieg.fr\/wordpress\/wp-content\/uploads\/2012\/03\/P4090405-225x300.jpg 225w, https:\/\/www.flieg.fr\/wordpress\/wp-content\/uploads\/2012\/03\/P4090405-768x1024.jpg 768w, https:\/\/www.flieg.fr\/wordpress\/wp-content\/uploads\/2012\/03\/P4090405-624x832.jpg 624w, https:\/\/www.flieg.fr\/wordpress\/wp-content\/uploads\/2012\/03\/P4090405.jpg 1536w\" sizes=\"auto, (max-width: 225px) 100vw, 225px\" \/><\/a><\/p>\n<div id=\"attachment_388\" style=\"width: 310px\" class=\"wp-caption alignnone\"><a href=\"http:\/\/flieg.fr\/wordpress\/wp-content\/uploads\/2012\/03\/P4090410.jpg\"><img loading=\"lazy\" decoding=\"async\" aria-describedby=\"caption-attachment-388\" class=\"size-medium wp-image-388\" title=\"OLYMPUS DIGITAL CAMERA\" src=\"http:\/\/flieg.fr\/wordpress\/wp-content\/uploads\/2012\/03\/P4090410-300x225.jpg\" alt=\"\" width=\"300\" height=\"225\" srcset=\"https:\/\/www.flieg.fr\/wordpress\/wp-content\/uploads\/2012\/03\/P4090410-300x225.jpg 300w, https:\/\/www.flieg.fr\/wordpress\/wp-content\/uploads\/2012\/03\/P4090410-1024x768.jpg 1024w, https:\/\/www.flieg.fr\/wordpress\/wp-content\/uploads\/2012\/03\/P4090410-624x468.jpg 624w, https:\/\/www.flieg.fr\/wordpress\/wp-content\/uploads\/2012\/03\/P4090410.jpg 2048w\" sizes=\"auto, (max-width: 300px) 100vw, 300px\" \/><\/a><p id=\"caption-attachment-388\" class=\"wp-caption-text\">Conques de loin<\/p><\/div>\n<p>Arriv\u00e9s \u00e0 16h00 \u00e0 Decazeville. Tout est ferm\u00e9, car nous sommes lundi de P\u00e2ques. Nous y retrouvons Pierre le Suisse qui loge au m\u00eame h\u00f4tel que nous, qui n&rsquo;ouvre qu&rsquo;\u00e0 18h. En attendant, seul un cybercaf\u00e9 est ouvert. Pierre a le mot juste. Au cimeti\u00e8re, il y a sans doute plus d&rsquo;activit\u00e9 qu&rsquo;en ville&#8230;<\/p>\n<div id=\"attachment_395\" style=\"width: 310px\" class=\"wp-caption alignnone\"><a href=\"http:\/\/flieg.fr\/wordpress\/wp-content\/uploads\/2012\/03\/P4090415.jpg\"><img loading=\"lazy\" decoding=\"async\" aria-describedby=\"caption-attachment-395\" class=\"size-medium wp-image-395\" title=\"OLYMPUS DIGITAL CAMERA\" src=\"http:\/\/flieg.fr\/wordpress\/wp-content\/uploads\/2012\/03\/P4090415-300x225.jpg\" alt=\"\" width=\"300\" height=\"225\" srcset=\"https:\/\/www.flieg.fr\/wordpress\/wp-content\/uploads\/2012\/03\/P4090415-300x225.jpg 300w, https:\/\/www.flieg.fr\/wordpress\/wp-content\/uploads\/2012\/03\/P4090415-1024x768.jpg 1024w, https:\/\/www.flieg.fr\/wordpress\/wp-content\/uploads\/2012\/03\/P4090415-624x468.jpg 624w, https:\/\/www.flieg.fr\/wordpress\/wp-content\/uploads\/2012\/03\/P4090415.jpg 2048w\" sizes=\"auto, (max-width: 300px) 100vw, 300px\" \/><\/a><p id=\"caption-attachment-395\" class=\"wp-caption-text\">la ville de Decazeville vue de loin<\/p><\/div>\n<p>La ville a eu ses heures de gloire au temps des exploitations mini\u00e8res. Il n&rsquo;y a plus d&rsquo;industries et la pauvret\u00e9 s&rsquo;est durablement install\u00e9e. L&rsquo;inactivit\u00e9 des jeunes est visible. Partout, les murs deviennent leur exutoire avec des tags qui refl\u00e8tent leur rage d&rsquo;exister; L&rsquo;h\u00f4tel deux \u00e9toiles a lui aussi d\u00fb avoir ses heures de gloire dans les ann\u00e9es 80. A pr\u00e9sent la moquette est fan\u00e9e, voire manquante sur certaines marches d&rsquo;escalier. Seul investissement r\u00e9cent : la t\u00e9l\u00e9 \u00e0 \u00e9cran plat. Le radiateur \u00e9lectrique ne fonctionne plus. Une lampe de chevet non plus. Mais on a pu dormir, c&rsquo;est l&rsquo;essentiel. Le restaurant chinois a c\u00f4t\u00e9 de l&rsquo;h\u00f4tel&nbsp; est ouvert!! Nous prenons une bonne soupe chaude et de bons plats fumants de canard et de crevettes aux champignons. Un d\u00e9lice.<\/p>\n<p>&nbsp;<\/p>\n<p><a href=\"http:\/\/flieg.fr\/wordpress\/wp-content\/uploads\/2012\/03\/Etape123.jpg\"><img loading=\"lazy\" decoding=\"async\" class=\"alignnone size-full wp-image-217\" title=\"Etape12\" src=\"http:\/\/flieg.fr\/wordpress\/wp-content\/uploads\/2012\/03\/Etape123.jpg\" alt=\"\" width=\"945\" height=\"366\" srcset=\"https:\/\/www.flieg.fr\/wordpress\/wp-content\/uploads\/2012\/03\/Etape123.jpg 945w, https:\/\/www.flieg.fr\/wordpress\/wp-content\/uploads\/2012\/03\/Etape123-300x116.jpg 300w, https:\/\/www.flieg.fr\/wordpress\/wp-content\/uploads\/2012\/03\/Etape123-624x241.jpg 624w\" sizes=\"auto, (max-width: 945px) 100vw, 945px\" \/><\/a><\/p>\n","protected":false},"excerpt":{"rendered":"<p>Objectif : h\u00f4tel-restaurant Foulquier 14 bis avenue Victor Hugo 12300 Decazeville Nous repartons de Conques. Arriv\u00e9s \u00e0 16h00 \u00e0 Decazeville. Tout est ferm\u00e9, car nous sommes lundi de P\u00e2ques. Nous y retrouvons Pierre le Suisse qui loge au m\u00eame h\u00f4tel que nous, qui n&rsquo;ouvre qu&rsquo;\u00e0 18h. En attendant, seul un cybercaf\u00e9 est ouvert. Pierre a [&hellip;]<\/p>\n","protected":false},"author":3,"featured_media":0,"parent":0,"menu_order":0,"comment_status":"open","ping_status":"open","template":"","meta":{"footnotes":""},"class_list":["post-210","page","type-page","status-publish","hentry"],"_links":{"self":[{"href":"https:\/\/www.flieg.fr\/index.php?rest_route=\/wp\/v2\/pages\/210","targetHints":{"allow":["GET"]}}],"collection":[{"href":"https:\/\/www.flieg.fr\/index.php?rest_route=\/wp\/v2\/pages"}],"about":[{"href":"https:\/\/www.flieg.fr\/index.php?rest_route=\/wp\/v2\/types\/page"}],"author":[{"embeddable":true,"href":"https:\/\/www.flieg.fr\/index.php?rest_route=\/wp\/v2\/users\/3"}],"replies":[{"embeddable":true,"href":"https:\/\/www.flieg.fr\/index.php?rest_route=%2Fwp%2Fv2%2Fcomments&post=210"}],"version-history":[{"count":12,"href":"https:\/\/www.flieg.fr\/index.php?rest_route=\/wp\/v2\/pages\/210\/revisions"}],"predecessor-version":[{"id":2396,"href":"https:\/\/www.flieg.fr\/index.php?rest_route=\/wp\/v2\/pages\/210\/revisions\/2396"}],"wp:attachment":[{"href":"https:\/\/www.flieg.fr\/index.php?rest_route=%2Fwp%2Fv2%2Fmedia&parent=210"}],"curies":[{"name":"wp","href":"https:\/\/api.w.org\/{rel}","templated":true}]}}

jour 13 &#8211; étape 12 : de Conques à Decazeville : 20,8 km

<p>Objectif : hôtel-restaurant Foulquier<br />
14 bis avenue Victor Hugo 12300 Decazeville</p>
<p>Nous repartons de Conques.</p>
<p><a href="http://flieg.fr/wordpress/wp-content/uploads/2012/03/P4090405.jpg"><img loading="lazy" decoding="async" class="alignnone size-medium wp-image-387" title="OLYMPUS DIGITAL CAMERA" src="http://flieg.fr/wordpress/wp-content/uploads/2012/03/P4090405-225x300.jpg" alt="" width="225" height="300" srcset="https://www.flieg.fr/wordpress/wp-content/uploads/2012/03/P4090405-225x300.jpg 225w, https://www.flieg.fr/wordpress/wp-content/uploads/2012/03/P4090405-768x1024.jpg 768w, https://www.flieg.fr/wordpress/wp-content/uploads/2012/03/P4090405-624x832.jpg 624w, https://www.flieg.fr/wordpress/wp-content/uploads/2012/03/P4090405.jpg 1536w" sizes="auto, (max-width: 225px) 100vw, 225px" /></a></p>
<div id="attachment_388" style="width: 310px" class="wp-caption alignnone"><a href="http://flieg.fr/wordpress/wp-content/uploads/2012/03/P4090410.jpg"><img loading="lazy" decoding="async" aria-describedby="caption-attachment-388" class="size-medium wp-image-388" title="OLYMPUS DIGITAL CAMERA" src="http://flieg.fr/wordpress/wp-content/uploads/2012/03/P4090410-300x225.jpg" alt="" width="300" height="225" srcset="https://www.flieg.fr/wordpress/wp-content/uploads/2012/03/P4090410-300x225.jpg 300w, https://www.flieg.fr/wordpress/wp-content/uploads/2012/03/P4090410-1024x768.jpg 1024w, https://www.flieg.fr/wordpress/wp-content/uploads/2012/03/P4090410-624x468.jpg 624w, https://www.flieg.fr/wordpress/wp-content/uploads/2012/03/P4090410.jpg 2048w" sizes="auto, (max-width: 300px) 100vw, 300px" /></a><p id="caption-attachment-388" class="wp-caption-text">Conques de loin</p></div>
<p>Arrivés à 16h00 à Decazeville. Tout est fermé, car nous sommes lundi de Pâques. Nous y retrouvons Pierre le Suisse qui loge au même hôtel que nous, qui n&rsquo;ouvre qu&rsquo;à 18h. En attendant, seul un cybercafé est ouvert. Pierre a le mot juste. Au cimetière, il y a sans doute plus d&rsquo;activité qu&rsquo;en ville&#8230;</p>
<div id="attachment_395" style="width: 310px" class="wp-caption alignnone"><a href="http://flieg.fr/wordpress/wp-content/uploads/2012/03/P4090415.jpg"><img loading="lazy" decoding="async" aria-describedby="caption-attachment-395" class="size-medium wp-image-395" title="OLYMPUS DIGITAL CAMERA" src="http://flieg.fr/wordpress/wp-content/uploads/2012/03/P4090415-300x225.jpg" alt="" width="300" height="225" srcset="https://www.flieg.fr/wordpress/wp-content/uploads/2012/03/P4090415-300x225.jpg 300w, https://www.flieg.fr/wordpress/wp-content/uploads/2012/03/P4090415-1024x768.jpg 1024w, https://www.flieg.fr/wordpress/wp-content/uploads/2012/03/P4090415-624x468.jpg 624w, https://www.flieg.fr/wordpress/wp-content/uploads/2012/03/P4090415.jpg 2048w" sizes="auto, (max-width: 300px) 100vw, 300px" /></a><p id="caption-attachment-395" class="wp-caption-text">la ville de Decazeville vue de loin</p></div>
<p>La ville a eu ses heures de gloire au temps des exploitations minières. Il n&rsquo;y a plus d&rsquo;industries et la pauvreté s&rsquo;est durablement installée. L&rsquo;inactivité des jeunes est visible. Partout, les murs deviennent leur exutoire avec des tags qui reflètent leur rage d&rsquo;exister; L&rsquo;hôtel deux étoiles a lui aussi dû avoir ses heures de gloire dans les années 80. A présent la moquette est fanée, voire manquante sur certaines marches d&rsquo;escalier. Seul investissement récent : la télé à écran plat. Le radiateur électrique ne fonctionne plus. Une lampe de chevet non plus. Mais on a pu dormir, c&rsquo;est l&rsquo;essentiel. Le restaurant chinois a côté de l&rsquo;hôtel&nbsp; est ouvert!! Nous prenons une bonne soupe chaude et de bons plats fumants de canard et de crevettes aux champignons. Un délice.</p>
<p>&nbsp;</p>
<p><a href="http://flieg.fr/wordpress/wp-content/uploads/2012/03/Etape123.jpg"><img loading="lazy" decoding="async" class="alignnone size-full wp-image-217" title="Etape12" src="http://flieg.fr/wordpress/wp-content/uploads/2012/03/Etape123.jpg" alt="" width="945" height="366" srcset="https://www.flieg.fr/wordpress/wp-content/uploads/2012/03/Etape123.jpg 945w, https://www.flieg.fr/wordpress/wp-content/uploads/2012/03/Etape123-300x116.jpg 300w, https://www.flieg.fr/wordpress/wp-content/uploads/2012/03/Etape123-624x241.jpg 624w" sizes="auto, (max-width: 945px) 100vw, 945px" /></a></p>

<p>Objectif : hôtel-restaurant Foulquier 14 bis avenue Victor Hugo 12300 Decazeville Nous repartons de Conques. Arrivés à 16h00 à Decazeville. Tout est fermé, car nous sommes lundi de Pâques. Nous y retrouvons Pierre le Suisse qui loge au même hôtel que nous, qui n&rsquo;ouvre qu&rsquo;à 18h. En attendant, seul un cybercafé est ouvert. Pierre a [&hellip;]</p>
