{"id":208,"date":"2012-03-23T22:15:37","date_gmt":"2012-03-23T21:15:37","guid":{"rendered":"http:\/\/flieg.fr\/?page_id=208"},"modified":"2023-03-21T10:32:18","modified_gmt":"2023-03-21T09:32:18","slug":"jour-12-dimanche-de-paques-a-conques","status":"publish","type":"page","link":"https:\/\/www.flieg.fr\/?page_id=208","title":{"rendered":"jour 12 &#8211; Dimanche de P\u00e2ques \u00e0 Conques"},"content":{"rendered":"<p>Voici la cr\u00e9anciale : c&rsquo;est la lettre de cr\u00e9ance d\u00e9livr\u00e9e par l&rsquo;\u00e9v\u00eaque du Puy, qui nous recommande aupr\u00e8s de nos h\u00f4tes tout au long du chemin vers Compostelle. A chaque \u00e9tape importante, nous y faisons apposer un cachet pour attester du chemin parcouru.<\/p>\n<div id=\"attachment_379\" style=\"width: 310px\" class=\"wp-caption alignnone\"><a href=\"http:\/\/flieg.fr\/wordpress\/wp-content\/uploads\/2012\/03\/P4090402.jpg\"><img loading=\"lazy\" decoding=\"async\" aria-describedby=\"caption-attachment-379\" class=\"size-medium wp-image-379\" title=\"OLYMPUS DIGITAL CAMERA\" src=\"http:\/\/flieg.fr\/wordpress\/wp-content\/uploads\/2012\/03\/P4090402-300x225.jpg\" alt=\"\" width=\"300\" height=\"225\" srcset=\"https:\/\/www.flieg.fr\/wordpress\/wp-content\/uploads\/2012\/03\/P4090402-300x225.jpg 300w, https:\/\/www.flieg.fr\/wordpress\/wp-content\/uploads\/2012\/03\/P4090402-1024x768.jpg 1024w, https:\/\/www.flieg.fr\/wordpress\/wp-content\/uploads\/2012\/03\/P4090402-624x468.jpg 624w, https:\/\/www.flieg.fr\/wordpress\/wp-content\/uploads\/2012\/03\/P4090402.jpg 2048w\" sizes=\"auto, (max-width: 300px) 100vw, 300px\" \/><\/a><p id=\"caption-attachment-379\" class=\"wp-caption-text\">la cr\u00e9anciale est ses cachets<\/p><\/div>\n<p>Nous passons une journ\u00e9e ensoleill\u00e9e \u00e0 visiter le magnifique village de Conques.<\/p>\n<div id=\"attachment_382\" style=\"width: 310px\" class=\"wp-caption alignnone\"><a href=\"http:\/\/flieg.fr\/wordpress\/wp-content\/uploads\/2012\/03\/P4080380.jpg\"><img loading=\"lazy\" decoding=\"async\" aria-describedby=\"caption-attachment-382\" class=\"size-medium wp-image-382\" title=\"OLYMPUS DIGITAL CAMERA\" src=\"http:\/\/flieg.fr\/wordpress\/wp-content\/uploads\/2012\/03\/P4080380-300x225.jpg\" alt=\"\" width=\"300\" height=\"225\" srcset=\"https:\/\/www.flieg.fr\/wordpress\/wp-content\/uploads\/2012\/03\/P4080380-300x225.jpg 300w, https:\/\/www.flieg.fr\/wordpress\/wp-content\/uploads\/2012\/03\/P4080380-1024x768.jpg 1024w, https:\/\/www.flieg.fr\/wordpress\/wp-content\/uploads\/2012\/03\/P4080380-624x468.jpg 624w, https:\/\/www.flieg.fr\/wordpress\/wp-content\/uploads\/2012\/03\/P4080380.jpg 2048w\" sizes=\"auto, (max-width: 300px) 100vw, 300px\" \/><\/a><p id=\"caption-attachment-382\" class=\"wp-caption-text\">vue d'ensemble de Conques<\/p><\/div>\n<p>&nbsp;<\/p>\n<div id=\"attachment_383\" style=\"width: 310px\" class=\"wp-caption alignnone\"><a href=\"http:\/\/flieg.fr\/wordpress\/wp-content\/uploads\/2012\/03\/P4070362.jpg\"><img loading=\"lazy\" decoding=\"async\" aria-describedby=\"caption-attachment-383\" class=\"size-medium wp-image-383\" title=\"OLYMPUS DIGITAL CAMERA\" src=\"http:\/\/flieg.fr\/wordpress\/wp-content\/uploads\/2012\/03\/P4070362-300x225.jpg\" alt=\"\" width=\"300\" height=\"225\" srcset=\"https:\/\/www.flieg.fr\/wordpress\/wp-content\/uploads\/2012\/03\/P4070362-300x225.jpg 300w, https:\/\/www.flieg.fr\/wordpress\/wp-content\/uploads\/2012\/03\/P4070362-1024x768.jpg 1024w, https:\/\/www.flieg.fr\/wordpress\/wp-content\/uploads\/2012\/03\/P4070362-624x468.jpg 624w, https:\/\/www.flieg.fr\/wordpress\/wp-content\/uploads\/2012\/03\/P4070362.jpg 2048w\" sizes=\"auto, (max-width: 300px) 100vw, 300px\" \/><\/a><p id=\"caption-attachment-383\" class=\"wp-caption-text\">le tympan de l'abbatiale de Conques<\/p><\/div>\n<div id=\"attachment_384\" style=\"width: 310px\" class=\"wp-caption alignnone\"><a href=\"http:\/\/flieg.fr\/wordpress\/wp-content\/uploads\/2012\/03\/P4080373.jpg\"><img loading=\"lazy\" decoding=\"async\" aria-describedby=\"caption-attachment-384\" class=\"size-medium wp-image-384\" title=\"OLYMPUS DIGITAL CAMERA\" src=\"http:\/\/flieg.fr\/wordpress\/wp-content\/uploads\/2012\/03\/P4080373-300x225.jpg\" alt=\"\" width=\"300\" height=\"225\" srcset=\"https:\/\/www.flieg.fr\/wordpress\/wp-content\/uploads\/2012\/03\/P4080373-300x225.jpg 300w, https:\/\/www.flieg.fr\/wordpress\/wp-content\/uploads\/2012\/03\/P4080373-1024x768.jpg 1024w, https:\/\/www.flieg.fr\/wordpress\/wp-content\/uploads\/2012\/03\/P4080373-624x468.jpg 624w, https:\/\/www.flieg.fr\/wordpress\/wp-content\/uploads\/2012\/03\/P4080373.jpg 2048w\" sizes=\"auto, (max-width: 300px) 100vw, 300px\" \/><\/a><p id=\"caption-attachment-384\" class=\"wp-caption-text\">la cloche en chocolat de Conques (disparue depuis)<\/p><\/div>\n<p>&nbsp;<\/p>\n","protected":false},"excerpt":{"rendered":"<p>Voici la cr\u00e9anciale : c&rsquo;est la lettre de cr\u00e9ance d\u00e9livr\u00e9e par l&rsquo;\u00e9v\u00eaque du Puy, qui nous recommande aupr\u00e8s de nos h\u00f4tes tout au long du chemin vers Compostelle. A chaque \u00e9tape importante, nous y faisons apposer un cachet pour attester du chemin parcouru. Nous passons une journ\u00e9e ensoleill\u00e9e \u00e0 visiter le magnifique village de Conques. [&hellip;]<\/p>\n","protected":false},"author":3,"featured_media":0,"parent":0,"menu_order":0,"comment_status":"open","ping_status":"open","template":"","meta":{"footnotes":""},"class_list":["post-208","page","type-page","status-publish","hentry"],"_links":{"self":[{"href":"https:\/\/www.flieg.fr\/index.php?rest_route=\/wp\/v2\/pages\/208","targetHints":{"allow":["GET"]}}],"collection":[{"href":"https:\/\/www.flieg.fr\/index.php?rest_route=\/wp\/v2\/pages"}],"about":[{"href":"https:\/\/www.flieg.fr\/index.php?rest_route=\/wp\/v2\/types\/page"}],"author":[{"embeddable":true,"href":"https:\/\/www.flieg.fr\/index.php?rest_route=\/wp\/v2\/users\/3"}],"replies":[{"embeddable":true,"href":"https:\/\/www.flieg.fr\/index.php?rest_route=%2Fwp%2Fv2%2Fcomments&post=208"}],"version-history":[{"count":6,"href":"https:\/\/www.flieg.fr\/index.php?rest_route=\/wp\/v2\/pages\/208\/revisions"}],"predecessor-version":[{"id":2395,"href":"https:\/\/www.flieg.fr\/index.php?rest_route=\/wp\/v2\/pages\/208\/revisions\/2395"}],"wp:attachment":[{"href":"https:\/\/www.flieg.fr\/index.php?rest_route=%2Fwp%2Fv2%2Fmedia&parent=208"}],"curies":[{"name":"wp","href":"https:\/\/api.w.org\/{rel}","templated":true}]}}

jour 12 &#8211; Dimanche de Pâques à Conques

<p>Voici la créanciale : c&rsquo;est la lettre de créance délivrée par l&rsquo;évêque du Puy, qui nous recommande auprès de nos hôtes tout au long du chemin vers Compostelle. A chaque étape importante, nous y faisons apposer un cachet pour attester du chemin parcouru.</p>
<div id="attachment_379" style="width: 310px" class="wp-caption alignnone"><a href="http://flieg.fr/wordpress/wp-content/uploads/2012/03/P4090402.jpg"><img loading="lazy" decoding="async" aria-describedby="caption-attachment-379" class="size-medium wp-image-379" title="OLYMPUS DIGITAL CAMERA" src="http://flieg.fr/wordpress/wp-content/uploads/2012/03/P4090402-300x225.jpg" alt="" width="300" height="225" srcset="https://www.flieg.fr/wordpress/wp-content/uploads/2012/03/P4090402-300x225.jpg 300w, https://www.flieg.fr/wordpress/wp-content/uploads/2012/03/P4090402-1024x768.jpg 1024w, https://www.flieg.fr/wordpress/wp-content/uploads/2012/03/P4090402-624x468.jpg 624w, https://www.flieg.fr/wordpress/wp-content/uploads/2012/03/P4090402.jpg 2048w" sizes="auto, (max-width: 300px) 100vw, 300px" /></a><p id="caption-attachment-379" class="wp-caption-text">la créanciale est ses cachets</p></div>
<p>Nous passons une journée ensoleillée à visiter le magnifique village de Conques.</p>
<div id="attachment_382" style="width: 310px" class="wp-caption alignnone"><a href="http://flieg.fr/wordpress/wp-content/uploads/2012/03/P4080380.jpg"><img loading="lazy" decoding="async" aria-describedby="caption-attachment-382" class="size-medium wp-image-382" title="OLYMPUS DIGITAL CAMERA" src="http://flieg.fr/wordpress/wp-content/uploads/2012/03/P4080380-300x225.jpg" alt="" width="300" height="225" srcset="https://www.flieg.fr/wordpress/wp-content/uploads/2012/03/P4080380-300x225.jpg 300w, https://www.flieg.fr/wordpress/wp-content/uploads/2012/03/P4080380-1024x768.jpg 1024w, https://www.flieg.fr/wordpress/wp-content/uploads/2012/03/P4080380-624x468.jpg 624w, https://www.flieg.fr/wordpress/wp-content/uploads/2012/03/P4080380.jpg 2048w" sizes="auto, (max-width: 300px) 100vw, 300px" /></a><p id="caption-attachment-382" class="wp-caption-text">vue d'ensemble de Conques</p></div>
<p>&nbsp;</p>
<div id="attachment_383" style="width: 310px" class="wp-caption alignnone"><a href="http://flieg.fr/wordpress/wp-content/uploads/2012/03/P4070362.jpg"><img loading="lazy" decoding="async" aria-describedby="caption-attachment-383" class="size-medium wp-image-383" title="OLYMPUS DIGITAL CAMERA" src="http://flieg.fr/wordpress/wp-content/uploads/2012/03/P4070362-300x225.jpg" alt="" width="300" height="225" srcset="https://www.flieg.fr/wordpress/wp-content/uploads/2012/03/P4070362-300x225.jpg 300w, https://www.flieg.fr/wordpress/wp-content/uploads/2012/03/P4070362-1024x768.jpg 1024w, https://www.flieg.fr/wordpress/wp-content/uploads/2012/03/P4070362-624x468.jpg 624w, https://www.flieg.fr/wordpress/wp-content/uploads/2012/03/P4070362.jpg 2048w" sizes="auto, (max-width: 300px) 100vw, 300px" /></a><p id="caption-attachment-383" class="wp-caption-text">le tympan de l'abbatiale de Conques</p></div>
<div id="attachment_384" style="width: 310px" class="wp-caption alignnone"><a href="http://flieg.fr/wordpress/wp-content/uploads/2012/03/P4080373.jpg"><img loading="lazy" decoding="async" aria-describedby="caption-attachment-384" class="size-medium wp-image-384" title="OLYMPUS DIGITAL CAMERA" src="http://flieg.fr/wordpress/wp-content/uploads/2012/03/P4080373-300x225.jpg" alt="" width="300" height="225" srcset="https://www.flieg.fr/wordpress/wp-content/uploads/2012/03/P4080373-300x225.jpg 300w, https://www.flieg.fr/wordpress/wp-content/uploads/2012/03/P4080373-1024x768.jpg 1024w, https://www.flieg.fr/wordpress/wp-content/uploads/2012/03/P4080373-624x468.jpg 624w, https://www.flieg.fr/wordpress/wp-content/uploads/2012/03/P4080373.jpg 2048w" sizes="auto, (max-width: 300px) 100vw, 300px" /></a><p id="caption-attachment-384" class="wp-caption-text">la cloche en chocolat de Conques (disparue depuis)</p></div>
<p>&nbsp;</p>

<p>Voici la créanciale : c&rsquo;est la lettre de créance délivrée par l&rsquo;évêque du Puy, qui nous recommande auprès de nos hôtes tout au long du chemin vers Compostelle. A chaque étape importante, nous y faisons apposer un cachet pour attester du chemin parcouru. Nous passons une journée ensoleillée à visiter le magnifique village de Conques. [&hellip;]</p>
