{"id":196,"date":"2012-03-22T18:30:46","date_gmt":"2012-03-22T17:30:46","guid":{"rendered":"http:\/\/flieg.fr\/?page_id=196"},"modified":"2023-03-21T10:20:29","modified_gmt":"2023-03-21T09:20:29","slug":"jour-10-etape-10-destaing-a-espeyrac-229-km","status":"publish","type":"page","link":"https:\/\/www.flieg.fr\/?page_id=196","title":{"rendered":"jour 10 &#8211; \u00e9tape 10 : d&rsquo;Estaing \u00e0 Espeyrac : 22,9 km"},"content":{"rendered":"<p>vendredi 6 avril 2012<br \/>\nObjectif du jour : H\u00f4tel-restaurant de la Vall\u00e9e<br \/>\n12140 Espayrac 05 65 69 87 61<\/p>\n<p>La nuit a pass\u00e9, mais mon enflure est rest\u00e9e. Comme c&rsquo;est vendredi saint, le d\u00e9but du week-end pascal, nous d\u00e9cidons d&rsquo;aller consulter le m\u00e9decin, puis d&rsquo;aller \u00e0 Espeyrac en taxi. Il faudrait pouvoir estimer le temps de gu\u00e9rison n\u00e9cessaire pour organiser la suite du chemin. Nous arrivons au cabinet du m\u00e9decin vers 8h30 et nous sommes les premiers. Il arrive un quart d&rsquo;heure plus tard. Il bougonne qu&rsquo;il a d&rsquo;abord des rendez-vous jusqu&rsquo;\u00e0 10h.&nbsp; Nous attendrons deux heures dans une salle d&rsquo;attente glaciale. Par la porte laiss\u00e9e grande ouverte sur le couloir, nous parviennent les bruits de la rue et le froid.Deux personnes en rendez-vous passent d&rsquo;abord (3\/4h la premi\u00e8re, 1h la deuxi\u00e8me). Nous sommes \u00e0 deux doigts d&rsquo;attraper la male-mort. Nous sommes \u00e0 pr\u00e9sent cinq personnes dans la salle d&rsquo;attente, dont un visiteur m\u00e9dical. Pour tuer le temps, un patient \u00e2g\u00e9 nous raconte comment il failli \u00eatre tu\u00e9, lui, pendant la guerre et aussi il y a quinze jours o\u00f9 il est tomb\u00e9 inconscient dans son garage. Il a des soup\u00e7ons pour les deux affaires! \u00ab\u00a0Il y a des mauvaises gens partout\u00a0\u00bb dit-il. Le visiteur m\u00e9dical a fini par fermer la porte. La chaleur humaine faite lentement remonter la temp\u00e9rature \u00e0 un niveau supportable. Enfin, nous sommes re\u00e7us. Mais nous n&rsquo;apprendrons pas grand chose. Il t\u00e2te ma cheville enfl\u00e9e avec perplexit\u00e9. Il n&rsquo;a jamais vu \u00e7a. Il dit ne pas comprendre. Et nous sugg\u00e8re seulement du repos! Je connais d\u00e9j\u00e0 la r\u00e9ponse, mais je risque quand m\u00eame : \u00a0\u00bb combien de temps de repos? Plut\u00f4t 24h ou plut\u00f4t 8 jours?\u00a0\u00bb \u00ab\u00a0Oh, plut\u00f4t 8 jours\u00a0\u00bb dit-il, songeur&#8230;.<br \/>\nNous appelons donc un taxi pour court-circuiter &nbsp; l&rsquo;\u00e9tape du jour. Une heure plus tard, je suis au lit, au chaud, dans une chambre de l&rsquo;h\u00f4tel \u00e0 Espeyrac. La chambre est triste et nue, comme une chambre d&rsquo;h\u00f4pital, la t\u00e9l\u00e9 en moins.<br \/>\nMichelle va faire le tour du village pour se d\u00e9gourdir les jambes et d\u00e9couvrir les lieux.<\/p>\n<div id=\"attachment_371\" style=\"width: 235px\" class=\"wp-caption alignnone\"><a href=\"http:\/\/flieg.fr\/wordpress\/wp-content\/uploads\/2012\/03\/P4060333.jpg\"><img loading=\"lazy\" decoding=\"async\" aria-describedby=\"caption-attachment-371\" class=\"size-medium wp-image-371\" title=\"OLYMPUS DIGITAL CAMERA\" src=\"http:\/\/flieg.fr\/wordpress\/wp-content\/uploads\/2012\/03\/P4060333-225x300.jpg\" alt=\"\" width=\"225\" height=\"300\" srcset=\"https:\/\/www.flieg.fr\/wordpress\/wp-content\/uploads\/2012\/03\/P4060333-225x300.jpg 225w, https:\/\/www.flieg.fr\/wordpress\/wp-content\/uploads\/2012\/03\/P4060333-768x1024.jpg 768w, https:\/\/www.flieg.fr\/wordpress\/wp-content\/uploads\/2012\/03\/P4060333-624x832.jpg 624w, https:\/\/www.flieg.fr\/wordpress\/wp-content\/uploads\/2012\/03\/P4060333.jpg 1536w\" sizes=\"auto, (max-width: 225px) 100vw, 225px\" \/><\/a><p id=\"caption-attachment-371\" class=\"wp-caption-text\">le village d'Espeyrac<\/p><\/div>\n<p><a href=\"http:\/\/flieg.fr\/wordpress\/wp-content\/uploads\/2012\/03\/Etape10.jpg\"><img loading=\"lazy\" decoding=\"async\" class=\"alignnone size-full wp-image-197\" title=\"Etape10\" src=\"http:\/\/flieg.fr\/wordpress\/wp-content\/uploads\/2012\/03\/Etape10.jpg\" alt=\"\" width=\"941\" height=\"370\" srcset=\"https:\/\/www.flieg.fr\/wordpress\/wp-content\/uploads\/2012\/03\/Etape10.jpg 941w, https:\/\/www.flieg.fr\/wordpress\/wp-content\/uploads\/2012\/03\/Etape10-300x117.jpg 300w, https:\/\/www.flieg.fr\/wordpress\/wp-content\/uploads\/2012\/03\/Etape10-624x245.jpg 624w\" sizes=\"auto, (max-width: 941px) 100vw, 941px\" \/><\/a><\/p>\n","protected":false},"excerpt":{"rendered":"<p>vendredi 6 avril 2012 Objectif du jour : H\u00f4tel-restaurant de la Vall\u00e9e 12140 Espayrac 05 65 69 87 61 La nuit a pass\u00e9, mais mon enflure est rest\u00e9e. Comme c&rsquo;est vendredi saint, le d\u00e9but du week-end pascal, nous d\u00e9cidons d&rsquo;aller consulter le m\u00e9decin, puis d&rsquo;aller \u00e0 Espeyrac en taxi. Il faudrait pouvoir estimer le temps [&hellip;]<\/p>\n","protected":false},"author":3,"featured_media":0,"parent":0,"menu_order":0,"comment_status":"open","ping_status":"open","template":"","meta":{"footnotes":""},"class_list":["post-196","page","type-page","status-publish","hentry"],"_links":{"self":[{"href":"https:\/\/www.flieg.fr\/index.php?rest_route=\/wp\/v2\/pages\/196","targetHints":{"allow":["GET"]}}],"collection":[{"href":"https:\/\/www.flieg.fr\/index.php?rest_route=\/wp\/v2\/pages"}],"about":[{"href":"https:\/\/www.flieg.fr\/index.php?rest_route=\/wp\/v2\/types\/page"}],"author":[{"embeddable":true,"href":"https:\/\/www.flieg.fr\/index.php?rest_route=\/wp\/v2\/users\/3"}],"replies":[{"embeddable":true,"href":"https:\/\/www.flieg.fr\/index.php?rest_route=%2Fwp%2Fv2%2Fcomments&post=196"}],"version-history":[{"count":9,"href":"https:\/\/www.flieg.fr\/index.php?rest_route=\/wp\/v2\/pages\/196\/revisions"}],"predecessor-version":[{"id":2393,"href":"https:\/\/www.flieg.fr\/index.php?rest_route=\/wp\/v2\/pages\/196\/revisions\/2393"}],"wp:attachment":[{"href":"https:\/\/www.flieg.fr\/index.php?rest_route=%2Fwp%2Fv2%2Fmedia&parent=196"}],"curies":[{"name":"wp","href":"https:\/\/api.w.org\/{rel}","templated":true}]}}

jour 10 &#8211; étape 10 : d&rsquo;Estaing à Espeyrac : 22,9 km

<p>vendredi 6 avril 2012<br />
Objectif du jour : Hôtel-restaurant de la Vallée<br />
12140 Espayrac 05 65 69 87 61</p>
<p>La nuit a passé, mais mon enflure est restée. Comme c&rsquo;est vendredi saint, le début du week-end pascal, nous décidons d&rsquo;aller consulter le médecin, puis d&rsquo;aller à Espeyrac en taxi. Il faudrait pouvoir estimer le temps de guérison nécessaire pour organiser la suite du chemin. Nous arrivons au cabinet du médecin vers 8h30 et nous sommes les premiers. Il arrive un quart d&rsquo;heure plus tard. Il bougonne qu&rsquo;il a d&rsquo;abord des rendez-vous jusqu&rsquo;à 10h.&nbsp; Nous attendrons deux heures dans une salle d&rsquo;attente glaciale. Par la porte laissée grande ouverte sur le couloir, nous parviennent les bruits de la rue et le froid.Deux personnes en rendez-vous passent d&rsquo;abord (3/4h la première, 1h la deuxième). Nous sommes à deux doigts d&rsquo;attraper la male-mort. Nous sommes à présent cinq personnes dans la salle d&rsquo;attente, dont un visiteur médical. Pour tuer le temps, un patient âgé nous raconte comment il failli être tué, lui, pendant la guerre et aussi il y a quinze jours où il est tombé inconscient dans son garage. Il a des soupçons pour les deux affaires! « Il y a des mauvaises gens partout » dit-il. Le visiteur médical a fini par fermer la porte. La chaleur humaine faite lentement remonter la température à un niveau supportable. Enfin, nous sommes reçus. Mais nous n&rsquo;apprendrons pas grand chose. Il tâte ma cheville enflée avec perplexité. Il n&rsquo;a jamais vu ça. Il dit ne pas comprendre. Et nous suggère seulement du repos! Je connais déjà la réponse, mais je risque quand même :  » combien de temps de repos? Plutôt 24h ou plutôt 8 jours? » « Oh, plutôt 8 jours » dit-il, songeur&#8230;.<br />
Nous appelons donc un taxi pour court-circuiter &nbsp; l&rsquo;étape du jour. Une heure plus tard, je suis au lit, au chaud, dans une chambre de l&rsquo;hôtel à Espeyrac. La chambre est triste et nue, comme une chambre d&rsquo;hôpital, la télé en moins.<br />
Michelle va faire le tour du village pour se dégourdir les jambes et découvrir les lieux.</p>
<div id="attachment_371" style="width: 235px" class="wp-caption alignnone"><a href="http://flieg.fr/wordpress/wp-content/uploads/2012/03/P4060333.jpg"><img loading="lazy" decoding="async" aria-describedby="caption-attachment-371" class="size-medium wp-image-371" title="OLYMPUS DIGITAL CAMERA" src="http://flieg.fr/wordpress/wp-content/uploads/2012/03/P4060333-225x300.jpg" alt="" width="225" height="300" srcset="https://www.flieg.fr/wordpress/wp-content/uploads/2012/03/P4060333-225x300.jpg 225w, https://www.flieg.fr/wordpress/wp-content/uploads/2012/03/P4060333-768x1024.jpg 768w, https://www.flieg.fr/wordpress/wp-content/uploads/2012/03/P4060333-624x832.jpg 624w, https://www.flieg.fr/wordpress/wp-content/uploads/2012/03/P4060333.jpg 1536w" sizes="auto, (max-width: 225px) 100vw, 225px" /></a><p id="caption-attachment-371" class="wp-caption-text">le village d'Espeyrac</p></div>
<p><a href="http://flieg.fr/wordpress/wp-content/uploads/2012/03/Etape10.jpg"><img loading="lazy" decoding="async" class="alignnone size-full wp-image-197" title="Etape10" src="http://flieg.fr/wordpress/wp-content/uploads/2012/03/Etape10.jpg" alt="" width="941" height="370" srcset="https://www.flieg.fr/wordpress/wp-content/uploads/2012/03/Etape10.jpg 941w, https://www.flieg.fr/wordpress/wp-content/uploads/2012/03/Etape10-300x117.jpg 300w, https://www.flieg.fr/wordpress/wp-content/uploads/2012/03/Etape10-624x245.jpg 624w" sizes="auto, (max-width: 941px) 100vw, 941px" /></a></p>

<p>vendredi 6 avril 2012 Objectif du jour : Hôtel-restaurant de la Vallée 12140 Espayrac 05 65 69 87 61 La nuit a passé, mais mon enflure est restée. Comme c&rsquo;est vendredi saint, le début du week-end pascal, nous décidons d&rsquo;aller consulter le médecin, puis d&rsquo;aller à Espeyrac en taxi. Il faudrait pouvoir estimer le temps [&hellip;]</p>
