{"id":181,"date":"2012-03-22T13:56:56","date_gmt":"2012-03-22T12:56:56","guid":{"rendered":"http:\/\/flieg.fr\/?page_id=181"},"modified":"2023-03-21T11:28:23","modified_gmt":"2023-03-21T10:28:23","slug":"jour-8-etape-8-de-saint-chely-daubrac-a","status":"publish","type":"page","link":"https:\/\/www.flieg.fr\/?page_id=181","title":{"rendered":"jour 8  \u00e9tape 8 : de Saint-Ch\u00e9ly d&rsquo;Aubrac \u00e0 Saint-C\u00f4me d&rsquo;Olt 16,2 km"},"content":{"rendered":"<p><a href=\"http:\/\/flieg.fr\/wordpress\/wp-content\/uploads\/2012\/03\/P4040233.jpg\">mercredi 4 avril 2012<br \/>\nObjectif du jour : Espace rencontre Ang\u00e8le M\u00e9rici<br \/>\nroute d&rsquo;Aubrac 12500 Saint-C\u00f4me d&rsquo;Olt<br \/>\n05 65 51 03 20<br \/>\nR\u00e9servation faite et confirm\u00e9e par mail le 22 mars pour la nuit du 4 avril.<\/a><\/p>\n<p>Nous avons d\u00e9cid\u00e9 de faire cette \u00e9tape enti\u00e8rement par la route pour ne pas solliciter trop la cheville de Michel.<br \/>\nLa pluie est tomb\u00e9e toute la nuit et une bruine persiste encore au petit matin.<br \/>\nNous partons bien couverts.<\/p>\n<div>\n<dl id=\"attachment_319\">\n<dt><a href=\"http:\/\/flieg.fr\/wordpress\/wp-content\/uploads\/2012\/03\/P4040226.jpg\"><img loading=\"lazy\" decoding=\"async\" title=\"OLYMPUS DIGITAL CAMERA\" src=\"http:\/\/flieg.fr\/wordpress\/wp-content\/uploads\/2012\/03\/P4040226-300x225.jpg\" alt=\"\" width=\"300\" height=\"225\" \/><\/a><\/dt>\n<dd>Michelle devant Saint-Ch\u00e8ly<\/dd>\n<\/dl>\n<\/div>\n<p>Nous sommes \u00e0 900m et notre \u00e9tape du jour sera \u00e0 300m d&rsquo;altitude.Trop s\u00fbr de moi, je me trompe de route (un peu) et plusieurs automobilistes pr\u00e9venants s&rsquo;arr\u00eatent pour nous dire que nous nous sommes sans doute sur une fausse route. La v\u00e9g\u00e9tation change peu\u00a0\u00e0 peu et nous voyons surgir le printemps en acc\u00e9l\u00e9r\u00e9 au fil des kilom\u00e8tres et de la descente. L&rsquo;herbe pousse, les arbres bourgeonnent et les feuilles s&rsquo;ouvrent. Les premi\u00e8res fleurs apparaissent.<a href=\"http:\/\/flieg.fr\/wordpress\/wp-content\/uploads\/2012\/03\/P4040227.jpg\"><img loading=\"lazy\" decoding=\"async\" title=\"OLYMPUS DIGITAL CAMERA\" src=\"http:\/\/flieg.fr\/wordpress\/wp-content\/uploads\/2012\/03\/P4040227-300x225.jpg\" alt=\"\" width=\"300\" height=\"225\" \/><\/a><\/p>\n<p><a href=\"http:\/\/flieg.fr\/wordpress\/wp-content\/uploads\/2012\/03\/P4040233.jpg\"><img loading=\"lazy\" decoding=\"async\" class=\"alignnone size-medium wp-image-322\" title=\"OLYMPUS DIGITAL CAMERA\" src=\"http:\/\/flieg.fr\/wordpress\/wp-content\/uploads\/2012\/03\/P4040233-300x225.jpg\" alt=\"\" width=\"300\" height=\"225\" srcset=\"https:\/\/www.flieg.fr\/wordpress\/wp-content\/uploads\/2012\/03\/P4040233-300x225.jpg 300w, https:\/\/www.flieg.fr\/wordpress\/wp-content\/uploads\/2012\/03\/P4040233-1024x768.jpg 1024w, https:\/\/www.flieg.fr\/wordpress\/wp-content\/uploads\/2012\/03\/P4040233-624x468.jpg 624w, https:\/\/www.flieg.fr\/wordpress\/wp-content\/uploads\/2012\/03\/P4040233.jpg 2048w\" sizes=\"auto, (max-width: 300px) 100vw, 300px\" \/><\/a><\/p>\n<p>De plus, le soleil commence \u00e0 percer au fur et \u00e0 mesure que nous approchons de Saint C\u00f4me d&rsquo;Olt.<\/p>\n<div id=\"attachment_323\" style=\"width: 310px\" class=\"wp-caption alignnone\"><a href=\"http:\/\/flieg.fr\/wordpress\/wp-content\/uploads\/2012\/03\/P4040237.jpg\"><img loading=\"lazy\" decoding=\"async\" aria-describedby=\"caption-attachment-323\" class=\"size-medium wp-image-323\" title=\"OLYMPUS DIGITAL CAMERA\" src=\"http:\/\/flieg.fr\/wordpress\/wp-content\/uploads\/2012\/03\/P4040237-300x225.jpg\" alt=\"\" width=\"300\" height=\"225\" srcset=\"https:\/\/www.flieg.fr\/wordpress\/wp-content\/uploads\/2012\/03\/P4040237-300x225.jpg 300w, https:\/\/www.flieg.fr\/wordpress\/wp-content\/uploads\/2012\/03\/P4040237-1024x768.jpg 1024w, https:\/\/www.flieg.fr\/wordpress\/wp-content\/uploads\/2012\/03\/P4040237-624x468.jpg 624w, https:\/\/www.flieg.fr\/wordpress\/wp-content\/uploads\/2012\/03\/P4040237.jpg 2048w\" sizes=\"auto, (max-width: 300px) 100vw, 300px\" \/><\/a><p id=\"caption-attachment-323\" class=\"wp-caption-text\">Saint-C\u00f4me d&rsquo;Olt<\/p><\/div>\n<p>Quant \u00e0 mon tendon, il\u00a0se fait presque oublier. Et \u00e0 l&rsquo;arriv\u00e9e au couvent de Malet, notre belle \u00e9tape du soir, nous constatons que l&rsquo;asphalte qui m&rsquo;a fait du bien a provoqu\u00e9 deux d\u00e9buts d&rsquo;ampoule chez Michelle. D\u00e9cid\u00e9ment, rien n&rsquo;est parfait.<\/p>\n<div id=\"attachment_325\" style=\"width: 310px\" class=\"wp-caption alignnone\"><a href=\"http:\/\/flieg.fr\/wordpress\/wp-content\/uploads\/2012\/03\/P4040236.jpg\"><img loading=\"lazy\" decoding=\"async\" aria-describedby=\"caption-attachment-325\" class=\"size-medium wp-image-325\" title=\"OLYMPUS DIGITAL CAMERA\" src=\"http:\/\/flieg.fr\/wordpress\/wp-content\/uploads\/2012\/03\/P4040236-300x225.jpg\" alt=\"\" width=\"300\" height=\"225\" srcset=\"https:\/\/www.flieg.fr\/wordpress\/wp-content\/uploads\/2012\/03\/P4040236-300x225.jpg 300w, https:\/\/www.flieg.fr\/wordpress\/wp-content\/uploads\/2012\/03\/P4040236-1024x768.jpg 1024w, https:\/\/www.flieg.fr\/wordpress\/wp-content\/uploads\/2012\/03\/P4040236-624x468.jpg 624w, https:\/\/www.flieg.fr\/wordpress\/wp-content\/uploads\/2012\/03\/P4040236.jpg 2048w\" sizes=\"auto, (max-width: 300px) 100vw, 300px\" \/><\/a><p id=\"caption-attachment-325\" class=\"wp-caption-text\">le couvent de Malet \u00e0 Saint-C\u00f4me d&rsquo;Olt<\/p><\/div>\n<p>Il est 14h30 quand nous arrivons et nous affichons 150 km au compteur.<\/p>\n<p>Surprise : les soeurs Ursulines sont au top pour internet. On arrive enfin \u00e0 \u00e9crire un peu.<\/p>\n<p><a href=\"http:\/\/flieg.fr\/wordpress\/wp-content\/uploads\/2012\/03\/Etape8.jpg\"><img loading=\"lazy\" decoding=\"async\" class=\"alignnone size-full wp-image-186\" title=\"Etape8\" src=\"http:\/\/flieg.fr\/wordpress\/wp-content\/uploads\/2012\/03\/Etape8.jpg\" alt=\"\" width=\"935\" height=\"369\" srcset=\"https:\/\/www.flieg.fr\/wordpress\/wp-content\/uploads\/2012\/03\/Etape8.jpg 935w, https:\/\/www.flieg.fr\/wordpress\/wp-content\/uploads\/2012\/03\/Etape8-300x118.jpg 300w, https:\/\/www.flieg.fr\/wordpress\/wp-content\/uploads\/2012\/03\/Etape8-624x246.jpg 624w\" sizes=\"auto, (max-width: 935px) 100vw, 935px\" \/><\/a><\/p>\n","protected":false},"excerpt":{"rendered":"<p>mercredi 4 avril 2012 Objectif du jour : Espace rencontre Ang\u00e8le M\u00e9rici route d&rsquo;Aubrac 12500 Saint-C\u00f4me d&rsquo;Olt 05 65 51 03 20 R\u00e9servation faite et confirm\u00e9e par mail le 22 mars pour la nuit du 4 avril. Nous avons d\u00e9cid\u00e9 de faire cette \u00e9tape enti\u00e8rement par la route pour ne pas solliciter trop la cheville [&hellip;]<\/p>\n","protected":false},"author":3,"featured_media":0,"parent":0,"menu_order":0,"comment_status":"open","ping_status":"open","template":"","meta":{"footnotes":""},"class_list":["post-181","page","type-page","status-publish","hentry"],"_links":{"self":[{"href":"https:\/\/www.flieg.fr\/index.php?rest_route=\/wp\/v2\/pages\/181","targetHints":{"allow":["GET"]}}],"collection":[{"href":"https:\/\/www.flieg.fr\/index.php?rest_route=\/wp\/v2\/pages"}],"about":[{"href":"https:\/\/www.flieg.fr\/index.php?rest_route=\/wp\/v2\/types\/page"}],"author":[{"embeddable":true,"href":"https:\/\/www.flieg.fr\/index.php?rest_route=\/wp\/v2\/users\/3"}],"replies":[{"embeddable":true,"href":"https:\/\/www.flieg.fr\/index.php?rest_route=%2Fwp%2Fv2%2Fcomments&post=181"}],"version-history":[{"count":9,"href":"https:\/\/www.flieg.fr\/index.php?rest_route=\/wp\/v2\/pages\/181\/revisions"}],"predecessor-version":[{"id":2472,"href":"https:\/\/www.flieg.fr\/index.php?rest_route=\/wp\/v2\/pages\/181\/revisions\/2472"}],"wp:attachment":[{"href":"https:\/\/www.flieg.fr\/index.php?rest_route=%2Fwp%2Fv2%2Fmedia&parent=181"}],"curies":[{"name":"wp","href":"https:\/\/api.w.org\/{rel}","templated":true}]}}

jour 8  étape 8 : de Saint-Chély d&rsquo;Aubrac à Saint-Côme d&rsquo;Olt 16,2 km

<p><a href="http://flieg.fr/wordpress/wp-content/uploads/2012/03/P4040233.jpg">mercredi 4 avril 2012<br />
Objectif du jour : Espace rencontre Angèle Mérici<br />
route d&rsquo;Aubrac 12500 Saint-Côme d&rsquo;Olt<br />
05 65 51 03 20<br />
Réservation faite et confirmée par mail le 22 mars pour la nuit du 4 avril.</a></p>
<p>Nous avons décidé de faire cette étape entièrement par la route pour ne pas solliciter trop la cheville de Michel.<br />
La pluie est tombée toute la nuit et une bruine persiste encore au petit matin.<br />
Nous partons bien couverts.</p>
<div>
<dl id="attachment_319">
<dt><a href="http://flieg.fr/wordpress/wp-content/uploads/2012/03/P4040226.jpg"><img loading="lazy" decoding="async" title="OLYMPUS DIGITAL CAMERA" src="http://flieg.fr/wordpress/wp-content/uploads/2012/03/P4040226-300x225.jpg" alt="" width="300" height="225" /></a></dt>
<dd>Michelle devant Saint-Chèly</dd>
</dl>
</div>
<p>Nous sommes à 900m et notre étape du jour sera à 300m d&rsquo;altitude.Trop sûr de moi, je me trompe de route (un peu) et plusieurs automobilistes prévenants s&rsquo;arrêtent pour nous dire que nous nous sommes sans doute sur une fausse route. La végétation change peu à peu et nous voyons surgir le printemps en accéléré au fil des kilomètres et de la descente. L&rsquo;herbe pousse, les arbres bourgeonnent et les feuilles s&rsquo;ouvrent. Les premières fleurs apparaissent.<a href="http://flieg.fr/wordpress/wp-content/uploads/2012/03/P4040227.jpg"><img loading="lazy" decoding="async" title="OLYMPUS DIGITAL CAMERA" src="http://flieg.fr/wordpress/wp-content/uploads/2012/03/P4040227-300x225.jpg" alt="" width="300" height="225" /></a></p>
<p><a href="http://flieg.fr/wordpress/wp-content/uploads/2012/03/P4040233.jpg"><img loading="lazy" decoding="async" class="alignnone size-medium wp-image-322" title="OLYMPUS DIGITAL CAMERA" src="http://flieg.fr/wordpress/wp-content/uploads/2012/03/P4040233-300x225.jpg" alt="" width="300" height="225" srcset="https://www.flieg.fr/wordpress/wp-content/uploads/2012/03/P4040233-300x225.jpg 300w, https://www.flieg.fr/wordpress/wp-content/uploads/2012/03/P4040233-1024x768.jpg 1024w, https://www.flieg.fr/wordpress/wp-content/uploads/2012/03/P4040233-624x468.jpg 624w, https://www.flieg.fr/wordpress/wp-content/uploads/2012/03/P4040233.jpg 2048w" sizes="auto, (max-width: 300px) 100vw, 300px" /></a></p>
<p>De plus, le soleil commence à percer au fur et à mesure que nous approchons de Saint Côme d&rsquo;Olt.</p>
<div id="attachment_323" style="width: 310px" class="wp-caption alignnone"><a href="http://flieg.fr/wordpress/wp-content/uploads/2012/03/P4040237.jpg"><img loading="lazy" decoding="async" aria-describedby="caption-attachment-323" class="size-medium wp-image-323" title="OLYMPUS DIGITAL CAMERA" src="http://flieg.fr/wordpress/wp-content/uploads/2012/03/P4040237-300x225.jpg" alt="" width="300" height="225" srcset="https://www.flieg.fr/wordpress/wp-content/uploads/2012/03/P4040237-300x225.jpg 300w, https://www.flieg.fr/wordpress/wp-content/uploads/2012/03/P4040237-1024x768.jpg 1024w, https://www.flieg.fr/wordpress/wp-content/uploads/2012/03/P4040237-624x468.jpg 624w, https://www.flieg.fr/wordpress/wp-content/uploads/2012/03/P4040237.jpg 2048w" sizes="auto, (max-width: 300px) 100vw, 300px" /></a><p id="caption-attachment-323" class="wp-caption-text">Saint-Côme d&rsquo;Olt</p></div>
<p>Quant à mon tendon, il se fait presque oublier. Et à l&rsquo;arrivée au couvent de Malet, notre belle étape du soir, nous constatons que l&rsquo;asphalte qui m&rsquo;a fait du bien a provoqué deux débuts d&rsquo;ampoule chez Michelle. Décidément, rien n&rsquo;est parfait.</p>
<div id="attachment_325" style="width: 310px" class="wp-caption alignnone"><a href="http://flieg.fr/wordpress/wp-content/uploads/2012/03/P4040236.jpg"><img loading="lazy" decoding="async" aria-describedby="caption-attachment-325" class="size-medium wp-image-325" title="OLYMPUS DIGITAL CAMERA" src="http://flieg.fr/wordpress/wp-content/uploads/2012/03/P4040236-300x225.jpg" alt="" width="300" height="225" srcset="https://www.flieg.fr/wordpress/wp-content/uploads/2012/03/P4040236-300x225.jpg 300w, https://www.flieg.fr/wordpress/wp-content/uploads/2012/03/P4040236-1024x768.jpg 1024w, https://www.flieg.fr/wordpress/wp-content/uploads/2012/03/P4040236-624x468.jpg 624w, https://www.flieg.fr/wordpress/wp-content/uploads/2012/03/P4040236.jpg 2048w" sizes="auto, (max-width: 300px) 100vw, 300px" /></a><p id="caption-attachment-325" class="wp-caption-text">le couvent de Malet à Saint-Côme d&rsquo;Olt</p></div>
<p>Il est 14h30 quand nous arrivons et nous affichons 150 km au compteur.</p>
<p>Surprise : les soeurs Ursulines sont au top pour internet. On arrive enfin à écrire un peu.</p>
<p><a href="http://flieg.fr/wordpress/wp-content/uploads/2012/03/Etape8.jpg"><img loading="lazy" decoding="async" class="alignnone size-full wp-image-186" title="Etape8" src="http://flieg.fr/wordpress/wp-content/uploads/2012/03/Etape8.jpg" alt="" width="935" height="369" srcset="https://www.flieg.fr/wordpress/wp-content/uploads/2012/03/Etape8.jpg 935w, https://www.flieg.fr/wordpress/wp-content/uploads/2012/03/Etape8-300x118.jpg 300w, https://www.flieg.fr/wordpress/wp-content/uploads/2012/03/Etape8-624x246.jpg 624w" sizes="auto, (max-width: 935px) 100vw, 935px" /></a></p>

<p>mercredi 4 avril 2012 Objectif du jour : Espace rencontre Angèle Mérici route d&rsquo;Aubrac 12500 Saint-Côme d&rsquo;Olt 05 65 51 03 20 Réservation faite et confirmée par mail le 22 mars pour la nuit du 4 avril. Nous avons décidé de faire cette étape entièrement par la route pour ne pas solliciter trop la cheville [&hellip;]</p>
