{"id":1789,"date":"2018-12-04T14:42:11","date_gmt":"2018-12-04T13:42:11","guid":{"rendered":"http:\/\/flieg.fr\/?page_id=1789"},"modified":"2024-10-26T16:59:38","modified_gmt":"2024-10-26T15:59:38","slug":"le-chemin-de-saint-jacques","status":"publish","type":"page","link":"https:\/\/www.flieg.fr\/?page_id=1789","title":{"rendered":"Le chemin de Saint-Jacques"},"content":{"rendered":"<p><a href=\"https:\/\/flieg.fr\/wordpress\/wp-content\/uploads\/2017\/06\/20170606_142143-e1496989598246.jpg\"><img loading=\"lazy\" decoding=\"async\" class=\"alignleft size-medium wp-image-1755\" src=\"https:\/\/flieg.fr\/wordpress\/wp-content\/uploads\/2017\/06\/20170606_142143-300x169.jpg\" alt=\"\" width=\"300\" height=\"169\" \/><\/a>Le chemin de Saint-Jacques est diff\u00e9rent pour chacun.<br \/>\nLe point de d\u00e9part : la porte de chez soi qu&rsquo;on ouvre sur une aventure et qu&rsquo;on referme derri\u00e8re soi pour un long moment.<br \/>\nLe point d&rsquo;arriv\u00e9e : le tombeau de saint Jacques \u00e0 Santiago.<\/p>\n<p>Pour notre part,<br \/>\nEn 2012 nous avons fait le chemin du Puy en Velay \u00e0 Santiago\u00a0 (1522 km en 77 jours).<br \/>\nEn 2017, nous avons fait le chemin de Wissembourg \u00e0 Cernay (220 km en 11 jours).<br \/>\nEn 2023, nous avons fait le chemin de Cernay \u00e0 Belfort (48 km en 2 jours)<br \/>\nEn 2024, nous avons fait le chemin de Belfort \u00e0 Cluny (348 km en 19 jours)<br \/>\nEn 2025, nous formons le projet de faire le chemin de Cluny au Puy en Velay (326 km en 17 \u00e9tapes voire plus.<br \/>\nNous avons d\u00e9taill\u00e9, \u00e9tape par \u00e9tape les quatre premiers chemins.<br \/>\nNous partagerons bien volontiers notre exp\u00e9rience avec ceux qui s&rsquo;int\u00e9ressent \u00e0 ce chemin mythique.<\/p>\n","protected":false},"excerpt":{"rendered":"<p>Le chemin de Saint-Jacques est diff\u00e9rent pour chacun. Le point de d\u00e9part : la porte de chez soi qu&rsquo;on ouvre sur une aventure et qu&rsquo;on referme derri\u00e8re soi pour un long moment. Le point d&rsquo;arriv\u00e9e : le tombeau de saint Jacques \u00e0 Santiago. Pour notre part, En 2012 nous avons fait le chemin du Puy [&hellip;]<\/p>\n","protected":false},"author":3,"featured_media":0,"parent":0,"menu_order":0,"comment_status":"closed","ping_status":"closed","template":"","meta":{"footnotes":""},"class_list":["post-1789","page","type-page","status-publish","hentry"],"_links":{"self":[{"href":"https:\/\/www.flieg.fr\/index.php?rest_route=\/wp\/v2\/pages\/1789","targetHints":{"allow":["GET"]}}],"collection":[{"href":"https:\/\/www.flieg.fr\/index.php?rest_route=\/wp\/v2\/pages"}],"about":[{"href":"https:\/\/www.flieg.fr\/index.php?rest_route=\/wp\/v2\/types\/page"}],"author":[{"embeddable":true,"href":"https:\/\/www.flieg.fr\/index.php?rest_route=\/wp\/v2\/users\/3"}],"replies":[{"embeddable":true,"href":"https:\/\/www.flieg.fr\/index.php?rest_route=%2Fwp%2Fv2%2Fcomments&post=1789"}],"version-history":[{"count":9,"href":"https:\/\/www.flieg.fr\/index.php?rest_route=\/wp\/v2\/pages\/1789\/revisions"}],"predecessor-version":[{"id":3419,"href":"https:\/\/www.flieg.fr\/index.php?rest_route=\/wp\/v2\/pages\/1789\/revisions\/3419"}],"wp:attachment":[{"href":"https:\/\/www.flieg.fr\/index.php?rest_route=%2Fwp%2Fv2%2Fmedia&parent=1789"}],"curies":[{"name":"wp","href":"https:\/\/api.w.org\/{rel}","templated":true}]}}

<p><a href="https://flieg.fr/wordpress/wp-content/uploads/2017/06/20170606_142143-e1496989598246.jpg"><img loading="lazy" decoding="async" class="alignleft size-medium wp-image-1755" src="https://flieg.fr/wordpress/wp-content/uploads/2017/06/20170606_142143-300x169.jpg" alt="" width="300" height="169" /></a>Le chemin de Saint-Jacques est différent pour chacun.<br />
Le point de départ : la porte de chez soi qu&rsquo;on ouvre sur une aventure et qu&rsquo;on referme derrière soi pour un long moment.<br />
Le point d&rsquo;arrivée : le tombeau de saint Jacques à Santiago.</p>
<p>Pour notre part,<br />
En 2012 nous avons fait le chemin du Puy en Velay à Santiago  (1522 km en 77 jours).<br />
En 2017, nous avons fait le chemin de Wissembourg à Cernay (220 km en 11 jours).<br />
En 2023, nous avons fait le chemin de Cernay à Belfort (48 km en 2 jours)<br />
En 2024, nous avons fait le chemin de Belfort à Cluny (348 km en 19 jours)<br />
En 2025, nous formons le projet de faire le chemin de Cluny au Puy en Velay (326 km en 17 étapes voire plus.<br />
Nous avons détaillé, étape par étape les quatre premiers chemins.<br />
Nous partagerons bien volontiers notre expérience avec ceux qui s&rsquo;intéressent à ce chemin mythique.</p>

<p>Le chemin de Saint-Jacques est différent pour chacun. Le point de départ : la porte de chez soi qu&rsquo;on ouvre sur une aventure et qu&rsquo;on referme derrière soi pour un long moment. Le point d&rsquo;arrivée : le tombeau de saint Jacques à Santiago. Pour notre part, En 2012 nous avons fait le chemin du Puy [&hellip;]</p>
