{"id":1761,"date":"2017-06-09T16:22:43","date_gmt":"2017-06-09T15:22:43","guid":{"rendered":"http:\/\/flieg.fr\/?page_id=1761"},"modified":"2023-03-21T09:59:42","modified_gmt":"2023-03-21T08:59:42","slug":"etape-12-chemin-de-saint-jacques-en-alsace-de-guebwiller-a-cernay-18-km","status":"publish","type":"page","link":"https:\/\/www.flieg.fr\/?page_id=1761","title":{"rendered":"Etape 12 : chemin de Saint-Jacques en Alsace : de Guebwiller \u00e0 Cernay : 18 km"},"content":{"rendered":"<p>Derni\u00e8re \u00e9tape sous un ciel gris. Nous passons voir Evelyne dans son magasin puis nous abordons la mont\u00e9e vers Thierenbach.<\/p>\n<p>Nous arrivons \u00e0 la basilique en m\u00eame temps que la pluie et juste apr\u00e8s le douzi\u00e8me coup de midi. Ce qui fait que le cur\u00e9 nous ferme la porte sous le nez pour cause de plan vigipirate. Revenez \u00e0 13h30 nous dit il. Puis, sans doute pris de remord, il rouvre et nous dit 3mn pas plus. Enfin il comprend que nous ne voulons qu&rsquo;un coup de tampon. Il s&#8217;empresse de nous le donner.<\/p>\n<p>Puis on passe par Wattwiller, Uffholtz et enfin chez nous \u00e0 15h30.<\/p>\n<p>&nbsp;<\/p>\n<p>&nbsp;<\/p>\n","protected":false},"excerpt":{"rendered":"<p>Derni\u00e8re \u00e9tape sous un ciel gris. Nous passons voir Evelyne dans son magasin puis nous abordons la mont\u00e9e vers Thierenbach. Nous arrivons \u00e0 la basilique en m\u00eame temps que la pluie et juste apr\u00e8s le douzi\u00e8me coup de midi. Ce qui fait que le cur\u00e9 nous ferme la porte sous le nez pour cause de [&hellip;]<\/p>\n","protected":false},"author":3,"featured_media":0,"parent":0,"menu_order":0,"comment_status":"closed","ping_status":"closed","template":"page-templates\/full-width.php","meta":{"footnotes":""},"class_list":["post-1761","page","type-page","status-publish","hentry"],"_links":{"self":[{"href":"https:\/\/www.flieg.fr\/index.php?rest_route=\/wp\/v2\/pages\/1761","targetHints":{"allow":["GET"]}}],"collection":[{"href":"https:\/\/www.flieg.fr\/index.php?rest_route=\/wp\/v2\/pages"}],"about":[{"href":"https:\/\/www.flieg.fr\/index.php?rest_route=\/wp\/v2\/types\/page"}],"author":[{"embeddable":true,"href":"https:\/\/www.flieg.fr\/index.php?rest_route=\/wp\/v2\/users\/3"}],"replies":[{"embeddable":true,"href":"https:\/\/www.flieg.fr\/index.php?rest_route=%2Fwp%2Fv2%2Fcomments&post=1761"}],"version-history":[{"count":1,"href":"https:\/\/www.flieg.fr\/index.php?rest_route=\/wp\/v2\/pages\/1761\/revisions"}],"predecessor-version":[{"id":1762,"href":"https:\/\/www.flieg.fr\/index.php?rest_route=\/wp\/v2\/pages\/1761\/revisions\/1762"}],"wp:attachment":[{"href":"https:\/\/www.flieg.fr\/index.php?rest_route=%2Fwp%2Fv2%2Fmedia&parent=1761"}],"curies":[{"name":"wp","href":"https:\/\/api.w.org\/{rel}","templated":true}]}}

Etape 12 : chemin de Saint-Jacques en Alsace : de Guebwiller à Cernay : 18 km

<p>Dernière étape sous un ciel gris. Nous passons voir Evelyne dans son magasin puis nous abordons la montée vers Thierenbach.</p>
<p>Nous arrivons à la basilique en même temps que la pluie et juste après le douzième coup de midi. Ce qui fait que le curé nous ferme la porte sous le nez pour cause de plan vigipirate. Revenez à 13h30 nous dit il. Puis, sans doute pris de remord, il rouvre et nous dit 3mn pas plus. Enfin il comprend que nous ne voulons qu&rsquo;un coup de tampon. Il s&#8217;empresse de nous le donner.</p>
<p>Puis on passe par Wattwiller, Uffholtz et enfin chez nous à 15h30.</p>
<p>&nbsp;</p>
<p>&nbsp;</p>

<p>Dernière étape sous un ciel gris. Nous passons voir Evelyne dans son magasin puis nous abordons la montée vers Thierenbach. Nous arrivons à la basilique en même temps que la pluie et juste après le douzième coup de midi. Ce qui fait que le curé nous ferme la porte sous le nez pour cause de [&hellip;]</p>
