{"id":1740,"date":"2017-06-08T19:56:03","date_gmt":"2017-06-08T18:56:03","guid":{"rendered":"http:\/\/flieg.fr\/?page_id=1740"},"modified":"2023-03-21T09:58:45","modified_gmt":"2023-03-21T08:58:45","slug":"etape-11-chemin-de-saint-jacques-en-alsace-de-gueberschwihr-a-guebwiller-17-km","status":"publish","type":"page","link":"https:\/\/www.flieg.fr\/?page_id=1740","title":{"rendered":"Etape 11 : chemin de Saint-Jacques en Alsace : de Gueberschwihr \u00e0 Guebwiller : 17 km"},"content":{"rendered":"<p>Petit d\u00e9jeuner frugal, ce matin au couvent St Marc. Et en silence s&rsquo;il vous pla\u00eet!<\/p>\n<p>On est tout de suite repris par la for\u00eat et \u00e7a grimpe. A un rare moment, on a une vue plongeante sur Gueberschwihr.<\/p>\n<p><a href=\"http:\/\/flieg.fr\/wordpress\/wp-content\/uploads\/2017\/06\/20170608_093155-e1496948771337.jpg\"><img loading=\"lazy\" decoding=\"async\" class=\"alignleft size-medium wp-image-1744\" src=\"http:\/\/flieg.fr\/wordpress\/wp-content\/uploads\/2017\/06\/20170608_093155-300x169.jpg\" alt=\"\" width=\"300\" height=\"169\"><\/a><\/p>\n<p>Orchid\u00e9e du matin :<a href=\"http:\/\/flieg.fr\/wordpress\/wp-content\/uploads\/2017\/06\/20170608_091311-e1496950258710.jpg\"><img loading=\"lazy\" decoding=\"async\" class=\"alignleft size-medium wp-image-1751\" src=\"http:\/\/flieg.fr\/wordpress\/wp-content\/uploads\/2017\/06\/20170608_091311-e1496950239901-169x300.jpg\" alt=\"\" width=\"169\" height=\"300\"><\/a><\/p>\n<p>Nous arrivons assez vite \u00e0 Notre Dame du Schauenberg.<\/p>\n<p><a href=\"http:\/\/flieg.fr\/wordpress\/wp-content\/uploads\/2017\/06\/20170608_103701-e1496949086826.jpg\"><img loading=\"lazy\" decoding=\"async\" class=\"alignleft size-medium wp-image-1745\" src=\"http:\/\/flieg.fr\/wordpress\/wp-content\/uploads\/2017\/06\/20170608_103701-e1496949066507-169x300.jpg\" alt=\"\" width=\"169\" height=\"300\"><\/a>Dans la chapelle, Michel d\u00e9balle ses partitions et son diapason pour chanter toutes les pi\u00e9ces du prochain concert de samedi. Il faut bien s&rsquo;entra\u00eener.<\/p>\n<p>En for\u00eat, nous avons de beaux sentiers<\/p>\n<p><a href=\"http:\/\/flieg.fr\/wordpress\/wp-content\/uploads\/2017\/06\/20170608_114149-e1496950033896.jpg\"><img loading=\"lazy\" decoding=\"async\" class=\"alignleft size-medium wp-image-1750\" src=\"http:\/\/flieg.fr\/wordpress\/wp-content\/uploads\/2017\/06\/20170608_114149-300x169.jpg\" alt=\"\" width=\"300\" height=\"169\"><\/a><\/p>\n<p>Arriv\u00e9s sur les hauteurs&nbsp;du Zinnkoepfl\u00e9 qui domine Soultzmatt, nous sortons de la for\u00eat et nous entrons au paradis des fleurs :<\/p>\n<p><a href=\"http:\/\/flieg.fr\/wordpress\/wp-content\/uploads\/2017\/06\/20170608_093545-e1496949542526.jpg\"><img loading=\"lazy\" decoding=\"async\" class=\"alignleft size-medium wp-image-1746\" src=\"http:\/\/flieg.fr\/wordpress\/wp-content\/uploads\/2017\/06\/20170608_093545-e1496949518461-169x300.jpg\" alt=\"\" width=\"169\" height=\"300\"><\/a><\/p>\n<p><a href=\"http:\/\/flieg.fr\/wordpress\/wp-content\/uploads\/2017\/06\/20170608_115500-e1496949644972.jpg\"><br \/>\n<img loading=\"lazy\" decoding=\"async\" class=\"alignleft size-medium wp-image-1748\" src=\"http:\/\/flieg.fr\/wordpress\/wp-content\/uploads\/2017\/06\/20170608_115500-300x169.jpg\" alt=\"\" width=\"300\" height=\"169\"><\/a><a href=\"http:\/\/flieg.fr\/wordpress\/wp-content\/uploads\/2017\/06\/20170608_115427-e1496949804771.jpg\"><img loading=\"lazy\" decoding=\"async\" class=\"alignleft size-medium wp-image-1749\" src=\"http:\/\/flieg.fr\/wordpress\/wp-content\/uploads\/2017\/06\/20170608_115427-e1496949780226-169x300.jpg\" alt=\"\" width=\"169\" height=\"300\"><\/a>Nous voila arriv\u00e9s au g\u00eete de M et Mme Koch. Nous sommes accueillis avec une boisson rafraichissante. Demain vendredi derni\u00e8re \u00e9tape jusqu&rsquo;\u00e0 Cernay.<\/p>\n","protected":false},"excerpt":{"rendered":"<p>Petit d\u00e9jeuner frugal, ce matin au couvent St Marc. Et en silence s&rsquo;il vous pla\u00eet! On est tout de suite repris par la for\u00eat et \u00e7a grimpe. A un rare moment, on a une vue plongeante sur Gueberschwihr. Orchid\u00e9e du matin : Nous arrivons assez vite \u00e0 Notre Dame du Schauenberg. Dans la chapelle, Michel [&hellip;]<\/p>\n","protected":false},"author":3,"featured_media":0,"parent":0,"menu_order":0,"comment_status":"closed","ping_status":"closed","template":"page-templates\/full-width.php","meta":{"footnotes":""},"class_list":["post-1740","page","type-page","status-publish","hentry"],"_links":{"self":[{"href":"https:\/\/www.flieg.fr\/index.php?rest_route=\/wp\/v2\/pages\/1740","targetHints":{"allow":["GET"]}}],"collection":[{"href":"https:\/\/www.flieg.fr\/index.php?rest_route=\/wp\/v2\/pages"}],"about":[{"href":"https:\/\/www.flieg.fr\/index.php?rest_route=\/wp\/v2\/types\/page"}],"author":[{"embeddable":true,"href":"https:\/\/www.flieg.fr\/index.php?rest_route=\/wp\/v2\/users\/3"}],"replies":[{"embeddable":true,"href":"https:\/\/www.flieg.fr\/index.php?rest_route=%2Fwp%2Fv2%2Fcomments&post=1740"}],"version-history":[{"count":5,"href":"https:\/\/www.flieg.fr\/index.php?rest_route=\/wp\/v2\/pages\/1740\/revisions"}],"predecessor-version":[{"id":2384,"href":"https:\/\/www.flieg.fr\/index.php?rest_route=\/wp\/v2\/pages\/1740\/revisions\/2384"}],"wp:attachment":[{"href":"https:\/\/www.flieg.fr\/index.php?rest_route=%2Fwp%2Fv2%2Fmedia&parent=1740"}],"curies":[{"name":"wp","href":"https:\/\/api.w.org\/{rel}","templated":true}]}}

Etape 11 : chemin de Saint-Jacques en Alsace : de Gueberschwihr à Guebwiller : 17 km

<p>Petit déjeuner frugal, ce matin au couvent St Marc. Et en silence s&rsquo;il vous plaît!</p>
<p>On est tout de suite repris par la forêt et ça grimpe. A un rare moment, on a une vue plongeante sur Gueberschwihr.</p>
<p><a href="http://flieg.fr/wordpress/wp-content/uploads/2017/06/20170608_093155-e1496948771337.jpg"><img loading="lazy" decoding="async" class="alignleft size-medium wp-image-1744" src="http://flieg.fr/wordpress/wp-content/uploads/2017/06/20170608_093155-300x169.jpg" alt="" width="300" height="169"></a></p>
<p>Orchidée du matin :<a href="http://flieg.fr/wordpress/wp-content/uploads/2017/06/20170608_091311-e1496950258710.jpg"><img loading="lazy" decoding="async" class="alignleft size-medium wp-image-1751" src="http://flieg.fr/wordpress/wp-content/uploads/2017/06/20170608_091311-e1496950239901-169x300.jpg" alt="" width="169" height="300"></a></p>
<p>Nous arrivons assez vite à Notre Dame du Schauenberg.</p>
<p><a href="http://flieg.fr/wordpress/wp-content/uploads/2017/06/20170608_103701-e1496949086826.jpg"><img loading="lazy" decoding="async" class="alignleft size-medium wp-image-1745" src="http://flieg.fr/wordpress/wp-content/uploads/2017/06/20170608_103701-e1496949066507-169x300.jpg" alt="" width="169" height="300"></a>Dans la chapelle, Michel déballe ses partitions et son diapason pour chanter toutes les piéces du prochain concert de samedi. Il faut bien s&rsquo;entraîner.</p>
<p>En forêt, nous avons de beaux sentiers</p>
<p><a href="http://flieg.fr/wordpress/wp-content/uploads/2017/06/20170608_114149-e1496950033896.jpg"><img loading="lazy" decoding="async" class="alignleft size-medium wp-image-1750" src="http://flieg.fr/wordpress/wp-content/uploads/2017/06/20170608_114149-300x169.jpg" alt="" width="300" height="169"></a></p>
<p>Arrivés sur les hauteurs&nbsp;du Zinnkoepflé qui domine Soultzmatt, nous sortons de la forêt et nous entrons au paradis des fleurs :</p>
<p><a href="http://flieg.fr/wordpress/wp-content/uploads/2017/06/20170608_093545-e1496949542526.jpg"><img loading="lazy" decoding="async" class="alignleft size-medium wp-image-1746" src="http://flieg.fr/wordpress/wp-content/uploads/2017/06/20170608_093545-e1496949518461-169x300.jpg" alt="" width="169" height="300"></a></p>
<p><a href="http://flieg.fr/wordpress/wp-content/uploads/2017/06/20170608_115500-e1496949644972.jpg"><br />
<img loading="lazy" decoding="async" class="alignleft size-medium wp-image-1748" src="http://flieg.fr/wordpress/wp-content/uploads/2017/06/20170608_115500-300x169.jpg" alt="" width="300" height="169"></a><a href="http://flieg.fr/wordpress/wp-content/uploads/2017/06/20170608_115427-e1496949804771.jpg"><img loading="lazy" decoding="async" class="alignleft size-medium wp-image-1749" src="http://flieg.fr/wordpress/wp-content/uploads/2017/06/20170608_115427-e1496949780226-169x300.jpg" alt="" width="169" height="300"></a>Nous voila arrivés au gîte de M et Mme Koch. Nous sommes accueillis avec une boisson rafraichissante. Demain vendredi dernière étape jusqu&rsquo;à Cernay.</p>

<p>Petit déjeuner frugal, ce matin au couvent St Marc. Et en silence s&rsquo;il vous plaît! On est tout de suite repris par la forêt et ça grimpe. A un rare moment, on a une vue plongeante sur Gueberschwihr. Orchidée du matin : Nous arrivons assez vite à Notre Dame du Schauenberg. Dans la chapelle, Michel [&hellip;]</p>
