{"id":1683,"date":"2017-06-03T20:36:56","date_gmt":"2017-06-03T19:36:56","guid":{"rendered":"http:\/\/flieg.fr\/?page_id=1683"},"modified":"2023-03-21T10:03:06","modified_gmt":"2023-03-21T09:03:06","slug":"etape-7-chemin-de-saint-jacques-en-alsace-du-mont-sainte-odile-a-blienschwiller-185-km","status":"publish","type":"page","link":"https:\/\/www.flieg.fr\/?page_id=1683","title":{"rendered":"Etape 7 : chemin de Saint-Jacques en Alsace : du Mont Sainte-Odile \u00e0 Blienschwiller : 18,5 km"},"content":{"rendered":"<p>Toute la nuit, il a plu. Au petit matin, le Mont Sainte-Odile est dans les nuages. Nous nous sommes pr\u00e9par\u00e9s pour la descente sous la pluie.<a href=\"http:\/\/flieg.fr\/wordpress\/wp-content\/uploads\/2017\/06\/20170604_094940_001-e1496676026739.jpg\"><img loading=\"lazy\" decoding=\"async\" class=\"alignleft size-medium wp-image-1690\" src=\"http:\/\/flieg.fr\/wordpress\/wp-content\/uploads\/2017\/06\/20170604_094940_001-e1496676011665-169x300.jpg\" alt=\"\" width=\"169\" height=\"300\"><\/a><\/p>\n<p>Le petit d\u00e9jeuner est digne d&rsquo;un h\u00f4tel 3 \u00e9toiles.<\/p>\n<p>Au moment de prendre cong\u00e9 le soleil appara\u00eet.<\/p>\n<p>Sainte Odile sur fond de ciel bleu<\/p>\n<p><a href=\"http:\/\/flieg.fr\/wordpress\/wp-content\/uploads\/2017\/06\/20170604_085824-e1496676489720.jpg\"><img loading=\"lazy\" decoding=\"async\" class=\"alignleft size-medium wp-image-1692\" src=\"http:\/\/flieg.fr\/wordpress\/wp-content\/uploads\/2017\/06\/20170604_085824-300x169.jpg\" alt=\"\" width=\"300\" height=\"169\"><\/a><\/p>\n<p>Lors de la descente, nous passons par le prieur\u00e9 Saint-Jacques r\u00e9duit \u00e0 l&rsquo;\u00e9tat de ruine.<a href=\"http:\/\/flieg.fr\/wordpress\/wp-content\/uploads\/2017\/06\/20170604_104302-e1496676680847.jpg\"><img loading=\"lazy\" decoding=\"async\" class=\"alignleft size-medium wp-image-1693\" src=\"http:\/\/flieg.fr\/wordpress\/wp-content\/uploads\/2017\/06\/20170604_104302-e1496676653853-300x169.jpg\" alt=\"\" width=\"300\" height=\"169\"><\/a><\/p>\n<p>&nbsp;<\/p>\n<p>&nbsp;<\/p>\n<p>&nbsp;<\/p>\n<p>&nbsp;<\/p>\n<p>Apr\u00e8s une descente fatiguante, la suite se fait en for\u00eat. Superbe vue sur Heiligenstein.<\/p>\n<p><a href=\"http:\/\/flieg.fr\/wordpress\/wp-content\/uploads\/2017\/06\/20170604_120415-e1496689154348.jpg\"><img loading=\"lazy\" decoding=\"async\" class=\"alignleft size-medium wp-image-1695\" src=\"http:\/\/flieg.fr\/wordpress\/wp-content\/uploads\/2017\/06\/20170604_120415-e1496689154348-300x168.jpg\" alt=\"\" width=\"300\" height=\"168\" srcset=\"https:\/\/www.flieg.fr\/wordpress\/wp-content\/uploads\/2017\/06\/20170604_120415-e1496689154348-300x168.jpg 300w, https:\/\/www.flieg.fr\/wordpress\/wp-content\/uploads\/2017\/06\/20170604_120415-e1496689154348.jpg 326w\" sizes=\"auto, (max-width: 300px) 100vw, 300px\" \/><\/a><\/p>\n<p>A la lisi\u00e8re de la for\u00eat, se dresse un monument \u00e0 Edouard Hering, fondateur du club vosgien.<\/p>\n<ol>\n<li><em><a href=\"http:\/\/flieg.fr\/wordpress\/wp-content\/uploads\/2017\/06\/20170604_120726-e1496689727508.jpg\"><img loading=\"lazy\" decoding=\"async\" class=\"alignleft size-medium wp-image-1696\" src=\"http:\/\/flieg.fr\/wordpress\/wp-content\/uploads\/2017\/06\/20170604_120726-e1496689710508-169x300.jpg\" alt=\"\" width=\"169\" height=\"300\"><\/a><\/em><\/li>\n<\/ol>\n<p>&nbsp;<\/p>\n<p>&nbsp;<\/p>\n<p>&nbsp;<\/p>\n<p>&nbsp;<\/p>\n<p>&nbsp;<\/p>\n<p>&nbsp;<\/p>\n<p>Arriv\u00e9s \u00e0 Barr, il y a crise du logement pour les cigognes. Il y en a \u00e0 toutes les fen\u00eatres de la patisserie Oster.<a href=\"http:\/\/flieg.fr\/wordpress\/wp-content\/uploads\/2017\/06\/20170604_122551-e1496689963880.jpg\"><img loading=\"lazy\" decoding=\"async\" class=\"alignleft size-medium wp-image-1698\" src=\"http:\/\/flieg.fr\/wordpress\/wp-content\/uploads\/2017\/06\/20170604_122551-e1496689939379-300x169.jpg\" alt=\"\" width=\"300\" height=\"169\"><\/a><\/p>\n<p>Nous rencontrons aussi le premier p\u00e8lerin de Compostelle. C&rsquo;est un r\u00e9cidiviste. Depuis 20 ans, il teste toutes les variantes. Il marche plus vite que nous. Il ira jusqu&rsquo;\u00e0 Ch\u00e2tenois ce soir.<\/p>\n<p>&nbsp;<\/p>\n<p><a href=\"http:\/\/flieg.fr\/wordpress\/wp-content\/uploads\/2017\/06\/20170604_120939-e1496767341694.jpg\"><img loading=\"lazy\" decoding=\"async\" class=\"alignleft size-medium wp-image-1708\" src=\"http:\/\/flieg.fr\/wordpress\/wp-content\/uploads\/2017\/06\/20170604_120939-e1496767306850-300x169.jpg\" alt=\"\" width=\"300\" height=\"169\"><\/a><\/p>\n<p>&nbsp;<\/p>\n<p>Nous arrivons \u00e0 Blienschwiller chez Mme Eckert qui nous met sa chambre d&rsquo;h\u00f4tes \u00e0 disposition.<\/p>\n<p>Le restaurant nous a \u00e9t\u00e9 sugg\u00e9r\u00e9 par Mme Eckert &nbsp;: le pressoir de Bacchus. Excellent, mais cher.<\/p>\n<p><a href=\"http:\/\/flieg.fr\/wordpress\/wp-content\/uploads\/2017\/06\/20170605_082757-e1496766648935.jpg\"><img loading=\"lazy\" decoding=\"async\" class=\"alignleft size-medium wp-image-1705\" src=\"http:\/\/flieg.fr\/wordpress\/wp-content\/uploads\/2017\/06\/20170605_082757-e1496766628499-300x169.jpg\" alt=\"\" width=\"300\" height=\"169\"><\/a><\/p>\n<p>&nbsp;<\/p>\n","protected":false},"excerpt":{"rendered":"<p>Toute la nuit, il a plu. Au petit matin, le Mont Sainte-Odile est dans les nuages. Nous nous sommes pr\u00e9par\u00e9s pour la descente sous la pluie. Le petit d\u00e9jeuner est digne d&rsquo;un h\u00f4tel 3 \u00e9toiles. Au moment de prendre cong\u00e9 le soleil appara\u00eet. Sainte Odile sur fond de ciel bleu Lors de la descente, nous [&hellip;]<\/p>\n","protected":false},"author":3,"featured_media":0,"parent":0,"menu_order":0,"comment_status":"closed","ping_status":"closed","template":"","meta":{"footnotes":""},"class_list":["post-1683","page","type-page","status-publish","hentry"],"_links":{"self":[{"href":"https:\/\/www.flieg.fr\/index.php?rest_route=\/wp\/v2\/pages\/1683","targetHints":{"allow":["GET"]}}],"collection":[{"href":"https:\/\/www.flieg.fr\/index.php?rest_route=\/wp\/v2\/pages"}],"about":[{"href":"https:\/\/www.flieg.fr\/index.php?rest_route=\/wp\/v2\/types\/page"}],"author":[{"embeddable":true,"href":"https:\/\/www.flieg.fr\/index.php?rest_route=\/wp\/v2\/users\/3"}],"replies":[{"embeddable":true,"href":"https:\/\/www.flieg.fr\/index.php?rest_route=%2Fwp%2Fv2%2Fcomments&post=1683"}],"version-history":[{"count":10,"href":"https:\/\/www.flieg.fr\/index.php?rest_route=\/wp\/v2\/pages\/1683\/revisions"}],"predecessor-version":[{"id":2390,"href":"https:\/\/www.flieg.fr\/index.php?rest_route=\/wp\/v2\/pages\/1683\/revisions\/2390"}],"wp:attachment":[{"href":"https:\/\/www.flieg.fr\/index.php?rest_route=%2Fwp%2Fv2%2Fmedia&parent=1683"}],"curies":[{"name":"wp","href":"https:\/\/api.w.org\/{rel}","templated":true}]}}

Etape 7 : chemin de Saint-Jacques en Alsace : du Mont Sainte-Odile à Blienschwiller : 18,5 km

<p>Toute la nuit, il a plu. Au petit matin, le Mont Sainte-Odile est dans les nuages. Nous nous sommes préparés pour la descente sous la pluie.<a href="http://flieg.fr/wordpress/wp-content/uploads/2017/06/20170604_094940_001-e1496676026739.jpg"><img loading="lazy" decoding="async" class="alignleft size-medium wp-image-1690" src="http://flieg.fr/wordpress/wp-content/uploads/2017/06/20170604_094940_001-e1496676011665-169x300.jpg" alt="" width="169" height="300"></a></p>
<p>Le petit déjeuner est digne d&rsquo;un hôtel 3 étoiles.</p>
<p>Au moment de prendre congé le soleil apparaît.</p>
<p>Sainte Odile sur fond de ciel bleu</p>
<p><a href="http://flieg.fr/wordpress/wp-content/uploads/2017/06/20170604_085824-e1496676489720.jpg"><img loading="lazy" decoding="async" class="alignleft size-medium wp-image-1692" src="http://flieg.fr/wordpress/wp-content/uploads/2017/06/20170604_085824-300x169.jpg" alt="" width="300" height="169"></a></p>
<p>Lors de la descente, nous passons par le prieuré Saint-Jacques réduit à l&rsquo;état de ruine.<a href="http://flieg.fr/wordpress/wp-content/uploads/2017/06/20170604_104302-e1496676680847.jpg"><img loading="lazy" decoding="async" class="alignleft size-medium wp-image-1693" src="http://flieg.fr/wordpress/wp-content/uploads/2017/06/20170604_104302-e1496676653853-300x169.jpg" alt="" width="300" height="169"></a></p>
<p>&nbsp;</p>
<p>&nbsp;</p>
<p>&nbsp;</p>
<p>&nbsp;</p>
<p>Après une descente fatiguante, la suite se fait en forêt. Superbe vue sur Heiligenstein.</p>
<p><a href="http://flieg.fr/wordpress/wp-content/uploads/2017/06/20170604_120415-e1496689154348.jpg"><img loading="lazy" decoding="async" class="alignleft size-medium wp-image-1695" src="http://flieg.fr/wordpress/wp-content/uploads/2017/06/20170604_120415-e1496689154348-300x168.jpg" alt="" width="300" height="168" srcset="https://www.flieg.fr/wordpress/wp-content/uploads/2017/06/20170604_120415-e1496689154348-300x168.jpg 300w, https://www.flieg.fr/wordpress/wp-content/uploads/2017/06/20170604_120415-e1496689154348.jpg 326w" sizes="auto, (max-width: 300px) 100vw, 300px" /></a></p>
<p>A la lisière de la forêt, se dresse un monument à Edouard Hering, fondateur du club vosgien.</p>
<ol>
<li><em><a href="http://flieg.fr/wordpress/wp-content/uploads/2017/06/20170604_120726-e1496689727508.jpg"><img loading="lazy" decoding="async" class="alignleft size-medium wp-image-1696" src="http://flieg.fr/wordpress/wp-content/uploads/2017/06/20170604_120726-e1496689710508-169x300.jpg" alt="" width="169" height="300"></a></em></li>
</ol>
<p>&nbsp;</p>
<p>&nbsp;</p>
<p>&nbsp;</p>
<p>&nbsp;</p>
<p>&nbsp;</p>
<p>&nbsp;</p>
<p>Arrivés à Barr, il y a crise du logement pour les cigognes. Il y en a à toutes les fenêtres de la patisserie Oster.<a href="http://flieg.fr/wordpress/wp-content/uploads/2017/06/20170604_122551-e1496689963880.jpg"><img loading="lazy" decoding="async" class="alignleft size-medium wp-image-1698" src="http://flieg.fr/wordpress/wp-content/uploads/2017/06/20170604_122551-e1496689939379-300x169.jpg" alt="" width="300" height="169"></a></p>
<p>Nous rencontrons aussi le premier pèlerin de Compostelle. C&rsquo;est un récidiviste. Depuis 20 ans, il teste toutes les variantes. Il marche plus vite que nous. Il ira jusqu&rsquo;à Châtenois ce soir.</p>
<p>&nbsp;</p>
<p><a href="http://flieg.fr/wordpress/wp-content/uploads/2017/06/20170604_120939-e1496767341694.jpg"><img loading="lazy" decoding="async" class="alignleft size-medium wp-image-1708" src="http://flieg.fr/wordpress/wp-content/uploads/2017/06/20170604_120939-e1496767306850-300x169.jpg" alt="" width="300" height="169"></a></p>
<p>&nbsp;</p>
<p>Nous arrivons à Blienschwiller chez Mme Eckert qui nous met sa chambre d&rsquo;hôtes à disposition.</p>
<p>Le restaurant nous a été suggéré par Mme Eckert &nbsp;: le pressoir de Bacchus. Excellent, mais cher.</p>
<p><a href="http://flieg.fr/wordpress/wp-content/uploads/2017/06/20170605_082757-e1496766648935.jpg"><img loading="lazy" decoding="async" class="alignleft size-medium wp-image-1705" src="http://flieg.fr/wordpress/wp-content/uploads/2017/06/20170605_082757-e1496766628499-300x169.jpg" alt="" width="300" height="169"></a></p>
<p>&nbsp;</p>

<p>Toute la nuit, il a plu. Au petit matin, le Mont Sainte-Odile est dans les nuages. Nous nous sommes préparés pour la descente sous la pluie. Le petit déjeuner est digne d&rsquo;un hôtel 3 étoiles. Au moment de prendre congé le soleil apparaît. Sainte Odile sur fond de ciel bleu Lors de la descente, nous [&hellip;]</p>
