{"id":1650,"date":"2017-06-03T14:24:47","date_gmt":"2017-06-03T13:24:47","guid":{"rendered":"http:\/\/flieg.fr\/?page_id=1650"},"modified":"2023-03-21T10:02:15","modified_gmt":"2023-03-21T09:02:15","slug":"etape-6-de-rosheim-au-mont-sainte-odile-11-km","status":"publish","type":"page","link":"https:\/\/www.flieg.fr\/?page_id=1650","title":{"rendered":"Etape 6 : chemin de Saint-Jacques en Alsace : de Rosheim au Mont Sainte-Odile : 11 km"},"content":{"rendered":"<ul>\n<li>11km et 528m de d\u00e9nivel\u00e9. Partis \u00e0 9h30, nous voil\u00e0 arriv\u00e9s \u00e0 14h30.<\/li>\n<\/ul>\n<p>Ce matin, nous sommes partis par la porte ouest de Rosheim. Au bout du village, une petite chapelle du XVII\u00e8me qui ne paye pas de mine. Mais \u00e0 l&rsquo;int\u00e9rieur, quelle belle surprise : un retable de 1978 de toute beaut\u00e9. L<img loading=\"lazy\" decoding=\"async\" class=\"alignleft size-medium wp-image-1652\" src=\"http:\/\/flieg.fr\/wordpress\/wp-content\/uploads\/2017\/06\/20170603_093648-e1496496448499-300x169.jpg\" alt=\"\" width=\"300\" height=\"169\">e volet droit repr\u00e9sente saint Jacques.<a href=\"http:\/\/flieg.fr\/wordpress\/wp-content\/uploads\/2017\/06\/20170603_093720-e1496496747702.jpg\"><img loading=\"lazy\" decoding=\"async\" class=\"alignleft size-medium wp-image-1654\" src=\"http:\/\/flieg.fr\/wordpress\/wp-content\/uploads\/2017\/06\/20170603_093720-e1496496731110-169x300.jpg\" alt=\"\" width=\"169\" height=\"300\"><\/a> Maintenant, la mont\u00e9e commence. Au bout de quelques kilom\u00e8tres, en se retournant, on peut voir Rosheim avec toujours au loin, la fl\u00e8che de la cath\u00e9drale de Strasbourg.<a href=\"http:\/\/flieg.fr\/wordpress\/wp-content\/uploads\/2017\/06\/20170603_101504-e1496507519278.jpg\"><img loading=\"lazy\" decoding=\"async\" src=\"http:\/\/flieg.fr\/wordpress\/wp-content\/uploads\/2017\/06\/20170603_101504-e1496507502767-300x169.jpg\" alt=\"\" width=\"300\" height=\"169\"><\/a><\/p>\n<p>Plusieurs fois, nous trouvons des cerisiers charg\u00e9s de cerises. On sait ce que c&rsquo;est de ployer sous le fardeau, alors on les soulage.<\/p>\n<p><a href=\"http:\/\/flieg.fr\/wordpress\/wp-content\/uploads\/2017\/06\/20170603_102003-e1496509063168.jpg\"><img loading=\"lazy\" decoding=\"async\" class=\"alignleft size-medium wp-image-1670\" src=\"http:\/\/flieg.fr\/wordpress\/wp-content\/uploads\/2017\/06\/20170603_102003-e1496509048774-300x225.jpg\" alt=\"\" width=\"300\" height=\"225\"><\/a><\/p>\n<p>Au lieu-dit Saint-L\u00e9onard, nous voyons notre cible du jour, haut &nbsp;perch\u00e9e sur la cr\u00eate des Vosges.<a href=\"http:\/\/flieg.fr\/wordpress\/wp-content\/uploads\/2017\/06\/20170603_112923-e1496515651441.jpg\"><img loading=\"lazy\" decoding=\"async\" class=\"alignleft size-medium wp-image-1672\" src=\"http:\/\/flieg.fr\/wordpress\/wp-content\/uploads\/2017\/06\/20170603_112923-e1496515615644-300x169.jpg\" alt=\"\" width=\"300\" height=\"169\"><\/a><\/p>\n<p>Nous arrivons tr\u00e8s vite \u00e0 Boersch.<\/p>\n<p><a href=\"http:\/\/flieg.fr\/wordpress\/wp-content\/uploads\/2017\/06\/20170603_104649-e1496508165469.jpg\"><img loading=\"lazy\" decoding=\"async\" class=\"alignleft size-medium wp-image-1668\" src=\"http:\/\/flieg.fr\/wordpress\/wp-content\/uploads\/2017\/06\/20170603_104649-e1496508150201-300x169.jpg\" alt=\"\" width=\"300\" height=\"169\"><\/a><\/p>\n<p>Nous y achetons deux pains quatre wienerla et quatre abricots pour le repas de midi.<\/p>\n<p>De Boersch \u00e0 Ottrott, il n&rsquo;y a pas loin.<\/p>\n<p>A partir de l\u00e0, c&rsquo;est la mont\u00e9e vers le Mont Sainte-Odile par le sentier des p\u00e8lerins.<a href=\"http:\/\/flieg.fr\/wordpress\/wp-content\/uploads\/2017\/06\/20170603_121628-e1496516618316.jpg\"><img loading=\"lazy\" decoding=\"async\" class=\"alignleft size-medium wp-image-1675\" src=\"http:\/\/flieg.fr\/wordpress\/wp-content\/uploads\/2017\/06\/20170603_121628-300x169.jpg\" alt=\"\" width=\"300\" height=\"169\"><\/a><\/p>\n<p>A mi-hauteur, l&rsquo;oratoire Saint-Gargon nous offre une belle opportunit\u00e9 pour manger au soleil.<a href=\"http:\/\/flieg.fr\/wordpress\/wp-content\/uploads\/2017\/06\/20170603_130840-e1496516943204.jpg\"><img loading=\"lazy\" decoding=\"async\" class=\"alignleft size-medium wp-image-1676\" src=\"http:\/\/flieg.fr\/wordpress\/wp-content\/uploads\/2017\/06\/20170603_130840-300x169.jpg\" alt=\"\" width=\"300\" height=\"169\"><\/a><\/p>\n<p>Puis quelques gouttes, puis des grosses gouttes, puis plus rien. On presse le pas. On atteint les premiers b\u00e2timents quand les vannes c\u00e9lestes s&rsquo;ouvrent en grand.<a href=\"http:\/\/flieg.fr\/wordpress\/wp-content\/uploads\/2017\/06\/20170603_142111-e1496517290840.jpg\"><img loading=\"lazy\" decoding=\"async\" class=\"alignleft size-medium wp-image-1678\" src=\"http:\/\/flieg.fr\/wordpress\/wp-content\/uploads\/2017\/06\/20170603_142111-300x169.jpg\" alt=\"\" width=\"300\" height=\"169\"><\/a><\/p>\n<p>Mais au bout de 10 mn, une accalmie nous permet d&rsquo;arriver au sec. On nous octroie une belle chambre avec vue sur la plaine.<a href=\"http:\/\/flieg.fr\/wordpress\/wp-content\/uploads\/2017\/06\/20170603_145022-e1496517556575.jpg\"><img loading=\"lazy\" decoding=\"async\" class=\"alignleft size-medium wp-image-1680\" src=\"http:\/\/flieg.fr\/wordpress\/wp-content\/uploads\/2017\/06\/20170603_145022-e1496517529905-300x169.jpg\" alt=\"\" width=\"300\" height=\"169\"><\/a><\/p>\n<p>&nbsp;<\/p>\n","protected":false},"excerpt":{"rendered":"<p>11km et 528m de d\u00e9nivel\u00e9. Partis \u00e0 9h30, nous voil\u00e0 arriv\u00e9s \u00e0 14h30. Ce matin, nous sommes partis par la porte ouest de Rosheim. Au bout du village, une petite chapelle du XVII\u00e8me qui ne paye pas de mine. Mais \u00e0 l&rsquo;int\u00e9rieur, quelle belle surprise : un retable de 1978 de toute beaut\u00e9. Le volet [&hellip;]<\/p>\n","protected":false},"author":3,"featured_media":0,"parent":0,"menu_order":0,"comment_status":"closed","ping_status":"closed","template":"page-templates\/full-width.php","meta":{"footnotes":""},"class_list":["post-1650","page","type-page","status-publish","hentry"],"_links":{"self":[{"href":"https:\/\/www.flieg.fr\/index.php?rest_route=\/wp\/v2\/pages\/1650","targetHints":{"allow":["GET"]}}],"collection":[{"href":"https:\/\/www.flieg.fr\/index.php?rest_route=\/wp\/v2\/pages"}],"about":[{"href":"https:\/\/www.flieg.fr\/index.php?rest_route=\/wp\/v2\/types\/page"}],"author":[{"embeddable":true,"href":"https:\/\/www.flieg.fr\/index.php?rest_route=\/wp\/v2\/users\/3"}],"replies":[{"embeddable":true,"href":"https:\/\/www.flieg.fr\/index.php?rest_route=%2Fwp%2Fv2%2Fcomments&post=1650"}],"version-history":[{"count":12,"href":"https:\/\/www.flieg.fr\/index.php?rest_route=\/wp\/v2\/pages\/1650\/revisions"}],"predecessor-version":[{"id":2388,"href":"https:\/\/www.flieg.fr\/index.php?rest_route=\/wp\/v2\/pages\/1650\/revisions\/2388"}],"wp:attachment":[{"href":"https:\/\/www.flieg.fr\/index.php?rest_route=%2Fwp%2Fv2%2Fmedia&parent=1650"}],"curies":[{"name":"wp","href":"https:\/\/api.w.org\/{rel}","templated":true}]}}

<ul>
<li>11km et 528m de dénivelé. Partis à 9h30, nous voilà arrivés à 14h30.</li>
</ul>
<p>Ce matin, nous sommes partis par la porte ouest de Rosheim. Au bout du village, une petite chapelle du XVIIème qui ne paye pas de mine. Mais à l&rsquo;intérieur, quelle belle surprise : un retable de 1978 de toute beauté. L<img loading="lazy" decoding="async" class="alignleft size-medium wp-image-1652" src="http://flieg.fr/wordpress/wp-content/uploads/2017/06/20170603_093648-e1496496448499-300x169.jpg" alt="" width="300" height="169">e volet droit représente saint Jacques.<a href="http://flieg.fr/wordpress/wp-content/uploads/2017/06/20170603_093720-e1496496747702.jpg"><img loading="lazy" decoding="async" class="alignleft size-medium wp-image-1654" src="http://flieg.fr/wordpress/wp-content/uploads/2017/06/20170603_093720-e1496496731110-169x300.jpg" alt="" width="169" height="300"></a> Maintenant, la montée commence. Au bout de quelques kilomètres, en se retournant, on peut voir Rosheim avec toujours au loin, la flèche de la cathédrale de Strasbourg.<a href="http://flieg.fr/wordpress/wp-content/uploads/2017/06/20170603_101504-e1496507519278.jpg"><img loading="lazy" decoding="async" src="http://flieg.fr/wordpress/wp-content/uploads/2017/06/20170603_101504-e1496507502767-300x169.jpg" alt="" width="300" height="169"></a></p>
<p>Plusieurs fois, nous trouvons des cerisiers chargés de cerises. On sait ce que c&rsquo;est de ployer sous le fardeau, alors on les soulage.</p>
<p><a href="http://flieg.fr/wordpress/wp-content/uploads/2017/06/20170603_102003-e1496509063168.jpg"><img loading="lazy" decoding="async" class="alignleft size-medium wp-image-1670" src="http://flieg.fr/wordpress/wp-content/uploads/2017/06/20170603_102003-e1496509048774-300x225.jpg" alt="" width="300" height="225"></a></p>
<p>Au lieu-dit Saint-Léonard, nous voyons notre cible du jour, haut &nbsp;perchée sur la crête des Vosges.<a href="http://flieg.fr/wordpress/wp-content/uploads/2017/06/20170603_112923-e1496515651441.jpg"><img loading="lazy" decoding="async" class="alignleft size-medium wp-image-1672" src="http://flieg.fr/wordpress/wp-content/uploads/2017/06/20170603_112923-e1496515615644-300x169.jpg" alt="" width="300" height="169"></a></p>
<p>Nous arrivons très vite à Boersch.</p>
<p><a href="http://flieg.fr/wordpress/wp-content/uploads/2017/06/20170603_104649-e1496508165469.jpg"><img loading="lazy" decoding="async" class="alignleft size-medium wp-image-1668" src="http://flieg.fr/wordpress/wp-content/uploads/2017/06/20170603_104649-e1496508150201-300x169.jpg" alt="" width="300" height="169"></a></p>
<p>Nous y achetons deux pains quatre wienerla et quatre abricots pour le repas de midi.</p>
<p>De Boersch à Ottrott, il n&rsquo;y a pas loin.</p>
<p>A partir de là, c&rsquo;est la montée vers le Mont Sainte-Odile par le sentier des pèlerins.<a href="http://flieg.fr/wordpress/wp-content/uploads/2017/06/20170603_121628-e1496516618316.jpg"><img loading="lazy" decoding="async" class="alignleft size-medium wp-image-1675" src="http://flieg.fr/wordpress/wp-content/uploads/2017/06/20170603_121628-300x169.jpg" alt="" width="300" height="169"></a></p>
<p>A mi-hauteur, l&rsquo;oratoire Saint-Gargon nous offre une belle opportunité pour manger au soleil.<a href="http://flieg.fr/wordpress/wp-content/uploads/2017/06/20170603_130840-e1496516943204.jpg"><img loading="lazy" decoding="async" class="alignleft size-medium wp-image-1676" src="http://flieg.fr/wordpress/wp-content/uploads/2017/06/20170603_130840-300x169.jpg" alt="" width="300" height="169"></a></p>
<p>Puis quelques gouttes, puis des grosses gouttes, puis plus rien. On presse le pas. On atteint les premiers bâtiments quand les vannes célestes s&rsquo;ouvrent en grand.<a href="http://flieg.fr/wordpress/wp-content/uploads/2017/06/20170603_142111-e1496517290840.jpg"><img loading="lazy" decoding="async" class="alignleft size-medium wp-image-1678" src="http://flieg.fr/wordpress/wp-content/uploads/2017/06/20170603_142111-300x169.jpg" alt="" width="300" height="169"></a></p>
<p>Mais au bout de 10 mn, une accalmie nous permet d&rsquo;arriver au sec. On nous octroie une belle chambre avec vue sur la plaine.<a href="http://flieg.fr/wordpress/wp-content/uploads/2017/06/20170603_145022-e1496517556575.jpg"><img loading="lazy" decoding="async" class="alignleft size-medium wp-image-1680" src="http://flieg.fr/wordpress/wp-content/uploads/2017/06/20170603_145022-e1496517529905-300x169.jpg" alt="" width="300" height="169"></a></p>
<p>&nbsp;</p>

<p>11km et 528m de dénivelé. Partis à 9h30, nous voilà arrivés à 14h30. Ce matin, nous sommes partis par la porte ouest de Rosheim. Au bout du village, une petite chapelle du XVIIème qui ne paye pas de mine. Mais à l&rsquo;intérieur, quelle belle surprise : un retable de 1978 de toute beauté. Le volet [&hellip;]</p>
