{"id":1593,"date":"2017-05-31T16:59:11","date_gmt":"2017-05-31T15:59:11","guid":{"rendered":"http:\/\/flieg.fr\/?page_id=1593"},"modified":"2023-03-21T10:01:47","modified_gmt":"2023-03-21T09:01:47","slug":"etape-4-chemin-de-saint-jacques-en-alsace-de-schiltigheim-a","status":"publish","type":"page","link":"https:\/\/www.flieg.fr\/?page_id=1593","title":{"rendered":"Etape 4 : chemin de Saint-Jacques en Alsace : de Schiltigheim \u00e0 Oberschaeffolsheim : 15 km"},"content":{"rendered":"<ul>\n<li>David nous a v\u00e9hicul\u00e9s de Schiltigheim au Parlement Europ\u00e9en.<a href=\"http:\/\/flieg.fr\/wordpress\/wp-content\/uploads\/2017\/05\/20170601_084325_001-e1496420646820.jpg\"><img loading=\"lazy\" decoding=\"async\" class=\"alignleft size-medium wp-image-1612\" src=\"http:\/\/flieg.fr\/wordpress\/wp-content\/uploads\/2017\/05\/20170601_084325_001-e1496420613347-169x300.jpg\" alt=\"\" width=\"169\" height=\"300\"><\/a><\/li>\n<\/ul>\n<p><a href=\"http:\/\/flieg.fr\/wordpress\/wp-content\/uploads\/2017\/05\/20170601_084742-e1496420498243.jpg\"><img loading=\"lazy\" decoding=\"async\" class=\"alignleft size-medium wp-image-1611\" src=\"http:\/\/flieg.fr\/wordpress\/wp-content\/uploads\/2017\/05\/20170601_084742-e1496420484564-300x169.jpg\" alt=\"\" width=\"300\" height=\"169\"><\/a>De l\u00e0, nous nous suivons les berges pour p\u00e9n\u00e9trer dans Strasbourg. &nbsp;Voila le b\u00e2timent de Arte.<\/p>\n<p><img loading=\"lazy\" decoding=\"async\" class=\"alignleft size-medium wp-image-1614\" src=\"http:\/\/flieg.fr\/wordpress\/wp-content\/uploads\/2017\/05\/20170601_090215-300x169.jpg\" alt=\"\" width=\"300\" height=\"169\"><br \/>\nA la sortie du parc des Contades, nous passons pr\u00e8s de la synagogue.<br \/>\n<a href=\"http:\/\/flieg.fr\/wordpress\/wp-content\/uploads\/2017\/05\/20170601_093133-e1496421340606.jpg\"><br \/>\n<img loading=\"lazy\" decoding=\"async\" class=\"alignleft size-medium wp-image-1617\" src=\"http:\/\/flieg.fr\/wordpress\/wp-content\/uploads\/2017\/05\/20170601_093133-e1496421319678-169x300.jpg\" alt=\"\" width=\"169\" height=\"300\"><\/a><br \/>\nLa cath\u00e9drale est au bout du chemin.<\/p>\n<p>Enfin&#8230; pas vraiment. En tous cas pas quand on est habill\u00e9 en p\u00e8lerin. L&rsquo;habillement, passe encore, mais les sacs \u00e0 dos ne passent pas. Alors nous visitons la cath\u00e9drale \u00e0 tour de r\u00f4le. Mais nous obtenons facilement nos tampons.<\/p>\n<blockquote><p>Nous partons vers la petite France. Attroupement \u00e0 la maison des Tanneurs. Une classe de marmousets apprend \u00e0 descendre les rapides en kayak.<\/p>\n<p><a href=\"http:\/\/flieg.fr\/wordpress\/wp-content\/uploads\/2017\/05\/20170601_105116-e1496422218797.jpg\"><img loading=\"lazy\" decoding=\"async\" class=\"alignleft size-medium wp-image-1620\" src=\"http:\/\/flieg.fr\/wordpress\/wp-content\/uploads\/2017\/05\/20170601_105116-e1496422198421-169x300.jpg\" alt=\"\" width=\"169\" height=\"300\"><\/a><a href=\"http:\/\/flieg.fr\/wordpress\/wp-content\/uploads\/2017\/05\/20170601_104842-e1496422070899.jpg\"><img loading=\"lazy\" decoding=\"async\" class=\"alignleft size-medium wp-image-1619\" src=\"http:\/\/flieg.fr\/wordpress\/wp-content\/uploads\/2017\/05\/20170601_104842-300x169.jpg\" alt=\"\" width=\"300\" height=\"169\"><\/a><br \/>\nA la sortie de Strasbourg, nous passons \u00e0 c\u00f4t\u00e9 de la mosqu\u00e9e. <a href=\"http:\/\/flieg.fr\/wordpress\/wp-content\/uploads\/2017\/05\/20170601_111900-e1496423334594.jpg\"><br \/>\n<img loading=\"lazy\" decoding=\"async\" class=\"alignleft size-medium wp-image-1624\" src=\"http:\/\/flieg.fr\/wordpress\/wp-content\/uploads\/2017\/05\/20170601_111900-e1496423313568-300x169.jpg\" alt=\"\" width=\"300\" height=\"169\"><\/a>Puis nous nous \u00e9loignons lentement des rumeurs de la ville en empruntant des pistes cyclables. Un plan impr\u00e9cis et des panneaux impr\u00e9cis, cela donne un parcours avec de nombreuses erreurs.<\/p>\n<p>Une fois le canal de la Bruche atteint, nous le longeons et b\u00e9n\u00e9ficions de la fra\u00eecheur de l&rsquo;eau&nbsp;et de l&rsquo;ombre des frondaisons. Le canal est abandonn\u00e9, ce qui lui donne un charme bucolique tout particulier.<a href=\"http:\/\/flieg.fr\/wordpress\/wp-content\/uploads\/2017\/05\/20170601_131756-e1496429975254.jpg\"><img loading=\"lazy\" decoding=\"async\" class=\"alignleft size-medium wp-image-1636\" src=\"http:\/\/flieg.fr\/wordpress\/wp-content\/uploads\/2017\/05\/20170601_131756-300x169.jpg\" alt=\"\" width=\"300\" height=\"169\"><\/a><\/p><\/blockquote>\n<p>Finalement Strasbourg est bien derri\u00e8re nous et nous arrivons \u00e0 Oberschaeffolsheim dans le g\u00eete Mey de monsieur l&rsquo;adjoint au maire. Madame son \u00e9pouse nous sert un bon repas du soir.<\/p>\n","protected":false},"excerpt":{"rendered":"<p>David nous a v\u00e9hicul\u00e9s de Schiltigheim au Parlement Europ\u00e9en. De l\u00e0, nous nous suivons les berges pour p\u00e9n\u00e9trer dans Strasbourg. &nbsp;Voila le b\u00e2timent de Arte. A la sortie du parc des Contades, nous passons pr\u00e8s de la synagogue. La cath\u00e9drale est au bout du chemin. Enfin&#8230; pas vraiment. En tous cas pas quand on est [&hellip;]<\/p>\n","protected":false},"author":3,"featured_media":0,"parent":0,"menu_order":0,"comment_status":"closed","ping_status":"closed","template":"page-templates\/full-width.php","meta":{"footnotes":""},"class_list":["post-1593","page","type-page","status-publish","hentry"],"_links":{"self":[{"href":"https:\/\/www.flieg.fr\/index.php?rest_route=\/wp\/v2\/pages\/1593","targetHints":{"allow":["GET"]}}],"collection":[{"href":"https:\/\/www.flieg.fr\/index.php?rest_route=\/wp\/v2\/pages"}],"about":[{"href":"https:\/\/www.flieg.fr\/index.php?rest_route=\/wp\/v2\/types\/page"}],"author":[{"embeddable":true,"href":"https:\/\/www.flieg.fr\/index.php?rest_route=\/wp\/v2\/users\/3"}],"replies":[{"embeddable":true,"href":"https:\/\/www.flieg.fr\/index.php?rest_route=%2Fwp%2Fv2%2Fcomments&post=1593"}],"version-history":[{"count":13,"href":"https:\/\/www.flieg.fr\/index.php?rest_route=\/wp\/v2\/pages\/1593\/revisions"}],"predecessor-version":[{"id":2387,"href":"https:\/\/www.flieg.fr\/index.php?rest_route=\/wp\/v2\/pages\/1593\/revisions\/2387"}],"wp:attachment":[{"href":"https:\/\/www.flieg.fr\/index.php?rest_route=%2Fwp%2Fv2%2Fmedia&parent=1593"}],"curies":[{"name":"wp","href":"https:\/\/api.w.org\/{rel}","templated":true}]}}

Etape 4 : chemin de Saint-Jacques en Alsace : de Schiltigheim à Oberschaeffolsheim : 15 km

<ul>
<li>David nous a véhiculés de Schiltigheim au Parlement Européen.<a href="http://flieg.fr/wordpress/wp-content/uploads/2017/05/20170601_084325_001-e1496420646820.jpg"><img loading="lazy" decoding="async" class="alignleft size-medium wp-image-1612" src="http://flieg.fr/wordpress/wp-content/uploads/2017/05/20170601_084325_001-e1496420613347-169x300.jpg" alt="" width="169" height="300"></a></li>
</ul>
<p><a href="http://flieg.fr/wordpress/wp-content/uploads/2017/05/20170601_084742-e1496420498243.jpg"><img loading="lazy" decoding="async" class="alignleft size-medium wp-image-1611" src="http://flieg.fr/wordpress/wp-content/uploads/2017/05/20170601_084742-e1496420484564-300x169.jpg" alt="" width="300" height="169"></a>De là, nous nous suivons les berges pour pénétrer dans Strasbourg. &nbsp;Voila le bâtiment de Arte.</p>
<p><img loading="lazy" decoding="async" class="alignleft size-medium wp-image-1614" src="http://flieg.fr/wordpress/wp-content/uploads/2017/05/20170601_090215-300x169.jpg" alt="" width="300" height="169"><br />
A la sortie du parc des Contades, nous passons près de la synagogue.<br />
<a href="http://flieg.fr/wordpress/wp-content/uploads/2017/05/20170601_093133-e1496421340606.jpg"><br />
<img loading="lazy" decoding="async" class="alignleft size-medium wp-image-1617" src="http://flieg.fr/wordpress/wp-content/uploads/2017/05/20170601_093133-e1496421319678-169x300.jpg" alt="" width="169" height="300"></a><br />
La cathédrale est au bout du chemin.</p>
<p>Enfin&#8230; pas vraiment. En tous cas pas quand on est habillé en pèlerin. L&rsquo;habillement, passe encore, mais les sacs à dos ne passent pas. Alors nous visitons la cathédrale à tour de rôle. Mais nous obtenons facilement nos tampons.</p>
<blockquote><p>Nous partons vers la petite France. Attroupement à la maison des Tanneurs. Une classe de marmousets apprend à descendre les rapides en kayak.</p>
<p><a href="http://flieg.fr/wordpress/wp-content/uploads/2017/05/20170601_105116-e1496422218797.jpg"><img loading="lazy" decoding="async" class="alignleft size-medium wp-image-1620" src="http://flieg.fr/wordpress/wp-content/uploads/2017/05/20170601_105116-e1496422198421-169x300.jpg" alt="" width="169" height="300"></a><a href="http://flieg.fr/wordpress/wp-content/uploads/2017/05/20170601_104842-e1496422070899.jpg"><img loading="lazy" decoding="async" class="alignleft size-medium wp-image-1619" src="http://flieg.fr/wordpress/wp-content/uploads/2017/05/20170601_104842-300x169.jpg" alt="" width="300" height="169"></a><br />
A la sortie de Strasbourg, nous passons à côté de la mosquée. <a href="http://flieg.fr/wordpress/wp-content/uploads/2017/05/20170601_111900-e1496423334594.jpg"><br />
<img loading="lazy" decoding="async" class="alignleft size-medium wp-image-1624" src="http://flieg.fr/wordpress/wp-content/uploads/2017/05/20170601_111900-e1496423313568-300x169.jpg" alt="" width="300" height="169"></a>Puis nous nous éloignons lentement des rumeurs de la ville en empruntant des pistes cyclables. Un plan imprécis et des panneaux imprécis, cela donne un parcours avec de nombreuses erreurs.</p>
<p>Une fois le canal de la Bruche atteint, nous le longeons et bénéficions de la fraîcheur de l&rsquo;eau&nbsp;et de l&rsquo;ombre des frondaisons. Le canal est abandonné, ce qui lui donne un charme bucolique tout particulier.<a href="http://flieg.fr/wordpress/wp-content/uploads/2017/05/20170601_131756-e1496429975254.jpg"><img loading="lazy" decoding="async" class="alignleft size-medium wp-image-1636" src="http://flieg.fr/wordpress/wp-content/uploads/2017/05/20170601_131756-300x169.jpg" alt="" width="300" height="169"></a></p></blockquote>
<p>Finalement Strasbourg est bien derrière nous et nous arrivons à Oberschaeffolsheim dans le gîte Mey de monsieur l&rsquo;adjoint au maire. Madame son épouse nous sert un bon repas du soir.</p>

<p>David nous a véhiculés de Schiltigheim au Parlement Européen. De là, nous nous suivons les berges pour pénétrer dans Strasbourg. &nbsp;Voila le bâtiment de Arte. A la sortie du parc des Contades, nous passons près de la synagogue. La cathédrale est au bout du chemin. Enfin&#8230; pas vraiment. En tous cas pas quand on est [&hellip;]</p>
