{"id":1554,"date":"2017-05-29T18:38:03","date_gmt":"2017-05-29T17:38:03","guid":{"rendered":"http:\/\/flieg.fr\/?page_id=1554"},"modified":"2023-03-20T21:09:05","modified_gmt":"2023-03-20T20:09:05","slug":"le-chemin-de-saint-jacques-en-alsace-etape-1-de-wissembourg-a-soultz-sous-forets-15-km","status":"publish","type":"page","link":"https:\/\/www.flieg.fr\/?page_id=1554","title":{"rendered":"Etape 1: chemin de Saint-Jacques en Alsace : de Wissembourg \u00e0 Soultz-sous-For\u00eats : 15 km"},"content":{"rendered":"<p>D\u00e8s le matin, il fait chaud. Les terrasses s&rsquo;animent. Nous prenons un sympathique petit d\u00e9jeuner sur la place de l&rsquo;h\u00f4tel de ville. <em><a href=\"http:\/\/flieg.fr\/wordpress\/wp-content\/uploads\/2017\/05\/20170529_083415-e1496079244116.jpg\"><img loading=\"lazy\" decoding=\"async\" class=\"alignleft size-medium wp-image-1555\" src=\"http:\/\/flieg.fr\/wordpress\/wp-content\/uploads\/2017\/05\/20170529_083415-e1496079244116-169x300.jpg\" alt=\"\" width=\"169\" height=\"300\" srcset=\"https:\/\/www.flieg.fr\/wordpress\/wp-content\/uploads\/2017\/05\/20170529_083415-e1496079244116-169x300.jpg 169w, https:\/\/www.flieg.fr\/wordpress\/wp-content\/uploads\/2017\/05\/20170529_083415-e1496079244116.jpg 450w\" sizes=\"auto, (max-width: 169px) 100vw, 169px\" \/><\/a><\/em>Puis, direction l&rsquo;abbaye toute proche. Le pr\u00e9sident du conseil de fabrique est l\u00e0 par hasard, et il a les cl\u00e9s du bureau o\u00f9 se trouve le tampon de l&rsquo;abbaye.<a href=\"http:\/\/flieg.fr\/wordpress\/wp-content\/uploads\/2017\/05\/20170529_0922150-e1496078660178.jpg\"><img loading=\"lazy\" decoding=\"async\" class=\"alignleft size-medium wp-image-1556\" src=\"http:\/\/flieg.fr\/wordpress\/wp-content\/uploads\/2017\/05\/20170529_0922150-e1496078660178-300x168.jpg\" alt=\"\" width=\"300\" height=\"168\" srcset=\"https:\/\/www.flieg.fr\/wordpress\/wp-content\/uploads\/2017\/05\/20170529_0922150-e1496078660178-300x168.jpg 300w, https:\/\/www.flieg.fr\/wordpress\/wp-content\/uploads\/2017\/05\/20170529_0922150-e1496078660178.jpg 326w\" sizes=\"auto, (max-width: 300px) 100vw, 300px\" \/><\/a> Il nous gratifie du premier coup de tampon sur<a href=\"http:\/\/flieg.fr\/wordpress\/wp-content\/uploads\/2017\/05\/20170529_091949-e1496080186611.jpg\"><img loading=\"lazy\" decoding=\"async\" class=\"alignleft size-medium wp-image-1561\" src=\"http:\/\/flieg.fr\/wordpress\/wp-content\/uploads\/2017\/05\/20170529_091949-e1496080186611-168x300.jpg\" alt=\"\" width=\"168\" height=\"300\" srcset=\"https:\/\/www.flieg.fr\/wordpress\/wp-content\/uploads\/2017\/05\/20170529_091949-e1496080186611-168x300.jpg 168w, https:\/\/www.flieg.fr\/wordpress\/wp-content\/uploads\/2017\/05\/20170529_091949-e1496080186611.jpg 183w\" sizes=\"auto, (max-width: 168px) 100vw, 168px\" \/><\/a> notre cr\u00e9anciale.<br \/>\nNous d\u00e9couvrons maintenant cette magnifique abbaye. Un orgue &nbsp;Dubois datant de 1763! Un orgue de choeur \u00e0 console en b\u00e9ton datant de 1952! Des vitraux superbes, des fresques, <a href=\"http:\/\/flieg.fr\/wordpress\/wp-content\/uploads\/2017\/05\/20170529_093937-e1496080020677.jpg\"><img loading=\"lazy\" decoding=\"async\" class=\"alignleft size-medium wp-image-1559\" src=\"http:\/\/flieg.fr\/wordpress\/wp-content\/uploads\/2017\/05\/20170529_093937-e1496080020677-168x300.jpg\" alt=\"\" width=\"168\" height=\"300\" srcset=\"https:\/\/www.flieg.fr\/wordpress\/wp-content\/uploads\/2017\/05\/20170529_093937-e1496080020677-168x300.jpg 168w, https:\/\/www.flieg.fr\/wordpress\/wp-content\/uploads\/2017\/05\/20170529_093937-e1496080020677.jpg 183w\" sizes=\"auto, (max-width: 168px) 100vw, 168px\" \/><\/a>un clo\u00eetre. Et une coquille qui nous indique que nous sommes bien au d\u00e9but du chemin.<\/p>\n<p>Et nous voila partis sous un soleil de plomb. Il est 10h et la temp\u00e9rature atteint d\u00e9j\u00e0 26 degr\u00e9s. Le chemin serpente entre les champs de ma\u00efs et de bl\u00e9, les vergers de pommiers. Pas&nbsp;ou tr\u00e8s peu d&rsquo;ombre. Nous nous retournons pour voir une derni\u00e8re fois Wissembourg. Enfin, nous apercevons une petite for\u00eat au loin.<a href=\"http:\/\/flieg.fr\/wordpress\/wp-content\/uploads\/2017\/05\/20170529_112739-e1496086876995.jpg\"><img loading=\"lazy\" decoding=\"async\" class=\"alignleft size-medium wp-image-1564\" src=\"http:\/\/flieg.fr\/wordpress\/wp-content\/uploads\/2017\/05\/20170529_112739-e1496086862908-300x169.jpg\" alt=\"\" width=\"300\" height=\"169\"><\/a> Il \u00e9tait temps. Nos &nbsp;v\u00eatements sont tremp\u00e9s de sueur. Nous sommes \u00e9puis\u00e9s. Un filet de vent glisse entre les ramures des arbres. On boit et on reprend des forces. Mais la travers\u00e9e de la &nbsp;for\u00eat &nbsp;se termine 2 km plus loin et la carte ne nous laisse plus aucun espoir. Ce seront des espaces cultiv\u00e9s jusqu&rsquo;\u00e0 Soultz-sous-for\u00eats. <a href=\"http:\/\/flieg.fr\/wordpress\/wp-content\/uploads\/2017\/05\/20170529_122628-e1496086999580.jpg\"><img loading=\"lazy\" decoding=\"async\" class=\"alignleft size-medium wp-image-1565\" src=\"http:\/\/flieg.fr\/wordpress\/wp-content\/uploads\/2017\/05\/20170529_122628-e1496086985440-300x169.jpg\" alt=\"\" width=\"300\" height=\"169\"><\/a>Plus d&rsquo;ombre et cette temp\u00e9rature qui ne cesse de monter &nbsp;30, 31, 32, 33, 34. Nous avons trouv\u00e9 deux bancs reposoirs en chemin dont un \u00e0 l&rsquo;ombre. Il y avait aussi de l&rsquo;eau fraiche et bienvenue dans le cimeti\u00e8re de Retschwiller alors que Soultz-sous-for\u00eats \u00e9tait en vue. Et enfin \u00e0 16h, nous avons rejoint le g\u00eete communal. 8 places mais nous ne sommes que 2. Le g\u00eete est pour nous tous seuls. <a href=\"http:\/\/flieg.fr\/wordpress\/wp-content\/uploads\/2017\/05\/20170529_181100-e1496087860262.jpg\"><img loading=\"lazy\" decoding=\"async\" class=\"alignleft size-medium wp-image-1566\" src=\"http:\/\/flieg.fr\/wordpress\/wp-content\/uploads\/2017\/05\/20170529_181100-300x169.jpg\" alt=\"\" width=\"300\" height=\"169\"><\/a>L &#8217;employ\u00e9e de mairie nous y conduit, nous &nbsp;montre les \u00e9quipements, dont le frigo, o\u00f9 nous apercevons cinq &nbsp;demi bouteilles de lait. Elle remplace les &nbsp;deux bocaux de confiture presque vides par des neufs et oublie d&#8217;emmener les 2 vides. A peine avait-elle tourn\u00e9 les talons que nous avons vers\u00e9 du lait frais dans les deux bocaux presque vides. On a secou\u00e9 bien fort et on a obtenu les meilleurs lait-fraises du monde.<!--more--><\/p>\n<p>&nbsp;<\/p>\n","protected":false},"excerpt":{"rendered":"<p>D\u00e8s le matin, il fait chaud. Les terrasses s&rsquo;animent. Nous prenons un sympathique petit d\u00e9jeuner sur la place de l&rsquo;h\u00f4tel de ville. Puis, direction l&rsquo;abbaye toute proche. Le pr\u00e9sident du conseil de fabrique est l\u00e0 par hasard, et il a les cl\u00e9s du bureau o\u00f9 se trouve le tampon de l&rsquo;abbaye. Il nous gratifie du [&hellip;]<\/p>\n","protected":false},"author":3,"featured_media":0,"parent":0,"menu_order":0,"comment_status":"closed","ping_status":"closed","template":"page-templates\/full-width.php","meta":{"footnotes":""},"class_list":["post-1554","page","type-page","status-publish","hentry"],"_links":{"self":[{"href":"https:\/\/www.flieg.fr\/index.php?rest_route=\/wp\/v2\/pages\/1554","targetHints":{"allow":["GET"]}}],"collection":[{"href":"https:\/\/www.flieg.fr\/index.php?rest_route=\/wp\/v2\/pages"}],"about":[{"href":"https:\/\/www.flieg.fr\/index.php?rest_route=\/wp\/v2\/types\/page"}],"author":[{"embeddable":true,"href":"https:\/\/www.flieg.fr\/index.php?rest_route=\/wp\/v2\/users\/3"}],"replies":[{"embeddable":true,"href":"https:\/\/www.flieg.fr\/index.php?rest_route=%2Fwp%2Fv2%2Fcomments&post=1554"}],"version-history":[{"count":8,"href":"https:\/\/www.flieg.fr\/index.php?rest_route=\/wp\/v2\/pages\/1554\/revisions"}],"predecessor-version":[{"id":2382,"href":"https:\/\/www.flieg.fr\/index.php?rest_route=\/wp\/v2\/pages\/1554\/revisions\/2382"}],"wp:attachment":[{"href":"https:\/\/www.flieg.fr\/index.php?rest_route=%2Fwp%2Fv2%2Fmedia&parent=1554"}],"curies":[{"name":"wp","href":"https:\/\/api.w.org\/{rel}","templated":true}]}}

Etape 1: chemin de Saint-Jacques en Alsace : de Wissembourg à Soultz-sous-Forêts : 15 km

<p>Dès le matin, il fait chaud. Les terrasses s&rsquo;animent. Nous prenons un sympathique petit déjeuner sur la place de l&rsquo;hôtel de ville. <em><a href="http://flieg.fr/wordpress/wp-content/uploads/2017/05/20170529_083415-e1496079244116.jpg"><img loading="lazy" decoding="async" class="alignleft size-medium wp-image-1555" src="http://flieg.fr/wordpress/wp-content/uploads/2017/05/20170529_083415-e1496079244116-169x300.jpg" alt="" width="169" height="300" srcset="https://www.flieg.fr/wordpress/wp-content/uploads/2017/05/20170529_083415-e1496079244116-169x300.jpg 169w, https://www.flieg.fr/wordpress/wp-content/uploads/2017/05/20170529_083415-e1496079244116.jpg 450w" sizes="auto, (max-width: 169px) 100vw, 169px" /></a></em>Puis, direction l&rsquo;abbaye toute proche. Le président du conseil de fabrique est là par hasard, et il a les clés du bureau où se trouve le tampon de l&rsquo;abbaye.<a href="http://flieg.fr/wordpress/wp-content/uploads/2017/05/20170529_0922150-e1496078660178.jpg"><img loading="lazy" decoding="async" class="alignleft size-medium wp-image-1556" src="http://flieg.fr/wordpress/wp-content/uploads/2017/05/20170529_0922150-e1496078660178-300x168.jpg" alt="" width="300" height="168" srcset="https://www.flieg.fr/wordpress/wp-content/uploads/2017/05/20170529_0922150-e1496078660178-300x168.jpg 300w, https://www.flieg.fr/wordpress/wp-content/uploads/2017/05/20170529_0922150-e1496078660178.jpg 326w" sizes="auto, (max-width: 300px) 100vw, 300px" /></a> Il nous gratifie du premier coup de tampon sur<a href="http://flieg.fr/wordpress/wp-content/uploads/2017/05/20170529_091949-e1496080186611.jpg"><img loading="lazy" decoding="async" class="alignleft size-medium wp-image-1561" src="http://flieg.fr/wordpress/wp-content/uploads/2017/05/20170529_091949-e1496080186611-168x300.jpg" alt="" width="168" height="300" srcset="https://www.flieg.fr/wordpress/wp-content/uploads/2017/05/20170529_091949-e1496080186611-168x300.jpg 168w, https://www.flieg.fr/wordpress/wp-content/uploads/2017/05/20170529_091949-e1496080186611.jpg 183w" sizes="auto, (max-width: 168px) 100vw, 168px" /></a> notre créanciale.<br />
Nous découvrons maintenant cette magnifique abbaye. Un orgue &nbsp;Dubois datant de 1763! Un orgue de choeur à console en béton datant de 1952! Des vitraux superbes, des fresques, <a href="http://flieg.fr/wordpress/wp-content/uploads/2017/05/20170529_093937-e1496080020677.jpg"><img loading="lazy" decoding="async" class="alignleft size-medium wp-image-1559" src="http://flieg.fr/wordpress/wp-content/uploads/2017/05/20170529_093937-e1496080020677-168x300.jpg" alt="" width="168" height="300" srcset="https://www.flieg.fr/wordpress/wp-content/uploads/2017/05/20170529_093937-e1496080020677-168x300.jpg 168w, https://www.flieg.fr/wordpress/wp-content/uploads/2017/05/20170529_093937-e1496080020677.jpg 183w" sizes="auto, (max-width: 168px) 100vw, 168px" /></a>un cloître. Et une coquille qui nous indique que nous sommes bien au début du chemin.</p>
<p>Et nous voila partis sous un soleil de plomb. Il est 10h et la température atteint déjà 26 degrés. Le chemin serpente entre les champs de maïs et de blé, les vergers de pommiers. Pas&nbsp;ou très peu d&rsquo;ombre. Nous nous retournons pour voir une dernière fois Wissembourg. Enfin, nous apercevons une petite forêt au loin.<a href="http://flieg.fr/wordpress/wp-content/uploads/2017/05/20170529_112739-e1496086876995.jpg"><img loading="lazy" decoding="async" class="alignleft size-medium wp-image-1564" src="http://flieg.fr/wordpress/wp-content/uploads/2017/05/20170529_112739-e1496086862908-300x169.jpg" alt="" width="300" height="169"></a> Il était temps. Nos &nbsp;vêtements sont trempés de sueur. Nous sommes épuisés. Un filet de vent glisse entre les ramures des arbres. On boit et on reprend des forces. Mais la traversée de la &nbsp;forêt &nbsp;se termine 2 km plus loin et la carte ne nous laisse plus aucun espoir. Ce seront des espaces cultivés jusqu&rsquo;à Soultz-sous-forêts. <a href="http://flieg.fr/wordpress/wp-content/uploads/2017/05/20170529_122628-e1496086999580.jpg"><img loading="lazy" decoding="async" class="alignleft size-medium wp-image-1565" src="http://flieg.fr/wordpress/wp-content/uploads/2017/05/20170529_122628-e1496086985440-300x169.jpg" alt="" width="300" height="169"></a>Plus d&rsquo;ombre et cette température qui ne cesse de monter &nbsp;30, 31, 32, 33, 34. Nous avons trouvé deux bancs reposoirs en chemin dont un à l&rsquo;ombre. Il y avait aussi de l&rsquo;eau fraiche et bienvenue dans le cimetière de Retschwiller alors que Soultz-sous-forêts était en vue. Et enfin à 16h, nous avons rejoint le gîte communal. 8 places mais nous ne sommes que 2. Le gîte est pour nous tous seuls. <a href="http://flieg.fr/wordpress/wp-content/uploads/2017/05/20170529_181100-e1496087860262.jpg"><img loading="lazy" decoding="async" class="alignleft size-medium wp-image-1566" src="http://flieg.fr/wordpress/wp-content/uploads/2017/05/20170529_181100-300x169.jpg" alt="" width="300" height="169"></a>L &#8217;employée de mairie nous y conduit, nous &nbsp;montre les équipements, dont le frigo, où nous apercevons cinq &nbsp;demi bouteilles de lait. Elle remplace les &nbsp;deux bocaux de confiture presque vides par des neufs et oublie d&#8217;emmener les 2 vides. A peine avait-elle tourné les talons que nous avons versé du lait frais dans les deux bocaux presque vides. On a secoué bien fort et on a obtenu les meilleurs lait-fraises du monde.<!--more--></p>
<p>&nbsp;</p>

<p>Dès le matin, il fait chaud. Les terrasses s&rsquo;animent. Nous prenons un sympathique petit déjeuner sur la place de l&rsquo;hôtel de ville. Puis, direction l&rsquo;abbaye toute proche. Le président du conseil de fabrique est là par hasard, et il a les clés du bureau où se trouve le tampon de l&rsquo;abbaye. Il nous gratifie du [&hellip;]</p>
